{"id":24113,"date":"2025-08-01T17:55:14","date_gmt":"2025-08-01T15:55:14","guid":{"rendered":"https:\/\/uj.adatbank.ro\/lexikon\/termek\/varadi-szocs-jozsef\/"},"modified":"2025-08-01T17:55:14","modified_gmt":"2025-08-01T15:55:14","slug":"varadi-szocs-jozsef","status":"publish","type":"product","link":"https:\/\/uj.adatbank.ro\/lexikon\/termek\/varadi-szocs-jozsef\/","title":{"rendered":"V\u00c1RADI SZ\u0150CS J\u00f3zsef"},"content":{"rendered":"<p>? \u2020\u00a0?: tan\u00edt\u00f3. \u2013 Sz\u00e9kelycs\u00f3k\u00e1ban tan\u00edtott (1803\u201308). Tev\u00e9kenys\u00e9ge idej\u00e9n \u00e9p\u00fclt k\u00f6zadakoz\u00e1sb\u00f3l \u00e9s k\u00f6zmunk\u00e1val a faluban ma is \u00e1ll\u00f3 kazett\u00e1s mennyezet\u0171 ref. templom (1800\u20131804, felszentelt\u00e9k: 1804. j\u00fal. 27.). L\u00e9vita Demeterfalv\u00e1n (1826\u201329). <br \/><strong>\u2013 Irod.:<\/strong> Imreh B.; Sz\u00e9kelycs\u00f3ka.<\/br><\/p>\n","protected":false},"excerpt":{"rendered":"<p>? \u2020\u00a0?: tan\u00edt\u00f3. \u2013 Sz\u00e9kelycs\u00f3k\u00e1ban tan\u00edtott (1803\u201308). Tev\u00e9kenys\u00e9ge idej\u00e9n \u00e9p\u00fclt k\u00f6zadakoz\u00e1sb\u00f3l \u00e9s k\u00f6zmunk\u00e1val a faluban ma is \u00e1ll\u00f3 kazett\u00e1s mennyezet\u0171 ref. templom (1800\u20131804, felszentelt\u00e9k: 1804. j\u00fal. 27.). L\u00e9vita Demeterfalv\u00e1n (1826\u201329). \u2013 Irod.: Imreh B.; Sz\u00e9kelycs\u00f3ka.<\/p>\n","protected":false},"featured_media":0,"comment_status":"open","ping_status":"closed","template":"","meta":[],"product_brand":[],"product_cat":[137],"product_tag":[],"class_list":{"0":"post-24113","1":"product","2":"type-product","3":"status-publish","5":"product_cat-maros-megyei-eletrajzi-lexikon","7":"first","8":"instock","9":"shipping-taxable","10":"product-type-simple"},"_links":{"self":[{"href":"https:\/\/uj.adatbank.ro\/lexikon\/wp-json\/wp\/v2\/product\/24113","targetHints":{"allow":["GET"]}}],"collection":[{"href":"https:\/\/uj.adatbank.ro\/lexikon\/wp-json\/wp\/v2\/product"}],"about":[{"href":"https:\/\/uj.adatbank.ro\/lexikon\/wp-json\/wp\/v2\/types\/product"}],"replies":[{"embeddable":true,"href":"https:\/\/uj.adatbank.ro\/lexikon\/wp-json\/wp\/v2\/comments?post=24113"}],"wp:attachment":[{"href":"https:\/\/uj.adatbank.ro\/lexikon\/wp-json\/wp\/v2\/media?parent=24113"}],"wp:term":[{"taxonomy":"product_brand","embeddable":true,"href":"https:\/\/uj.adatbank.ro\/lexikon\/wp-json\/wp\/v2\/product_brand?post=24113"},{"taxonomy":"product_cat","embeddable":true,"href":"https:\/\/uj.adatbank.ro\/lexikon\/wp-json\/wp\/v2\/product_cat?post=24113"},{"taxonomy":"product_tag","embeddable":true,"href":"https:\/\/uj.adatbank.ro\/lexikon\/wp-json\/wp\/v2\/product_tag?post=24113"}],"curies":[{"name":"wp","href":"https:\/\/api.w.org\/{rel}","templated":true}]}}