{"id":24127,"date":"2025-08-01T17:55:43","date_gmt":"2025-08-01T15:55:43","guid":{"rendered":"https:\/\/uj.adatbank.ro\/lexikon\/termek\/varaljai-istvan\/"},"modified":"2025-08-01T17:55:43","modified_gmt":"2025-08-01T15:55:43","slug":"varaljai-istvan","status":"publish","type":"product","link":"https:\/\/uj.adatbank.ro\/lexikon\/termek\/varaljai-istvan\/","title":{"rendered":"V\u00c1RALJAI Istv\u00e1n"},"content":{"rendered":"<p>? \u2020 Rava, 1789.: unit. lelk\u00e9sz. \u2013 Rav\u00e1ban volt lelk\u00e9sz (1743\u201389). Neve egy p\u00fcsp\u00f6ki vizsg\u00e1lat jegyz\u0151k\u00f6nyv\u00e9ben fordul el\u0151 el\u0151sz\u00f6r, teh\u00e1t lehets\u00e9ges, h. m\u00e1r azel\u0151tt is ott szolg\u00e1lt. Nagy tekint\u00e9ly\u0171 \u00e9s tud\u00e1s\u00fa ember, egyh\u00e1zi jegyz\u0151, majd esperes. Megkezdte a jegyz\u0151- \u00e9s anyak\u00f6nyv vezet\u00e9s\u00e9t Rav\u00e1ban. \u00d6ssze\u00edrta az egyh\u00e1z \u00f6sszes ing\u00f3 \u00e9s ingatlan javait (Matrix c.-en). <br \/><strong>\u2013 Irod.:<\/strong> Rava.<\/br><\/p>\n","protected":false},"excerpt":{"rendered":"<p>? \u2020 Rava, 1789.: unit. lelk\u00e9sz. \u2013 Rav\u00e1ban volt lelk\u00e9sz (1743\u201389). Neve egy p\u00fcsp\u00f6ki vizsg\u00e1lat jegyz\u0151k\u00f6nyv\u00e9ben fordul el\u0151 el\u0151sz\u00f6r, teh\u00e1t lehets\u00e9ges, h. m\u00e1r azel\u0151tt is ott szolg\u00e1lt. Nagy tekint\u00e9ly\u0171 \u00e9s tud\u00e1s\u00fa ember, egyh\u00e1zi jegyz\u0151, majd esperes. Megkezdte a jegyz\u0151- \u00e9s anyak\u00f6nyv vezet\u00e9s\u00e9t Rav\u00e1ban. \u00d6ssze\u00edrta az egyh\u00e1z \u00f6sszes ing\u00f3 \u00e9s ingatlan javait (Matrix c.-en). \u2013 Irod.: [&hellip;]<\/p>\n","protected":false},"featured_media":0,"comment_status":"open","ping_status":"closed","template":"","meta":[],"product_brand":[],"product_cat":[137],"product_tag":[],"class_list":{"0":"post-24127","1":"product","2":"type-product","3":"status-publish","5":"product_cat-maros-megyei-eletrajzi-lexikon","7":"first","8":"instock","9":"shipping-taxable","10":"product-type-simple"},"_links":{"self":[{"href":"https:\/\/uj.adatbank.ro\/lexikon\/wp-json\/wp\/v2\/product\/24127","targetHints":{"allow":["GET"]}}],"collection":[{"href":"https:\/\/uj.adatbank.ro\/lexikon\/wp-json\/wp\/v2\/product"}],"about":[{"href":"https:\/\/uj.adatbank.ro\/lexikon\/wp-json\/wp\/v2\/types\/product"}],"replies":[{"embeddable":true,"href":"https:\/\/uj.adatbank.ro\/lexikon\/wp-json\/wp\/v2\/comments?post=24127"}],"wp:attachment":[{"href":"https:\/\/uj.adatbank.ro\/lexikon\/wp-json\/wp\/v2\/media?parent=24127"}],"wp:term":[{"taxonomy":"product_brand","embeddable":true,"href":"https:\/\/uj.adatbank.ro\/lexikon\/wp-json\/wp\/v2\/product_brand?post=24127"},{"taxonomy":"product_cat","embeddable":true,"href":"https:\/\/uj.adatbank.ro\/lexikon\/wp-json\/wp\/v2\/product_cat?post=24127"},{"taxonomy":"product_tag","embeddable":true,"href":"https:\/\/uj.adatbank.ro\/lexikon\/wp-json\/wp\/v2\/product_tag?post=24127"}],"curies":[{"name":"wp","href":"https:\/\/api.w.org\/{rel}","templated":true}]}}