{"id":24129,"date":"2025-08-01T17:55:46","date_gmt":"2025-08-01T15:55:46","guid":{"rendered":"https:\/\/uj.adatbank.ro\/lexikon\/termek\/varbeli-istvan\/"},"modified":"2025-08-01T17:55:46","modified_gmt":"2025-08-01T15:55:46","slug":"varbeli-istvan","status":"publish","type":"product","link":"https:\/\/uj.adatbank.ro\/lexikon\/termek\/varbeli-istvan\/","title":{"rendered":"V\u00c1RBELI Istv\u00e1n"},"content":{"rendered":"<p>Mv., 1912. dec. 31., \u2020 Mv., 1998. dec. 17.: r. k. pap, majd ref. lelk\u00e9sz. \u2013 Elemi iskol\u00e1t a Ref. Koll.-ban v\u00e9gezte. R\u00e1cz Vince kat. k\u00e1pl\u00e1n hat\u00e1s\u00e1ra katolikus vall\u00e1sra t\u00e9rt \u00e1t, \u00e9s elv\u00e9gezte a gyulafeh\u00e9rv\u00e1ri r. k.. teol\u00f3gi\u00e1t, papp\u00e1 szentelt\u00e9k (1936. \u00e1pr. 11.). K\u00e1pl\u00e1ni \u00e9s hitoktat\u00f3i szolg\u00e1latot v\u00e9gzett Cs\u00edkszentm\u00e1rtonban, Gyergy\u00f3ditr\u00f3ban, Tord\u00e1n, Gyergy\u00f3szentmikl\u00f3son, Cs\u00edkszered\u00e1ban, Sz\u00e9kelyudvarhelyen \u00e9s Kv.-on. Megismerve a katolikus egyh\u00e1zi \u00e9letet ki\u00e1br\u00e1ndult abb\u00f3l, \u00e9s t\u00e1bori lelk\u00e9sz kor\u00e1ban (1943), felf\u00fcggesztve (1946). Visszat\u00e9rt a ref. vall\u00e1sra. Kv.-on ref. lelk\u00e9szi oklevelet szerzett. Els\u0151 szolg\u00e1lati helye Kecsed (Hargita), majd Gyulakut\u00e1ra ker\u00fclt (1945 m\u00e1j. 1.), ahol 38 \u00e9vig szolg\u00e1lt. A romokban \u00e1ll\u00f3 egyh\u00e1zi \u00e9p\u00fcleteket rendbe tette, a lelki \u00e9p\u00edt\u0151munk\u00e1t is eredm\u00e9nyesen v\u00e9gezte. Nyugd\u00edjas \u00e9veit Mv.-en t\u00f6lt\u00f6tte hal\u00e1l\u00e1ig. <br \/><strong>\u2013 Irod.:<\/strong> Ferenczi S\u00e1ndor 2009; Gyulakuta \u00e9s egyh\u00e1za; [Nekrol\u00f3g] (N\u00fa., 1998. dec. 18.).<\/br><\/p>\n","protected":false},"excerpt":{"rendered":"<p>Mv., 1912. dec. 31., \u2020 Mv., 1998. dec. 17.: r. k. pap, majd ref. lelk\u00e9sz. \u2013 Elemi iskol\u00e1t a Ref. Koll.-ban v\u00e9gezte. R\u00e1cz Vince kat. k\u00e1pl\u00e1n hat\u00e1s\u00e1ra katolikus vall\u00e1sra t\u00e9rt \u00e1t, \u00e9s elv\u00e9gezte a gyulafeh\u00e9rv\u00e1ri r. k.. teol\u00f3gi\u00e1t, papp\u00e1 szentelt\u00e9k (1936. \u00e1pr. 11.). K\u00e1pl\u00e1ni \u00e9s hitoktat\u00f3i szolg\u00e1latot v\u00e9gzett Cs\u00edkszentm\u00e1rtonban, Gyergy\u00f3ditr\u00f3ban, Tord\u00e1n, Gyergy\u00f3szentmikl\u00f3son, Cs\u00edkszered\u00e1ban, Sz\u00e9kelyudvarhelyen \u00e9s [&hellip;]<\/p>\n","protected":false},"featured_media":0,"comment_status":"open","ping_status":"closed","template":"","meta":[],"product_brand":[],"product_cat":[137],"product_tag":[],"class_list":{"0":"post-24129","1":"product","2":"type-product","3":"status-publish","5":"product_cat-maros-megyei-eletrajzi-lexikon","7":"first","8":"instock","9":"shipping-taxable","10":"product-type-simple"},"_links":{"self":[{"href":"https:\/\/uj.adatbank.ro\/lexikon\/wp-json\/wp\/v2\/product\/24129","targetHints":{"allow":["GET"]}}],"collection":[{"href":"https:\/\/uj.adatbank.ro\/lexikon\/wp-json\/wp\/v2\/product"}],"about":[{"href":"https:\/\/uj.adatbank.ro\/lexikon\/wp-json\/wp\/v2\/types\/product"}],"replies":[{"embeddable":true,"href":"https:\/\/uj.adatbank.ro\/lexikon\/wp-json\/wp\/v2\/comments?post=24129"}],"wp:attachment":[{"href":"https:\/\/uj.adatbank.ro\/lexikon\/wp-json\/wp\/v2\/media?parent=24129"}],"wp:term":[{"taxonomy":"product_brand","embeddable":true,"href":"https:\/\/uj.adatbank.ro\/lexikon\/wp-json\/wp\/v2\/product_brand?post=24129"},{"taxonomy":"product_cat","embeddable":true,"href":"https:\/\/uj.adatbank.ro\/lexikon\/wp-json\/wp\/v2\/product_cat?post=24129"},{"taxonomy":"product_tag","embeddable":true,"href":"https:\/\/uj.adatbank.ro\/lexikon\/wp-json\/wp\/v2\/product_tag?post=24129"}],"curies":[{"name":"wp","href":"https:\/\/api.w.org\/{rel}","templated":true}]}}