{"id":24131,"date":"2025-08-01T17:55:49","date_gmt":"2025-08-01T15:55:49","guid":{"rendered":"https:\/\/uj.adatbank.ro\/lexikon\/termek\/vardo-elek\/"},"modified":"2025-08-01T17:55:49","modified_gmt":"2025-08-01T15:55:49","slug":"vardo-elek","status":"publish","type":"product","link":"https:\/\/uj.adatbank.ro\/lexikon\/termek\/vardo-elek\/","title":{"rendered":"V\u00c1RD\u00d3 Elek"},"content":{"rendered":"<p>Nagyernye, 1769. \u2020 Nagyernye, 1812.: tan\u00edt\u00f3. \u2013 A sz\u00fcl\u0151faluj\u00e1ban tan\u00edtott hal\u00e1l\u00e1ig (1793\u20131812), ahol az iskola\u00e9p\u00fclet (\u00e9p\u00fclt a Ka\u00e1li J\u00e1nos adom\u00e1nyozta telken, 1702) akkor nagyon rossz \u00e1llapotban volt, \u00e9s a mesteri lak\u00e1s szint\u00e9n. A tan\u00edt\u00e1s mellett harangoz\u00f3 \u00e9s \u00e9nekvez\u00e9r is volt, s\u0151t n\u00e9ha a papot is kellett helyettes\u00edtenie. Mester Mez\u0151cs\u00e1v\u00e1son (1793\u20131795) Gyulakut\u00e1n (1797\u201398). L\u00e9vita G\u00f6csben (1799\u20131801). <br \/><strong>\u2013 Irod.:<\/strong> Imreh B.; Nagyernye.<\/br><\/p>\n","protected":false},"excerpt":{"rendered":"<p>Nagyernye, 1769. \u2020 Nagyernye, 1812.: tan\u00edt\u00f3. \u2013 A sz\u00fcl\u0151faluj\u00e1ban tan\u00edtott hal\u00e1l\u00e1ig (1793\u20131812), ahol az iskola\u00e9p\u00fclet (\u00e9p\u00fclt a Ka\u00e1li J\u00e1nos adom\u00e1nyozta telken, 1702) akkor nagyon rossz \u00e1llapotban volt, \u00e9s a mesteri lak\u00e1s szint\u00e9n. A tan\u00edt\u00e1s mellett harangoz\u00f3 \u00e9s \u00e9nekvez\u00e9r is volt, s\u0151t n\u00e9ha a papot is kellett helyettes\u00edtenie. Mester Mez\u0151cs\u00e1v\u00e1son (1793\u20131795) Gyulakut\u00e1n (1797\u201398). L\u00e9vita G\u00f6csben (1799\u20131801). [&hellip;]<\/p>\n","protected":false},"featured_media":0,"comment_status":"open","ping_status":"closed","template":"","meta":[],"product_brand":[],"product_cat":[137],"product_tag":[],"class_list":{"0":"post-24131","1":"product","2":"type-product","3":"status-publish","5":"product_cat-maros-megyei-eletrajzi-lexikon","7":"first","8":"instock","9":"shipping-taxable","10":"product-type-simple"},"_links":{"self":[{"href":"https:\/\/uj.adatbank.ro\/lexikon\/wp-json\/wp\/v2\/product\/24131","targetHints":{"allow":["GET"]}}],"collection":[{"href":"https:\/\/uj.adatbank.ro\/lexikon\/wp-json\/wp\/v2\/product"}],"about":[{"href":"https:\/\/uj.adatbank.ro\/lexikon\/wp-json\/wp\/v2\/types\/product"}],"replies":[{"embeddable":true,"href":"https:\/\/uj.adatbank.ro\/lexikon\/wp-json\/wp\/v2\/comments?post=24131"}],"wp:attachment":[{"href":"https:\/\/uj.adatbank.ro\/lexikon\/wp-json\/wp\/v2\/media?parent=24131"}],"wp:term":[{"taxonomy":"product_brand","embeddable":true,"href":"https:\/\/uj.adatbank.ro\/lexikon\/wp-json\/wp\/v2\/product_brand?post=24131"},{"taxonomy":"product_cat","embeddable":true,"href":"https:\/\/uj.adatbank.ro\/lexikon\/wp-json\/wp\/v2\/product_cat?post=24131"},{"taxonomy":"product_tag","embeddable":true,"href":"https:\/\/uj.adatbank.ro\/lexikon\/wp-json\/wp\/v2\/product_tag?post=24131"}],"curies":[{"name":"wp","href":"https:\/\/api.w.org\/{rel}","templated":true}]}}

VÁRDÓ Elek

<p>Nagyernye, 1769. † Nagyernye, 1812.: tanító. – A szülőfalujában tanított haláláig (1793–1812), ahol az iskolaépület (épült a Kaáli János adományozta telken, 1702) akkor nagyon rossz állapotban volt, és a mesteri lakás szintén. A tanítás mellett harangozó és énekvezér is volt, sőt néha a papot is kellett helyettesítenie. Mester Mezőcsáváson (1793–1795) Gyulakután (1797–98). Lévita Göcsben (1799–1801). <br /><strong>– Irod.:</strong> Imreh B.; Nagyernye.</br></p>

<p>Nagyernye, 1769. † Nagyernye, 1812.: tanító. – A szülőfalujában tanított haláláig (1793–1812), ahol az iskolaépület (épült a Kaáli János adományozta telken, 1702) akkor nagyon rossz állapotban volt, és a mesteri lakás szintén. A tanítás mellett harangozó és énekvezér is volt, sőt néha a papot is kellett helyettesítenie. Mester Mezőcsáváson (1793–1795) Gyulakután (1797–98). Lévita Göcsben (1799–1801). [&hellip;]</p>
