{"id":24132,"date":"2025-08-01T17:55:51","date_gmt":"2025-08-01T15:55:51","guid":{"rendered":"https:\/\/uj.adatbank.ro\/lexikon\/termek\/vardo-samuel\/"},"modified":"2025-08-01T17:55:51","modified_gmt":"2025-08-01T15:55:51","slug":"vardo-samuel","status":"publish","type":"product","link":"https:\/\/uj.adatbank.ro\/lexikon\/termek\/vardo-samuel\/","title":{"rendered":"V\u00c1RD\u00d3 S\u00e1muel"},"content":{"rendered":"<p>? \u2020 Nagyernye, 1777.: ref. lelk\u00e9sz. \u2013 Feles\u00e9ge: Vas Erzs\u00e9bet. Fiuk: Elek. A mv.-i Ref. Koll.-ban tanult \u00e9s tan\u00edtott is (praeceptora \u00e9s asszesszora). Erny\u00e9ben 27 \u00e9vig szolg\u00e1lt (1750\u201377). A nagyernyei ref. egyh\u00e1z igazi megteremt\u0151je, meger\u0151s\u00edt\u0151je. Nagy feladatokat kellett megoldania, hiszen a falut nagy csap\u00e1s \u00e9rte: egy cig\u00e1ny-kov\u00e1csm\u0171helyben nagy t\u0171z \u00fct\u00f6tt ki, amely \u00e1tterjedt a par\u00f3ki\u00e1ra, a mesteri \u00e9s 18 h\u00e1z\u00e1ra, f\u00f6ldig le\u00e9getve azokat (1768. \u00e1pr. 22.). Anyagiakkal nem rendelkezv\u00e9n, esperesi enged\u00e9llyel k\u00e9reget\u0151 k\u00f6r\u00fatra indultak az erd\u00e9lyi falvakba \u00e9s v\u00e1rosokba. A begy\u0171lt p\u00e9nzb\u0151l fel\u00e9p\u00edtettek egy templomot. <br \/><strong>\u2013 Irod.:<\/strong> Nagyernye.<\/br><\/p>\n","protected":false},"excerpt":{"rendered":"<p>? \u2020 Nagyernye, 1777.: ref. lelk\u00e9sz. \u2013 Feles\u00e9ge: Vas Erzs\u00e9bet. Fiuk: Elek. A mv.-i Ref. Koll.-ban tanult \u00e9s tan\u00edtott is (praeceptora \u00e9s asszesszora). Erny\u00e9ben 27 \u00e9vig szolg\u00e1lt (1750\u201377). A nagyernyei ref. egyh\u00e1z igazi megteremt\u0151je, meger\u0151s\u00edt\u0151je. Nagy feladatokat kellett megoldania, hiszen a falut nagy csap\u00e1s \u00e9rte: egy cig\u00e1ny-kov\u00e1csm\u0171helyben nagy t\u0171z \u00fct\u00f6tt ki, amely \u00e1tterjedt a par\u00f3ki\u00e1ra, [&hellip;]<\/p>\n","protected":false},"featured_media":0,"comment_status":"open","ping_status":"closed","template":"","meta":[],"product_brand":[],"product_cat":[137],"product_tag":[],"class_list":{"0":"post-24132","1":"product","2":"type-product","3":"status-publish","5":"product_cat-maros-megyei-eletrajzi-lexikon","7":"first","8":"instock","9":"shipping-taxable","10":"product-type-simple"},"_links":{"self":[{"href":"https:\/\/uj.adatbank.ro\/lexikon\/wp-json\/wp\/v2\/product\/24132","targetHints":{"allow":["GET"]}}],"collection":[{"href":"https:\/\/uj.adatbank.ro\/lexikon\/wp-json\/wp\/v2\/product"}],"about":[{"href":"https:\/\/uj.adatbank.ro\/lexikon\/wp-json\/wp\/v2\/types\/product"}],"replies":[{"embeddable":true,"href":"https:\/\/uj.adatbank.ro\/lexikon\/wp-json\/wp\/v2\/comments?post=24132"}],"wp:attachment":[{"href":"https:\/\/uj.adatbank.ro\/lexikon\/wp-json\/wp\/v2\/media?parent=24132"}],"wp:term":[{"taxonomy":"product_brand","embeddable":true,"href":"https:\/\/uj.adatbank.ro\/lexikon\/wp-json\/wp\/v2\/product_brand?post=24132"},{"taxonomy":"product_cat","embeddable":true,"href":"https:\/\/uj.adatbank.ro\/lexikon\/wp-json\/wp\/v2\/product_cat?post=24132"},{"taxonomy":"product_tag","embeddable":true,"href":"https:\/\/uj.adatbank.ro\/lexikon\/wp-json\/wp\/v2\/product_tag?post=24132"}],"curies":[{"name":"wp","href":"https:\/\/api.w.org\/{rel}","templated":true}]}}

VÁRDÓ Sámuel

<p>? † Nagyernye, 1777.: ref. lelkész. – Felesége: Vas Erzsébet. Fiuk: Elek. A mv.-i Ref. Koll.-ban tanult és tanított is (praeceptora és asszesszora). Ernyében 27 évig szolgált (1750–77). A nagyernyei ref. egyház igazi megteremtője, megerősítője. Nagy feladatokat kellett megoldania, hiszen a falut nagy csapás érte: egy cigány-kovácsműhelyben nagy tűz ütött ki, amely átterjedt a parókiára, a mesteri és 18 házára, földig leégetve azokat (1768. ápr. 22.). Anyagiakkal nem rendelkezvén, esperesi engedéllyel kéregető körútra indultak az erdélyi falvakba és városokba. A begyűlt pénzből felépítettek egy templomot. <br /><strong>– Irod.:</strong> Nagyernye.</br></p>

<p>? † Nagyernye, 1777.: ref. lelkész. – Felesége: Vas Erzsébet. Fiuk: Elek. A mv.-i Ref. Koll.-ban tanult és tanított is (praeceptora és asszesszora). Ernyében 27 évig szolgált (1750–77). A nagyernyei ref. egyház igazi megteremtője, megerősítője. Nagy feladatokat kellett megoldania, hiszen a falut nagy csapás érte: egy cigány-kovácsműhelyben nagy tűz ütött ki, amely átterjedt a parókiára, [&hellip;]</p>
