{"id":24134,"date":"2025-08-01T17:55:54","date_gmt":"2025-08-01T15:55:54","guid":{"rendered":"https:\/\/uj.adatbank.ro\/lexikon\/termek\/varfalvi-janos-orkei\/"},"modified":"2025-08-01T17:55:54","modified_gmt":"2025-08-01T15:55:54","slug":"varfalvi-janos-orkei","status":"publish","type":"product","link":"https:\/\/uj.adatbank.ro\/lexikon\/termek\/varfalvi-janos-orkei\/","title":{"rendered":"V\u00c1RFALVI J\u00e1nos, \u0151rkei"},"content":{"rendered":"<p>? \u2020\u00a0? 1603 ut\u00e1n: birtokos. \u2013 Testv\u00e9re: V. Gergely, kinek le\u00e1nyai: Ilka, Annok. Feles\u00e9ge: 1. Radak Anna, 2. Fodor Kata. Fia: Boldizs\u00e1r, le\u00e1nyai Borb\u00e1la, Erzs\u00e9bet. H\u00e1za volt Kv-on, V\u00e1rfal\u00e1n. V\u00e9grendelet\u00e9ben (1603. szept. 13.) Fodor Kata feles\u00e9g\u00e9re \u00e9s \u00e1rv\u00e1n maradt unok\u00e1ira Borb\u00e1la \u00e9s Erzs\u00e9betre hagyta az Aranyossz\u00e9k, K\u00fck\u00fcll\u0151 \u00e9s Torda vm.-ben l\u00e9v\u0151 birtokait \u00e9s a v\u00e1rfalvi udvarh\u00e1z\u00e1t. <br \/><strong>\u2013 Irod.:<\/strong> Erd\u00e9lyi testamentumok, 3.<\/br><\/p>\n","protected":false},"excerpt":{"rendered":"<p>? \u2020\u00a0? 1603 ut\u00e1n: birtokos. \u2013 Testv\u00e9re: V. Gergely, kinek le\u00e1nyai: Ilka, Annok. Feles\u00e9ge: 1. Radak Anna, 2. Fodor Kata. Fia: Boldizs\u00e1r, le\u00e1nyai Borb\u00e1la, Erzs\u00e9bet. H\u00e1za volt Kv-on, V\u00e1rfal\u00e1n. V\u00e9grendelet\u00e9ben (1603. szept. 13.) Fodor Kata feles\u00e9g\u00e9re \u00e9s \u00e1rv\u00e1n maradt unok\u00e1ira Borb\u00e1la \u00e9s Erzs\u00e9betre hagyta az Aranyossz\u00e9k, K\u00fck\u00fcll\u0151 \u00e9s Torda vm.-ben l\u00e9v\u0151 birtokait \u00e9s a v\u00e1rfalvi [&hellip;]<\/p>\n","protected":false},"featured_media":0,"comment_status":"open","ping_status":"closed","template":"","meta":[],"product_brand":[],"product_cat":[137],"product_tag":[],"class_list":{"0":"post-24134","1":"product","2":"type-product","3":"status-publish","5":"product_cat-maros-megyei-eletrajzi-lexikon","7":"first","8":"instock","9":"shipping-taxable","10":"product-type-simple"},"_links":{"self":[{"href":"https:\/\/uj.adatbank.ro\/lexikon\/wp-json\/wp\/v2\/product\/24134","targetHints":{"allow":["GET"]}}],"collection":[{"href":"https:\/\/uj.adatbank.ro\/lexikon\/wp-json\/wp\/v2\/product"}],"about":[{"href":"https:\/\/uj.adatbank.ro\/lexikon\/wp-json\/wp\/v2\/types\/product"}],"replies":[{"embeddable":true,"href":"https:\/\/uj.adatbank.ro\/lexikon\/wp-json\/wp\/v2\/comments?post=24134"}],"wp:attachment":[{"href":"https:\/\/uj.adatbank.ro\/lexikon\/wp-json\/wp\/v2\/media?parent=24134"}],"wp:term":[{"taxonomy":"product_brand","embeddable":true,"href":"https:\/\/uj.adatbank.ro\/lexikon\/wp-json\/wp\/v2\/product_brand?post=24134"},{"taxonomy":"product_cat","embeddable":true,"href":"https:\/\/uj.adatbank.ro\/lexikon\/wp-json\/wp\/v2\/product_cat?post=24134"},{"taxonomy":"product_tag","embeddable":true,"href":"https:\/\/uj.adatbank.ro\/lexikon\/wp-json\/wp\/v2\/product_tag?post=24134"}],"curies":[{"name":"wp","href":"https:\/\/api.w.org\/{rel}","templated":true}]}}

VÁRFALVI János, őrkei

<p>? † ? 1603 után: birtokos. – Testvére: V. Gergely, kinek leányai: Ilka, Annok. Felesége: 1. Radak Anna, 2. Fodor Kata. Fia: Boldizsár, leányai Borbála, Erzsébet. Háza volt Kv-on, Várfalán. Végrendeletében (1603. szept. 13.) Fodor Kata feleségére és árván maradt unokáira Borbála és Erzsébetre hagyta az Aranyosszék, Küküllő és Torda vm.-ben lévő birtokait és a várfalvi udvarházát. <br /><strong>– Irod.:</strong> Erdélyi testamentumok, 3.</br></p>

<p>? † ? 1603 után: birtokos. – Testvére: V. Gergely, kinek leányai: Ilka, Annok. Felesége: 1. Radak Anna, 2. Fodor Kata. Fia: Boldizsár, leányai Borbála, Erzsébet. Háza volt Kv-on, Várfalán. Végrendeletében (1603. szept. 13.) Fodor Kata feleségére és árván maradt unokáira Borbála és Erzsébetre hagyta az Aranyosszék, Küküllő és Torda vm.-ben lévő birtokait és a várfalvi [&hellip;]</p>
