{"id":24142,"date":"2025-08-01T17:56:14","date_gmt":"2025-08-01T15:56:14","guid":{"rendered":"https:\/\/uj.adatbank.ro\/lexikon\/termek\/varga-aron-kibedi\/"},"modified":"2025-08-01T17:56:14","modified_gmt":"2025-08-01T15:56:14","slug":"varga-aron-kibedi","status":"publish","type":"product","link":"https:\/\/uj.adatbank.ro\/lexikon\/termek\/varga-aron-kibedi\/","title":{"rendered":"VARGA \u00c1ron, kib\u00e9di"},"content":{"rendered":"<p>? \u2020 ? 1897.: l\u00e9vita. \u2013 Gyermekei: G\u00e1bor, Lina, Am\u00e1lia \u00e9s a l\u00e9vita Lajos. \u00c1kosfalv\u00e1n h\u00e9tk\u00f6znap tan\u00edtott, vas\u00e1rnap a ref. istentiszteletet vezette. Mint Kossuth-husz\u00e1r \u0151rmester vett r\u00e9szt a forradalomban (1848). <br \/><strong>\u2013 Irod.:<\/strong> P\u00e1lmay.<\/br><\/p>\n","protected":false},"excerpt":{"rendered":"<p>? \u2020 ? 1897.: l\u00e9vita. \u2013 Gyermekei: G\u00e1bor, Lina, Am\u00e1lia \u00e9s a l\u00e9vita Lajos. \u00c1kosfalv\u00e1n h\u00e9tk\u00f6znap tan\u00edtott, vas\u00e1rnap a ref. istentiszteletet vezette. Mint Kossuth-husz\u00e1r \u0151rmester vett r\u00e9szt a forradalomban (1848). \u2013 Irod.: P\u00e1lmay.<\/p>\n","protected":false},"featured_media":0,"comment_status":"open","ping_status":"closed","template":"","meta":[],"product_brand":[],"product_cat":[137],"product_tag":[],"class_list":{"0":"post-24142","1":"product","2":"type-product","3":"status-publish","5":"product_cat-maros-megyei-eletrajzi-lexikon","7":"first","8":"instock","9":"shipping-taxable","10":"product-type-simple"},"_links":{"self":[{"href":"https:\/\/uj.adatbank.ro\/lexikon\/wp-json\/wp\/v2\/product\/24142","targetHints":{"allow":["GET"]}}],"collection":[{"href":"https:\/\/uj.adatbank.ro\/lexikon\/wp-json\/wp\/v2\/product"}],"about":[{"href":"https:\/\/uj.adatbank.ro\/lexikon\/wp-json\/wp\/v2\/types\/product"}],"replies":[{"embeddable":true,"href":"https:\/\/uj.adatbank.ro\/lexikon\/wp-json\/wp\/v2\/comments?post=24142"}],"wp:attachment":[{"href":"https:\/\/uj.adatbank.ro\/lexikon\/wp-json\/wp\/v2\/media?parent=24142"}],"wp:term":[{"taxonomy":"product_brand","embeddable":true,"href":"https:\/\/uj.adatbank.ro\/lexikon\/wp-json\/wp\/v2\/product_brand?post=24142"},{"taxonomy":"product_cat","embeddable":true,"href":"https:\/\/uj.adatbank.ro\/lexikon\/wp-json\/wp\/v2\/product_cat?post=24142"},{"taxonomy":"product_tag","embeddable":true,"href":"https:\/\/uj.adatbank.ro\/lexikon\/wp-json\/wp\/v2\/product_tag?post=24142"}],"curies":[{"name":"wp","href":"https:\/\/api.w.org\/{rel}","templated":true}]}}