{"id":24143,"date":"2025-08-01T17:56:17","date_gmt":"2025-08-01T15:56:17","guid":{"rendered":"https:\/\/uj.adatbank.ro\/lexikon\/termek\/varga-benjamin\/"},"modified":"2025-08-01T17:56:17","modified_gmt":"2025-08-01T15:56:17","slug":"varga-benjamin","status":"publish","type":"product","link":"https:\/\/uj.adatbank.ro\/lexikon\/termek\/varga-benjamin\/","title":{"rendered":"VARGA Benj\u00e1min"},"content":{"rendered":"<p>Petrozs\u00e9ny, 1911. okt. 7. \u2020 Mv., 2006. jan. ?: f\u00e9nyk\u00e9p\u00e9sz, fest\u0151m\u0171v\u00e9sz. \u2013 M\u00e1r gyermekkor\u00e1ban felfedezt\u00e9k tehets\u00e9g\u00e9t a rajzol\u00e1sra \u00e9s fest\u00e9sre. F\u00e9nyk\u00e9p\u00e9sz lett \u00e9s sok fot\u00f3ki\u00e1ll\u00edt\u00e1son szerepelt sikeres k\u00e9peivel. A buk.-i Rajzfilm St\u00fadi\u00f3ban dolgozott Ion Popescu Gop\u00f3val \u00e9s I.Pascallal. Nyugd\u00edjaz\u00e1sa ut\u00e1n Mv.-en telepedett le, \u00e9s kitart\u00f3an kezdett olajfestm\u00e9nyeket festeni, f\u0151leg t\u00e1jk\u00e9peket. Mindv\u00e9gig meg\u0151rizte saj\u00e1tos egy\u00e9ni st\u00edlus\u00e1t. Tagja volt a K M M Sz-nek (2005\u2013). T\u00f6bb mint 300 olajfestm\u00e9nyt hagyott h\u00e1tra. T\u00f6bb csoportos \u00e9s kollekt\u00edv ki\u00e1ll\u00edt\u00e1son vett r\u00e9szt Mv.-en. <br \/><strong>\u2013 Irod.:<\/strong> AAPM; C.l. (2006. jan. 19.).<\/br><\/p>\n","protected":false},"excerpt":{"rendered":"<p>Petrozs\u00e9ny, 1911. okt. 7. \u2020 Mv., 2006. jan. ?: f\u00e9nyk\u00e9p\u00e9sz, fest\u0151m\u0171v\u00e9sz. \u2013 M\u00e1r gyermekkor\u00e1ban felfedezt\u00e9k tehets\u00e9g\u00e9t a rajzol\u00e1sra \u00e9s fest\u00e9sre. F\u00e9nyk\u00e9p\u00e9sz lett \u00e9s sok fot\u00f3ki\u00e1ll\u00edt\u00e1son szerepelt sikeres k\u00e9peivel. A buk.-i Rajzfilm St\u00fadi\u00f3ban dolgozott Ion Popescu Gop\u00f3val \u00e9s I.Pascallal. Nyugd\u00edjaz\u00e1sa ut\u00e1n Mv.-en telepedett le, \u00e9s kitart\u00f3an kezdett olajfestm\u00e9nyeket festeni, f\u0151leg t\u00e1jk\u00e9peket. Mindv\u00e9gig meg\u0151rizte saj\u00e1tos egy\u00e9ni st\u00edlus\u00e1t. [&hellip;]<\/p>\n","protected":false},"featured_media":0,"comment_status":"open","ping_status":"closed","template":"","meta":[],"product_brand":[],"product_cat":[137],"product_tag":[],"class_list":{"0":"post-24143","1":"product","2":"type-product","3":"status-publish","5":"product_cat-maros-megyei-eletrajzi-lexikon","7":"first","8":"instock","9":"shipping-taxable","10":"product-type-simple"},"_links":{"self":[{"href":"https:\/\/uj.adatbank.ro\/lexikon\/wp-json\/wp\/v2\/product\/24143","targetHints":{"allow":["GET"]}}],"collection":[{"href":"https:\/\/uj.adatbank.ro\/lexikon\/wp-json\/wp\/v2\/product"}],"about":[{"href":"https:\/\/uj.adatbank.ro\/lexikon\/wp-json\/wp\/v2\/types\/product"}],"replies":[{"embeddable":true,"href":"https:\/\/uj.adatbank.ro\/lexikon\/wp-json\/wp\/v2\/comments?post=24143"}],"wp:attachment":[{"href":"https:\/\/uj.adatbank.ro\/lexikon\/wp-json\/wp\/v2\/media?parent=24143"}],"wp:term":[{"taxonomy":"product_brand","embeddable":true,"href":"https:\/\/uj.adatbank.ro\/lexikon\/wp-json\/wp\/v2\/product_brand?post=24143"},{"taxonomy":"product_cat","embeddable":true,"href":"https:\/\/uj.adatbank.ro\/lexikon\/wp-json\/wp\/v2\/product_cat?post=24143"},{"taxonomy":"product_tag","embeddable":true,"href":"https:\/\/uj.adatbank.ro\/lexikon\/wp-json\/wp\/v2\/product_tag?post=24143"}],"curies":[{"name":"wp","href":"https:\/\/api.w.org\/{rel}","templated":true}]}}

VARGA Benjámin

<p>Petrozsény, 1911. okt. 7. † Mv., 2006. jan. ?: fényképész, festőművész. – Már gyermekkorában felfedezték tehetségét a rajzolásra és festésre. Fényképész lett és sok fotókiállításon szerepelt sikeres képeivel. A buk.-i Rajzfilm Stúdióban dolgozott Ion Popescu Gopóval és I.Pascallal. Nyugdíjazása után Mv.-en telepedett le, és kitartóan kezdett olajfestményeket festeni, főleg tájképeket. Mindvégig megőrizte sajátos egyéni stílusát. Tagja volt a K M M Sz-nek (2005–). Több mint 300 olajfestményt hagyott hátra. Több csoportos és kollektív kiállításon vett részt Mv.-en. <br /><strong>– Irod.:</strong> AAPM; C.l. (2006. jan. 19.).</br></p>

<p>Petrozsény, 1911. okt. 7. † Mv., 2006. jan. ?: fényképész, festőművész. – Már gyermekkorában felfedezték tehetségét a rajzolásra és festésre. Fényképész lett és sok fotókiállításon szerepelt sikeres képeivel. A buk.-i Rajzfilm Stúdióban dolgozott Ion Popescu Gopóval és I.Pascallal. Nyugdíjazása után Mv.-en telepedett le, és kitartóan kezdett olajfestményeket festeni, főleg tájképeket. Mindvégig megőrizte sajátos egyéni stílusát. [&hellip;]</p>
