{"id":24144,"date":"2025-08-01T17:56:20","date_gmt":"2025-08-01T15:56:20","guid":{"rendered":"https:\/\/uj.adatbank.ro\/lexikon\/termek\/varga-domokos\/"},"modified":"2025-08-01T17:56:20","modified_gmt":"2025-08-01T15:56:20","slug":"varga-domokos","status":"publish","type":"product","link":"https:\/\/uj.adatbank.ro\/lexikon\/termek\/varga-domokos\/","title":{"rendered":"VARGA Domokos"},"content":{"rendered":"<p>Berekereszt\u00far (Maros), 1882., \u2020\u00a0?: szab\u00f3, gazd\u00e1lkod\u00f3. \u2013 Mv.-en v\u00e9gezte iskol\u00e1it, majd a szab\u00f3iparban szabadult fel, \u00f6n\u00e1ll\u00f3 lett (1907), ipara mellett gazd\u00e1lkodott is \u00c1kosfalv\u00e1n. Az els\u0151 vh.-ban a 4. \u00e9s a 22. gy. e.-ben az orosz \u00e9s az olasz fronton harcolt, a bronz vit. \u00e9. \u00e9s a K\u00e1roly Csapatkereszt \u00e9s a h\u00e1b. eml\u00e9k\u00e9rem kit\u00fcntetettje. A MP tagja volt . <br \/><strong>\u2013 Irod.:<\/strong> Sz\u00e9kelyf\u00f6ld \u00ed. k.<\/br><\/p>\n","protected":false},"excerpt":{"rendered":"<p>Berekereszt\u00far (Maros), 1882., \u2020\u00a0?: szab\u00f3, gazd\u00e1lkod\u00f3. \u2013 Mv.-en v\u00e9gezte iskol\u00e1it, majd a szab\u00f3iparban szabadult fel, \u00f6n\u00e1ll\u00f3 lett (1907), ipara mellett gazd\u00e1lkodott is \u00c1kosfalv\u00e1n. Az els\u0151 vh.-ban a 4. \u00e9s a 22. gy. e.-ben az orosz \u00e9s az olasz fronton harcolt, a bronz vit. \u00e9. \u00e9s a K\u00e1roly Csapatkereszt \u00e9s a h\u00e1b. eml\u00e9k\u00e9rem kit\u00fcntetettje. A MP [&hellip;]<\/p>\n","protected":false},"featured_media":0,"comment_status":"open","ping_status":"closed","template":"","meta":[],"product_brand":[],"product_cat":[137],"product_tag":[],"class_list":{"0":"post-24144","1":"product","2":"type-product","3":"status-publish","5":"product_cat-maros-megyei-eletrajzi-lexikon","7":"first","8":"instock","9":"shipping-taxable","10":"product-type-simple"},"_links":{"self":[{"href":"https:\/\/uj.adatbank.ro\/lexikon\/wp-json\/wp\/v2\/product\/24144","targetHints":{"allow":["GET"]}}],"collection":[{"href":"https:\/\/uj.adatbank.ro\/lexikon\/wp-json\/wp\/v2\/product"}],"about":[{"href":"https:\/\/uj.adatbank.ro\/lexikon\/wp-json\/wp\/v2\/types\/product"}],"replies":[{"embeddable":true,"href":"https:\/\/uj.adatbank.ro\/lexikon\/wp-json\/wp\/v2\/comments?post=24144"}],"wp:attachment":[{"href":"https:\/\/uj.adatbank.ro\/lexikon\/wp-json\/wp\/v2\/media?parent=24144"}],"wp:term":[{"taxonomy":"product_brand","embeddable":true,"href":"https:\/\/uj.adatbank.ro\/lexikon\/wp-json\/wp\/v2\/product_brand?post=24144"},{"taxonomy":"product_cat","embeddable":true,"href":"https:\/\/uj.adatbank.ro\/lexikon\/wp-json\/wp\/v2\/product_cat?post=24144"},{"taxonomy":"product_tag","embeddable":true,"href":"https:\/\/uj.adatbank.ro\/lexikon\/wp-json\/wp\/v2\/product_tag?post=24144"}],"curies":[{"name":"wp","href":"https:\/\/api.w.org\/{rel}","templated":true}]}}

<p>Berekeresztúr (Maros), 1882., † ?: szabó, gazdálkodó. – Mv.-en végezte iskoláit, majd a szabóiparban szabadult fel, önálló lett (1907), ipara mellett gazdálkodott is Ákosfalván. Az első vh.-ban a 4. és a 22. gy. e.-ben az orosz és az olasz fronton harcolt, a bronz vit. é. és a Károly Csapatkereszt és a háb. emlékérem kitüntetettje. A MP tagja volt . <br /><strong>– Irod.:</strong> Székelyföld í. k.</br></p>

<p>Berekeresztúr (Maros), 1882., † ?: szabó, gazdálkodó. – Mv.-en végezte iskoláit, majd a szabóiparban szabadult fel, önálló lett (1907), ipara mellett gazdálkodott is Ákosfalván. Az első vh.-ban a 4. és a 22. gy. e.-ben az orosz és az olasz fronton harcolt, a bronz vit. é. és a Károly Csapatkereszt és a háb. emlékérem kitüntetettje. A MP [&hellip;]</p>
