{"id":24146,"date":"2025-08-01T17:56:27","date_gmt":"2025-08-01T15:56:27","guid":{"rendered":"https:\/\/uj.adatbank.ro\/lexikon\/termek\/varga-erzsebet\/"},"modified":"2025-08-01T17:56:27","modified_gmt":"2025-08-01T15:56:27","slug":"varga-erzsebet","status":"publish","type":"product","link":"https:\/\/uj.adatbank.ro\/lexikon\/termek\/varga-erzsebet\/","title":{"rendered":"VARGA Erzs\u00e9bet"},"content":{"rendered":"<p>? \u2020\u00a0Mv., 2013. \u00e1pr.17.: tan\u00e1rn\u0151. \u2013 A K\u00e1ntor-Tan\u00edt\u00f3k\u00e9pz\u0151 F\u0151iskola igazgat\u00f3n\u0151je, ami az egykori Ref. Elemi Iskola (Szentgy\u00f6rgy u. 6 sz.) alatt m\u0171k\u00f6d\u00f6tt (1990\u2013). Az\u00e1llam csak a k\u00e1ntork\u00e9pz\u00e9st enged\u00e9lyezte (1993). A kurat\u00f3rium eln\u00f6ke F\u00fcl\u00f6p G. D\u00e9nes. <br \/><strong>\u2013 Irod.:<\/strong> Mv.-Bal\u00e1s.<\/br><\/p>\n","protected":false},"excerpt":{"rendered":"<p>? \u2020\u00a0Mv., 2013. \u00e1pr.17.: tan\u00e1rn\u0151. \u2013 A K\u00e1ntor-Tan\u00edt\u00f3k\u00e9pz\u0151 F\u0151iskola igazgat\u00f3n\u0151je, ami az egykori Ref. Elemi Iskola (Szentgy\u00f6rgy u. 6 sz.) alatt m\u0171k\u00f6d\u00f6tt (1990\u2013). Az\u00e1llam csak a k\u00e1ntork\u00e9pz\u00e9st enged\u00e9lyezte (1993). A kurat\u00f3rium eln\u00f6ke F\u00fcl\u00f6p G. D\u00e9nes. \u2013 Irod.: Mv.-Bal\u00e1s.<\/p>\n","protected":false},"featured_media":0,"comment_status":"open","ping_status":"closed","template":"","meta":[],"product_brand":[],"product_cat":[137],"product_tag":[],"class_list":{"0":"post-24146","1":"product","2":"type-product","3":"status-publish","5":"product_cat-maros-megyei-eletrajzi-lexikon","7":"first","8":"instock","9":"shipping-taxable","10":"product-type-simple"},"_links":{"self":[{"href":"https:\/\/uj.adatbank.ro\/lexikon\/wp-json\/wp\/v2\/product\/24146","targetHints":{"allow":["GET"]}}],"collection":[{"href":"https:\/\/uj.adatbank.ro\/lexikon\/wp-json\/wp\/v2\/product"}],"about":[{"href":"https:\/\/uj.adatbank.ro\/lexikon\/wp-json\/wp\/v2\/types\/product"}],"replies":[{"embeddable":true,"href":"https:\/\/uj.adatbank.ro\/lexikon\/wp-json\/wp\/v2\/comments?post=24146"}],"wp:attachment":[{"href":"https:\/\/uj.adatbank.ro\/lexikon\/wp-json\/wp\/v2\/media?parent=24146"}],"wp:term":[{"taxonomy":"product_brand","embeddable":true,"href":"https:\/\/uj.adatbank.ro\/lexikon\/wp-json\/wp\/v2\/product_brand?post=24146"},{"taxonomy":"product_cat","embeddable":true,"href":"https:\/\/uj.adatbank.ro\/lexikon\/wp-json\/wp\/v2\/product_cat?post=24146"},{"taxonomy":"product_tag","embeddable":true,"href":"https:\/\/uj.adatbank.ro\/lexikon\/wp-json\/wp\/v2\/product_tag?post=24146"}],"curies":[{"name":"wp","href":"https:\/\/api.w.org\/{rel}","templated":true}]}}