{"id":24148,"date":"2025-08-01T17:56:31","date_gmt":"2025-08-01T15:56:31","guid":{"rendered":"https:\/\/uj.adatbank.ro\/lexikon\/termek\/varga-ferenc\/"},"modified":"2025-08-01T17:56:31","modified_gmt":"2025-08-01T15:56:31","slug":"varga-ferenc","status":"publish","type":"product","link":"https:\/\/uj.adatbank.ro\/lexikon\/termek\/varga-ferenc\/","title":{"rendered":"VARGA Ferenc"},"content":{"rendered":"<p>1838? \u2020\u00a0Mv., 1911. aug. 9.: ref. lelk\u00e9sz. \u2013 Testv\u00e9rei: V. Katalin \u00e9s Anna. Feles\u00e9ge: Farkas Irma. \u2013 A csittszentiv\u00e1ni ref. egyh\u00e1zk\u00f6zs\u00e9g lelk\u00e9sze 38. esztend\u0151n kereszt\u00fcl. <br \/><strong>\u2013 Irod.:<\/strong> Gy\u00e1szjelent\u0151.<\/br><\/p>\n","protected":false},"excerpt":{"rendered":"<p>1838? \u2020\u00a0Mv., 1911. aug. 9.: ref. lelk\u00e9sz. \u2013 Testv\u00e9rei: V. Katalin \u00e9s Anna. Feles\u00e9ge: Farkas Irma. \u2013 A csittszentiv\u00e1ni ref. egyh\u00e1zk\u00f6zs\u00e9g lelk\u00e9sze 38. esztend\u0151n kereszt\u00fcl. \u2013 Irod.: Gy\u00e1szjelent\u0151.<\/p>\n","protected":false},"featured_media":0,"comment_status":"open","ping_status":"closed","template":"","meta":[],"product_brand":[],"product_cat":[137],"product_tag":[],"class_list":{"0":"post-24148","1":"product","2":"type-product","3":"status-publish","5":"product_cat-maros-megyei-eletrajzi-lexikon","7":"first","8":"instock","9":"shipping-taxable","10":"product-type-simple"},"_links":{"self":[{"href":"https:\/\/uj.adatbank.ro\/lexikon\/wp-json\/wp\/v2\/product\/24148","targetHints":{"allow":["GET"]}}],"collection":[{"href":"https:\/\/uj.adatbank.ro\/lexikon\/wp-json\/wp\/v2\/product"}],"about":[{"href":"https:\/\/uj.adatbank.ro\/lexikon\/wp-json\/wp\/v2\/types\/product"}],"replies":[{"embeddable":true,"href":"https:\/\/uj.adatbank.ro\/lexikon\/wp-json\/wp\/v2\/comments?post=24148"}],"wp:attachment":[{"href":"https:\/\/uj.adatbank.ro\/lexikon\/wp-json\/wp\/v2\/media?parent=24148"}],"wp:term":[{"taxonomy":"product_brand","embeddable":true,"href":"https:\/\/uj.adatbank.ro\/lexikon\/wp-json\/wp\/v2\/product_brand?post=24148"},{"taxonomy":"product_cat","embeddable":true,"href":"https:\/\/uj.adatbank.ro\/lexikon\/wp-json\/wp\/v2\/product_cat?post=24148"},{"taxonomy":"product_tag","embeddable":true,"href":"https:\/\/uj.adatbank.ro\/lexikon\/wp-json\/wp\/v2\/product_tag?post=24148"}],"curies":[{"name":"wp","href":"https:\/\/api.w.org\/{rel}","templated":true}]}}