{"id":24150,"date":"2025-08-01T17:56:35","date_gmt":"2025-08-01T15:56:35","guid":{"rendered":"https:\/\/uj.adatbank.ro\/lexikon\/termek\/varga-gyorgy\/"},"modified":"2025-08-01T17:56:35","modified_gmt":"2025-08-01T15:56:35","slug":"varga-gyorgy","status":"publish","type":"product","link":"https:\/\/uj.adatbank.ro\/lexikon\/termek\/varga-gyorgy\/","title":{"rendered":"VARGA Gy\u00f6rgy"},"content":{"rendered":"<p>? 1925? \u2020 Ny\u00e1r\u00e1dg\u00e1lfalva, 1997. nov. 11.: tan\u00edt\u00f3. \u2013 Ny\u00e1r\u00e1dg\u00e1lfalv\u00e1n tan\u00edtott, iskolaigazgat\u00f3 volt (1958. szept. 1. \u2013 1974. nov. 21.). F\u00e1radoz\u00e1s\u00e1nak a gy\u00fcm\u00f6lcse a nyolctantermes, laborat\u00f3riummal ell\u00e1tott \u00faj, korszer\u0171en felszerelt iskola fel\u00e9p\u00edt\u00e9se, Tan\u00e1szi Albert n\u00e9ptan\u00e1cseln\u00f6k idej\u00e9ben (haszn\u00e1latba adt\u00e1k: 1965\u201366). <br \/><strong>\u2013 Irod.:<\/strong> [Nekrol\u00f3g] (N\u00fa., 1997. nov. 12.); Ny\u00e1r\u00e1dg\u00e1lfalva.<\/br><\/p>\n","protected":false},"excerpt":{"rendered":"<p>? 1925? \u2020 Ny\u00e1r\u00e1dg\u00e1lfalva, 1997. nov. 11.: tan\u00edt\u00f3. \u2013 Ny\u00e1r\u00e1dg\u00e1lfalv\u00e1n tan\u00edtott, iskolaigazgat\u00f3 volt (1958. szept. 1. \u2013 1974. nov. 21.). F\u00e1radoz\u00e1s\u00e1nak a gy\u00fcm\u00f6lcse a nyolctantermes, laborat\u00f3riummal ell\u00e1tott \u00faj, korszer\u0171en felszerelt iskola fel\u00e9p\u00edt\u00e9se, Tan\u00e1szi Albert n\u00e9ptan\u00e1cseln\u00f6k idej\u00e9ben (haszn\u00e1latba adt\u00e1k: 1965\u201366). \u2013 Irod.: [Nekrol\u00f3g] (N\u00fa., 1997. nov. 12.); Ny\u00e1r\u00e1dg\u00e1lfalva.<\/p>\n","protected":false},"featured_media":0,"comment_status":"open","ping_status":"closed","template":"","meta":[],"product_brand":[],"product_cat":[137],"product_tag":[],"class_list":{"0":"post-24150","1":"product","2":"type-product","3":"status-publish","5":"product_cat-maros-megyei-eletrajzi-lexikon","7":"first","8":"instock","9":"shipping-taxable","10":"product-type-simple"},"_links":{"self":[{"href":"https:\/\/uj.adatbank.ro\/lexikon\/wp-json\/wp\/v2\/product\/24150","targetHints":{"allow":["GET"]}}],"collection":[{"href":"https:\/\/uj.adatbank.ro\/lexikon\/wp-json\/wp\/v2\/product"}],"about":[{"href":"https:\/\/uj.adatbank.ro\/lexikon\/wp-json\/wp\/v2\/types\/product"}],"replies":[{"embeddable":true,"href":"https:\/\/uj.adatbank.ro\/lexikon\/wp-json\/wp\/v2\/comments?post=24150"}],"wp:attachment":[{"href":"https:\/\/uj.adatbank.ro\/lexikon\/wp-json\/wp\/v2\/media?parent=24150"}],"wp:term":[{"taxonomy":"product_brand","embeddable":true,"href":"https:\/\/uj.adatbank.ro\/lexikon\/wp-json\/wp\/v2\/product_brand?post=24150"},{"taxonomy":"product_cat","embeddable":true,"href":"https:\/\/uj.adatbank.ro\/lexikon\/wp-json\/wp\/v2\/product_cat?post=24150"},{"taxonomy":"product_tag","embeddable":true,"href":"https:\/\/uj.adatbank.ro\/lexikon\/wp-json\/wp\/v2\/product_tag?post=24150"}],"curies":[{"name":"wp","href":"https:\/\/api.w.org\/{rel}","templated":true}]}}