{"id":24154,"date":"2025-08-01T17:56:46","date_gmt":"2025-08-01T15:56:46","guid":{"rendered":"https:\/\/uj.adatbank.ro\/lexikon\/termek\/varga-janos\/"},"modified":"2025-08-01T17:56:46","modified_gmt":"2025-08-01T15:56:46","slug":"varga-janos","status":"publish","type":"product","link":"https:\/\/uj.adatbank.ro\/lexikon\/termek\/varga-janos\/","title":{"rendered":"VARGA J\u00e1nos"},"content":{"rendered":"<p>?, \u2020 ?: p\u00e1rtaktivista. \u2013 Cip\u00e9sztanonc volt (14 \u00e9ves kor\u00e1t\u00f3l), dolgozott Marosludason, Mv.-en, Kv.-on, Tord\u00e1n. Katonas\u00e1g ut\u00e1n Mv.-re ker\u00fclt, tagja lett a szakszervezeteknek (1936), munkan\u00e9lk\u00fcli, majd vas\u00fatn\u00e1l napsz\u00e1mos, vonatf\u00e9kez\u0151, vonatvezet\u0151i vizsg\u00e1t tett, a felszabadul\u00e1s ut\u00e1n a vas\u00fat helyre\u00e1ll\u00edt\u00e1s\u00e1ban vett r\u00e9szt. A ny\u00e1r\u00e1dszeredai j\u00e1r\u00e1si p\u00e1rtszervezet titk\u00e1ra, megyei instruktor, a CFR-p\u00e1rtker\u00fclet titk\u00e1ra, a MNSz-ben dolgozott (1948\u2013), a Maros tartom\u00e1nyi n\u00e9ptan\u00e1cs k\u00e9pvisel\u0151je. <br \/><strong>\u2013 Irod.:<\/strong> V. J. elvt\u00e1rs (N\u00e9p\u00fajs\u00e1g, 1950. nov. 18.).<\/br><\/p>\n","protected":false},"excerpt":{"rendered":"<p>?, \u2020 ?: p\u00e1rtaktivista. \u2013 Cip\u00e9sztanonc volt (14 \u00e9ves kor\u00e1t\u00f3l), dolgozott Marosludason, Mv.-en, Kv.-on, Tord\u00e1n. Katonas\u00e1g ut\u00e1n Mv.-re ker\u00fclt, tagja lett a szakszervezeteknek (1936), munkan\u00e9lk\u00fcli, majd vas\u00fatn\u00e1l napsz\u00e1mos, vonatf\u00e9kez\u0151, vonatvezet\u0151i vizsg\u00e1t tett, a felszabadul\u00e1s ut\u00e1n a vas\u00fat helyre\u00e1ll\u00edt\u00e1s\u00e1ban vett r\u00e9szt. A ny\u00e1r\u00e1dszeredai j\u00e1r\u00e1si p\u00e1rtszervezet titk\u00e1ra, megyei instruktor, a CFR-p\u00e1rtker\u00fclet titk\u00e1ra, a MNSz-ben dolgozott (1948\u2013), a [&hellip;]<\/p>\n","protected":false},"featured_media":0,"comment_status":"open","ping_status":"closed","template":"","meta":[],"product_brand":[],"product_cat":[137],"product_tag":[],"class_list":{"0":"post-24154","1":"product","2":"type-product","3":"status-publish","5":"product_cat-maros-megyei-eletrajzi-lexikon","7":"first","8":"instock","9":"shipping-taxable","10":"product-type-simple"},"_links":{"self":[{"href":"https:\/\/uj.adatbank.ro\/lexikon\/wp-json\/wp\/v2\/product\/24154","targetHints":{"allow":["GET"]}}],"collection":[{"href":"https:\/\/uj.adatbank.ro\/lexikon\/wp-json\/wp\/v2\/product"}],"about":[{"href":"https:\/\/uj.adatbank.ro\/lexikon\/wp-json\/wp\/v2\/types\/product"}],"replies":[{"embeddable":true,"href":"https:\/\/uj.adatbank.ro\/lexikon\/wp-json\/wp\/v2\/comments?post=24154"}],"wp:attachment":[{"href":"https:\/\/uj.adatbank.ro\/lexikon\/wp-json\/wp\/v2\/media?parent=24154"}],"wp:term":[{"taxonomy":"product_brand","embeddable":true,"href":"https:\/\/uj.adatbank.ro\/lexikon\/wp-json\/wp\/v2\/product_brand?post=24154"},{"taxonomy":"product_cat","embeddable":true,"href":"https:\/\/uj.adatbank.ro\/lexikon\/wp-json\/wp\/v2\/product_cat?post=24154"},{"taxonomy":"product_tag","embeddable":true,"href":"https:\/\/uj.adatbank.ro\/lexikon\/wp-json\/wp\/v2\/product_tag?post=24154"}],"curies":[{"name":"wp","href":"https:\/\/api.w.org\/{rel}","templated":true}]}}

VARGA János

<p>?, † ?: pártaktivista. – Cipésztanonc volt (14 éves korától), dolgozott Marosludason, Mv.-en, Kv.-on, Tordán. Katonaság után Mv.-re került, tagja lett a szakszervezeteknek (1936), munkanélküli, majd vasútnál napszámos, vonatfékező, vonatvezetői vizsgát tett, a felszabadulás után a vasút helyreállításában vett részt. A nyárádszeredai járási pártszervezet titkára, megyei instruktor, a CFR-pártkerület titkára, a MNSz-ben dolgozott (1948–), a Maros tartományi néptanács képviselője. <br /><strong>– Irod.:</strong> V. J. elvtárs (Népújság, 1950. nov. 18.).</br></p>

<p>?, † ?: pártaktivista. – Cipésztanonc volt (14 éves korától), dolgozott Marosludason, Mv.-en, Kv.-on, Tordán. Katonaság után Mv.-re került, tagja lett a szakszervezeteknek (1936), munkanélküli, majd vasútnál napszámos, vonatfékező, vonatvezetői vizsgát tett, a felszabadulás után a vasút helyreállításában vett részt. A nyárádszeredai járási pártszervezet titkára, megyei instruktor, a CFR-pártkerület titkára, a MNSz-ben dolgozott (1948–), a [&hellip;]</p>
