{"id":24157,"date":"2025-08-01T17:56:51","date_gmt":"2025-08-01T15:56:51","guid":{"rendered":"https:\/\/uj.adatbank.ro\/lexikon\/termek\/varga-janos-ioan\/"},"modified":"2025-08-01T17:56:51","modified_gmt":"2025-08-01T15:56:51","slug":"varga-janos-ioan","status":"publish","type":"product","link":"https:\/\/uj.adatbank.ro\/lexikon\/termek\/varga-janos-ioan\/","title":{"rendered":"VARGA J\u00e1nos; Ioan"},"content":{"rendered":"<p>Vessz\u0151d, 1883., \u2020\u00a0?: bankigazgat\u00f3. \u2013 A fogarasi Fels\u0151kereskedelmi Iskol\u00e1ban \u00e9retts\u00e9gizett, majd banktisztvisel\u0151 lett. A vajdahunyadi Corvina, a segesv\u00e1ri T\u00e2rn\u0103veana, majd Mure\u015feana bankn\u00e1l dolgozott. A dics\u0151szentm\u00e1rtoni Mure\u015feana Takar\u00e9k \u00e9s Hitelbank igazgat\u00f3ja, (1919\u2013). Az ASTRA \u00f6r\u00f6k\u00f6s tagja, a g. keleti egyh\u00e1z zsinatj\u00e1nak tagja, a k\u00f6nyvel\u00e9si szak\u00e9rt\u0151 kamara tagja \u00e9s fel\u00fcgyel\u0151 bizotts\u00e1gi tagja. Gazdas\u00e1gi cikkei jelentek meg k\u00fcl\u00f6nb\u00f6z\u0151 lapokban. K\u00f6zrem\u0171k\u00f6d\u00f6tt a Polg\u00e1ri Le\u00e1nyiskola mellett m\u0171k\u00f6d\u0151 kereskedelmi tanfolyam l\u00e9tes\u00edt\u00e9s\u00e9n\u00e9l. <br \/><strong>\u2013 Irod.:<\/strong> EBKL; Ki kicsoda?<\/br><\/p>\n","protected":false},"excerpt":{"rendered":"<p>Vessz\u0151d, 1883., \u2020\u00a0?: bankigazgat\u00f3. \u2013 A fogarasi Fels\u0151kereskedelmi Iskol\u00e1ban \u00e9retts\u00e9gizett, majd banktisztvisel\u0151 lett. A vajdahunyadi Corvina, a segesv\u00e1ri T\u00e2rn\u0103veana, majd Mure\u015feana bankn\u00e1l dolgozott. A dics\u0151szentm\u00e1rtoni Mure\u015feana Takar\u00e9k \u00e9s Hitelbank igazgat\u00f3ja, (1919\u2013). Az ASTRA \u00f6r\u00f6k\u00f6s tagja, a g. keleti egyh\u00e1z zsinatj\u00e1nak tagja, a k\u00f6nyvel\u00e9si szak\u00e9rt\u0151 kamara tagja \u00e9s fel\u00fcgyel\u0151 bizotts\u00e1gi tagja. Gazdas\u00e1gi cikkei jelentek meg k\u00fcl\u00f6nb\u00f6z\u0151 [&hellip;]<\/p>\n","protected":false},"featured_media":0,"comment_status":"open","ping_status":"closed","template":"","meta":[],"product_brand":[],"product_cat":[137],"product_tag":[],"class_list":{"0":"post-24157","1":"product","2":"type-product","3":"status-publish","5":"product_cat-maros-megyei-eletrajzi-lexikon","7":"first","8":"instock","9":"shipping-taxable","10":"product-type-simple"},"_links":{"self":[{"href":"https:\/\/uj.adatbank.ro\/lexikon\/wp-json\/wp\/v2\/product\/24157","targetHints":{"allow":["GET"]}}],"collection":[{"href":"https:\/\/uj.adatbank.ro\/lexikon\/wp-json\/wp\/v2\/product"}],"about":[{"href":"https:\/\/uj.adatbank.ro\/lexikon\/wp-json\/wp\/v2\/types\/product"}],"replies":[{"embeddable":true,"href":"https:\/\/uj.adatbank.ro\/lexikon\/wp-json\/wp\/v2\/comments?post=24157"}],"wp:attachment":[{"href":"https:\/\/uj.adatbank.ro\/lexikon\/wp-json\/wp\/v2\/media?parent=24157"}],"wp:term":[{"taxonomy":"product_brand","embeddable":true,"href":"https:\/\/uj.adatbank.ro\/lexikon\/wp-json\/wp\/v2\/product_brand?post=24157"},{"taxonomy":"product_cat","embeddable":true,"href":"https:\/\/uj.adatbank.ro\/lexikon\/wp-json\/wp\/v2\/product_cat?post=24157"},{"taxonomy":"product_tag","embeddable":true,"href":"https:\/\/uj.adatbank.ro\/lexikon\/wp-json\/wp\/v2\/product_tag?post=24157"}],"curies":[{"name":"wp","href":"https:\/\/api.w.org\/{rel}","templated":true}]}}

VARGA János; Ioan

<p>Vessződ, 1883., † ?: bankigazgató. – A fogarasi Felsőkereskedelmi Iskolában érettségizett, majd banktisztviselő lett. A vajdahunyadi Corvina, a segesvári Târnăveana, majd Mureşeana banknál dolgozott. A dicsőszentmártoni Mureşeana Takarék és Hitelbank igazgatója, (1919–). Az ASTRA örökös tagja, a g. keleti egyház zsinatjának tagja, a könyvelési szakértő kamara tagja és felügyelő bizottsági tagja. Gazdasági cikkei jelentek meg különböző lapokban. Közreműködött a Polgári Leányiskola mellett működő kereskedelmi tanfolyam létesítésénél. <br /><strong>– Irod.:</strong> EBKL; Ki kicsoda?</br></p>

<p>Vessződ, 1883., † ?: bankigazgató. – A fogarasi Felsőkereskedelmi Iskolában érettségizett, majd banktisztviselő lett. A vajdahunyadi Corvina, a segesvári Târnăveana, majd Mureşeana banknál dolgozott. A dicsőszentmártoni Mureşeana Takarék és Hitelbank igazgatója, (1919–). Az ASTRA örökös tagja, a g. keleti egyház zsinatjának tagja, a könyvelési szakértő kamara tagja és felügyelő bizottsági tagja. Gazdasági cikkei jelentek meg különböző [&hellip;]</p>
