{"id":24163,"date":"2025-08-01T17:57:04","date_gmt":"2025-08-01T15:57:04","guid":{"rendered":"https:\/\/uj.adatbank.ro\/lexikon\/termek\/varga-katalin-d-%c2%a7-dankanits-adamne\/"},"modified":"2025-08-01T17:57:04","modified_gmt":"2025-08-01T15:57:04","slug":"varga-katalin-d-%c2%a7-dankanits-adamne","status":"publish","type":"product","link":"https:\/\/uj.adatbank.ro\/lexikon\/termek\/varga-katalin-d-%c2%a7-dankanits-adamne\/","title":{"rendered":"VARGA Katalin, D. \u00a7; Dankanits \u00c1d\u00e1mn\u00e9"},"content":{"rendered":"<p>Kv., 1939., \u2020 Mv., 1979. j\u00fan. 10.: k\u00e9pz\u0151m\u0171v\u00e9sz. \u2013 Kv.-on v\u00e9gezte a k\u00f6z\u00e9piskol\u00e1t, majd az \u00e9p\u00edt\u00e9szeti tervhivataln\u00e1l m\u0171szaki rajzol\u00f3, tanulm\u00e1nyait a Ion Andreescu K\u00e9pz\u0151m\u0171v\u00e9szeti Akad\u00e9mi\u00e1n folytatta (1967). A mv.-i \u00c1llami B\u00e1bsz\u00ednh\u00e1z alkalmazottja, az \u00daj \u00c9let szerkeszt\u0151je (1968\u2013); A H\u00e9t grafikai szerkeszt\u0151je (1970\u2013). R\u00e9szt vett kv.-i \u00e9s mv.-i t\u00e1rlatokon (1958\u201379). <br \/><strong>\u2013 Irod.:<\/strong> Bal\u00e1zs Imre: Tekintetek k\u00f6nnycseppf\u00e9ny\u0171 tenger\u00e9ben (\u00daj \u00c9let, 1979, 12. sz.); Lendvay \u00c9va: Az els\u0151 t\u00e1rlat (\u00daj \u00c9let, 1962, 4. sz.); Tett (1979\/1).<\/br><\/p>\n","protected":false},"excerpt":{"rendered":"<p>Kv., 1939., \u2020 Mv., 1979. j\u00fan. 10.: k\u00e9pz\u0151m\u0171v\u00e9sz. \u2013 Kv.-on v\u00e9gezte a k\u00f6z\u00e9piskol\u00e1t, majd az \u00e9p\u00edt\u00e9szeti tervhivataln\u00e1l m\u0171szaki rajzol\u00f3, tanulm\u00e1nyait a Ion Andreescu K\u00e9pz\u0151m\u0171v\u00e9szeti Akad\u00e9mi\u00e1n folytatta (1967). A mv.-i \u00c1llami B\u00e1bsz\u00ednh\u00e1z alkalmazottja, az \u00daj \u00c9let szerkeszt\u0151je (1968\u2013); A H\u00e9t grafikai szerkeszt\u0151je (1970\u2013). R\u00e9szt vett kv.-i \u00e9s mv.-i t\u00e1rlatokon (1958\u201379). \u2013 Irod.: Bal\u00e1zs Imre: Tekintetek k\u00f6nnycseppf\u00e9ny\u0171 [&hellip;]<\/p>\n","protected":false},"featured_media":0,"comment_status":"open","ping_status":"closed","template":"","meta":[],"product_brand":[],"product_cat":[137],"product_tag":[],"class_list":{"0":"post-24163","1":"product","2":"type-product","3":"status-publish","5":"product_cat-maros-megyei-eletrajzi-lexikon","7":"first","8":"instock","9":"shipping-taxable","10":"product-type-simple"},"_links":{"self":[{"href":"https:\/\/uj.adatbank.ro\/lexikon\/wp-json\/wp\/v2\/product\/24163","targetHints":{"allow":["GET"]}}],"collection":[{"href":"https:\/\/uj.adatbank.ro\/lexikon\/wp-json\/wp\/v2\/product"}],"about":[{"href":"https:\/\/uj.adatbank.ro\/lexikon\/wp-json\/wp\/v2\/types\/product"}],"replies":[{"embeddable":true,"href":"https:\/\/uj.adatbank.ro\/lexikon\/wp-json\/wp\/v2\/comments?post=24163"}],"wp:attachment":[{"href":"https:\/\/uj.adatbank.ro\/lexikon\/wp-json\/wp\/v2\/media?parent=24163"}],"wp:term":[{"taxonomy":"product_brand","embeddable":true,"href":"https:\/\/uj.adatbank.ro\/lexikon\/wp-json\/wp\/v2\/product_brand?post=24163"},{"taxonomy":"product_cat","embeddable":true,"href":"https:\/\/uj.adatbank.ro\/lexikon\/wp-json\/wp\/v2\/product_cat?post=24163"},{"taxonomy":"product_tag","embeddable":true,"href":"https:\/\/uj.adatbank.ro\/lexikon\/wp-json\/wp\/v2\/product_tag?post=24163"}],"curies":[{"name":"wp","href":"https:\/\/api.w.org\/{rel}","templated":true}]}}

VARGA Katalin, D. §; Dankanits Ádámné

<p>Kv., 1939., † Mv., 1979. jún. 10.: képzőművész. – Kv.-on végezte a középiskolát, majd az építészeti tervhivatalnál műszaki rajzoló, tanulmányait a Ion Andreescu Képzőművészeti Akadémián folytatta (1967). A mv.-i Állami Bábszínház alkalmazottja, az Új Élet szerkesztője (1968–); A Hét grafikai szerkesztője (1970–). Részt vett kv.-i és mv.-i tárlatokon (1958–79). <br /><strong>– Irod.:</strong> Balázs Imre: Tekintetek könnycseppfényű tengerében (Új Élet, 1979, 12. sz.); Lendvay Éva: Az első tárlat (Új Élet, 1962, 4. sz.); Tett (1979/1).</br></p>

<p>Kv., 1939., † Mv., 1979. jún. 10.: képzőművész. – Kv.-on végezte a középiskolát, majd az építészeti tervhivatalnál műszaki rajzoló, tanulmányait a Ion Andreescu Képzőművészeti Akadémián folytatta (1967). A mv.-i Állami Bábszínház alkalmazottja, az Új Élet szerkesztője (1968–); A Hét grafikai szerkesztője (1970–). Részt vett kv.-i és mv.-i tárlatokon (1958–79). – Irod.: Balázs Imre: Tekintetek könnycseppfényű [&hellip;]</p>
