{"id":24169,"date":"2025-08-01T17:57:18","date_gmt":"2025-08-01T15:57:18","guid":{"rendered":"https:\/\/uj.adatbank.ro\/lexikon\/termek\/varga-laszlo-2\/"},"modified":"2025-08-01T17:57:18","modified_gmt":"2025-08-01T15:57:18","slug":"varga-laszlo-2","status":"publish","type":"product","link":"https:\/\/uj.adatbank.ro\/lexikon\/termek\/varga-laszlo-2\/","title":{"rendered":"VARGA L\u00e1szl\u00f3"},"content":{"rendered":"<p>Zilah, 1928. m\u00e1rc.17., \u2020\u00a0Mv., 2017. m\u00e1j. 28.: ref. lelk\u00e9sz. \u2013 V. L\u00e1szl\u00f3 \u00e9s Erzs\u00e9bet fia. Feles\u00e9ge: Szarka Erzs\u00e9bet (1935\u20132016). Gyermekeik. Istv\u00e1n (1956\u2013), m\u0171\u00e9p\u00edt\u00e9sz; Demeter Ir\u00e9n (1966\u2013) vall\u00e1stan\u00e1r; L\u00e1szl\u00f3 Judit (1967\u2013) zenetan\u00e1r. \u2013 Kv.-on a Bolyai TE jogi hallgat\u00f3ja, de kiz\u00e1rt\u00e1k a Kereszty\u00e9ny Egyes\u00fcletben v\u00e9gzett munk\u00e1ja miatt (1946). A Protest\u00e1ns Teol\u00f3gia Int\u00e9zetben v\u00e9gzett (1952). Seg\u00e9dlelk\u00e9sz Kv.-on, lelkip\u00e1sztor Abrudb\u00e1ny\u00e1n (1952\u201357). \u00c9letfogytiglanra \u00edt\u00e9lt\u00e9k, politikai fogoly, let\u00f6lt\u00f6tt \u00e9vek (1957\u20131964, 7 \u00e9s f\u00e9l \u00e9v). Lelkip\u00e1sztor Magyars\u00fcly\u00e9ben (1964\u201365), Magyarpalatk\u00e1n (1965\u201369), Somker\u00e9ken (1969\u201375); Marosfelfaluban (1975\u201388); Mv.-Cserealja gy\u00fclekezetben nyugd\u00edjaz\u00e1s\u00e1ig (1988\u201394). Gy\u00fclekezetet szervezett, enged\u00e9ly n\u00e9lk\u00fcl templomot \u00e9s par\u00f3ki\u00e1t \u00e9p\u00edtett. A Kv. Protest\u00e1ns Teol\u00f3giai Int\u00e9zet tiszteletbeli teol\u00f3giai prof. (Kv., 2006). A Rom\u00e1niai Magyar Kereszt\u00e9nydemokrata P\u00e1rtnak (RMKDP) alap\u00edt\u00f3ja (1990), orsz\u00e1gos eln\u00f6ke (1992\u201396), kil\u00e9p\u00e9s\u00e9ig. Magyar Ref.Teol\u00f3giai Doktorok Koll\u00e9giuma, Bp.; International Ref. Theol. Inst. Free University, Amsterdam tagja. \u2013  <strong>F. m..:<\/strong> Istenismeret: Hittan azoknak, akik nem ismerik (Kv., 1992; Mv., 2005); Magyarok a v\u00e1dlottak padj\u00e1n = Akik im\u00e1dkoztak \u00fcld\u00f6z\u0151ik\u00e9rt.1. k\u00f6t.: B\u00f6rt\u00f6nvallom\u00e1sok, eml\u00e9kez\u00e9sek (Kv., 1996); A fegyenc\u00e9let fintorai: Rom\u00e1nia, 1956 ut\u00e1n (Bp., 1998); Id\u0151 t\u00f6bb\u00e9 nem l\u00e9szen (Debrecen, 2000); Eleve elrendel\u00e9s az \u00dajsz\u00f6vets\u00e9g szeml\u00e9let\u00e9ben (Kv., 2001); A S\u00e1t\u00e1n halott (Kv., 2003);  <strong> szerk.:<\/strong> Acta Bolyai (Kv., 1946), <br \/><strong>\u2013 Irod.:<\/strong> 1956 Erd\u00e9lybe; Cs\u00e1ky; EMKK 2010; Kusz\u00e1lik: Erd\u00e9lyi h\u00edrlapok \u00e9s foly\u00f3iratok, 1940\u20131989 (Bp., 1996).<\/br><\/p>\n","protected":false},"excerpt":{"rendered":"<p>Zilah, 1928. m\u00e1rc.17., \u2020\u00a0Mv., 2017. m\u00e1j. 28.: ref. lelk\u00e9sz. \u2013 V. L\u00e1szl\u00f3 \u00e9s Erzs\u00e9bet fia. Feles\u00e9ge: Szarka Erzs\u00e9bet (1935\u20132016). Gyermekeik. Istv\u00e1n (1956\u2013), m\u0171\u00e9p\u00edt\u00e9sz; Demeter Ir\u00e9n (1966\u2013) vall\u00e1stan\u00e1r; L\u00e1szl\u00f3 Judit (1967\u2013) zenetan\u00e1r. \u2013 Kv.-on a Bolyai TE jogi hallgat\u00f3ja, de kiz\u00e1rt\u00e1k a Kereszty\u00e9ny Egyes\u00fcletben v\u00e9gzett munk\u00e1ja miatt (1946). A Protest\u00e1ns Teol\u00f3gia Int\u00e9zetben v\u00e9gzett (1952). Seg\u00e9dlelk\u00e9sz Kv.-on, [&hellip;]<\/p>\n","protected":false},"featured_media":0,"comment_status":"open","ping_status":"closed","template":"","meta":[],"product_brand":[],"product_cat":[137],"product_tag":[],"class_list":{"0":"post-24169","1":"product","2":"type-product","3":"status-publish","5":"product_cat-maros-megyei-eletrajzi-lexikon","7":"first","8":"instock","9":"shipping-taxable","10":"product-type-simple"},"_links":{"self":[{"href":"https:\/\/uj.adatbank.ro\/lexikon\/wp-json\/wp\/v2\/product\/24169","targetHints":{"allow":["GET"]}}],"collection":[{"href":"https:\/\/uj.adatbank.ro\/lexikon\/wp-json\/wp\/v2\/product"}],"about":[{"href":"https:\/\/uj.adatbank.ro\/lexikon\/wp-json\/wp\/v2\/types\/product"}],"replies":[{"embeddable":true,"href":"https:\/\/uj.adatbank.ro\/lexikon\/wp-json\/wp\/v2\/comments?post=24169"}],"wp:attachment":[{"href":"https:\/\/uj.adatbank.ro\/lexikon\/wp-json\/wp\/v2\/media?parent=24169"}],"wp:term":[{"taxonomy":"product_brand","embeddable":true,"href":"https:\/\/uj.adatbank.ro\/lexikon\/wp-json\/wp\/v2\/product_brand?post=24169"},{"taxonomy":"product_cat","embeddable":true,"href":"https:\/\/uj.adatbank.ro\/lexikon\/wp-json\/wp\/v2\/product_cat?post=24169"},{"taxonomy":"product_tag","embeddable":true,"href":"https:\/\/uj.adatbank.ro\/lexikon\/wp-json\/wp\/v2\/product_tag?post=24169"}],"curies":[{"name":"wp","href":"https:\/\/api.w.org\/{rel}","templated":true}]}}

VARGA László

<p>Zilah, 1928. márc.17., † Mv., 2017. máj. 28.: ref. lelkész. – V. László és Erzsébet fia. Felesége: Szarka Erzsébet (1935–2016). Gyermekeik. István (1956–), műépítész; Demeter Irén (1966–) vallástanár; László Judit (1967–) zenetanár. – Kv.-on a Bolyai TE jogi hallgatója, de kizárták a Keresztyény Egyesületben végzett munkája miatt (1946). A Protestáns Teológia Intézetben végzett (1952). Segédlelkész Kv.-on, lelkipásztor Abrudbányán (1952–57). Életfogytiglanra ítélték, politikai fogoly, letöltött évek (1957–1964, 7 és fél év). Lelkipásztor Magyarsülyében (1964–65), Magyarpalatkán (1965–69), Somkeréken (1969–75); Marosfelfaluban (1975–88); Mv.-Cserealja gyülekezetben nyugdíjazásáig (1988–94). Gyülekezetet szervezett, engedély nélkül templomot és parókiát épített. A Kv. Protestáns Teológiai Intézet tiszteletbeli teológiai prof. (Kv., 2006). A Romániai Magyar Kereszténydemokrata Pártnak (RMKDP) alapítója (1990), országos elnöke (1992–96), kilépéséig. Magyar Ref.Teológiai Doktorok Kollégiuma, Bp.; International Ref. Theol. Inst. Free University, Amsterdam tagja. –  <strong>F. m..:</strong> Istenismeret: Hittan azoknak, akik nem ismerik (Kv., 1992; Mv., 2005); Magyarok a vádlottak padján = Akik imádkoztak üldözőikért.1. köt.: Börtönvallomások, emlékezések (Kv., 1996); A fegyencélet fintorai: Románia, 1956 után (Bp., 1998); Idő többé nem lészen (Debrecen, 2000); Eleve elrendelés az Újszövetség szemléletében (Kv., 2001); A Sátán halott (Kv., 2003);  <strong> szerk.:</strong> Acta Bolyai (Kv., 1946), <br /><strong>– Irod.:</strong> 1956 Erdélybe; Csáky; EMKK 2010; Kuszálik: Erdélyi hírlapok és folyóiratok, 1940–1989 (Bp., 1996).</br></p>

<p>Zilah, 1928. márc.17., † Mv., 2017. máj. 28.: ref. lelkész. – V. László és Erzsébet fia. Felesége: Szarka Erzsébet (1935–2016). Gyermekeik. István (1956–), műépítész; Demeter Irén (1966–) vallástanár; László Judit (1967–) zenetanár. – Kv.-on a Bolyai TE jogi hallgatója, de kizárták a Keresztyény Egyesületben végzett munkája miatt (1946). A Protestáns Teológia Intézetben végzett (1952). Segédlelkész Kv.-on, [&hellip;]</p>
