{"id":24170,"date":"2025-08-01T17:57:20","date_gmt":"2025-08-01T15:57:20","guid":{"rendered":"https:\/\/uj.adatbank.ro\/lexikon\/termek\/varga-laszlo-%c2%a7\/"},"modified":"2025-08-01T17:57:20","modified_gmt":"2025-08-01T15:57:20","slug":"varga-laszlo-%c2%a7","status":"publish","type":"product","link":"https:\/\/uj.adatbank.ro\/lexikon\/termek\/varga-laszlo-%c2%a7\/","title":{"rendered":"VARGA L\u00e1szl\u00f3, \u00a7"},"content":{"rendered":"<p>Mv., 1908. j\u00fal. 26., \u2020 Sz\u00e1szr\u00e9gen, 1993. nov. 15.: asztalos, munk\u00e1sigazgat\u00f3, r\u00e9szlegvezet\u0151. \u2013 Feles\u00e9ge Nagy Ilona Julianna: Fiaik: V. L\u00e1szl\u00f3 (1939\u20132002) \u00e9s Istv\u00e1n (1942\u2013). A mv.-i K\u0151r\u00f6si Csoma S\u00e1ndor Fi\u00fa Gimn.-ban tanult, majd inas volt a Sz\u00e9kely\u2013R\u00e9ti, valamint a Bustya b\u00fatorgy\u00e1r m\u0171helyeiben. A rom\u00e1n katonai tenger\u00e9szetn\u00e9l teljes\u00edtette a katonas\u00e1got (1930\u201331). Cs\u00f3naktervez\u0151 \u00e9s \u00e9p\u00edt\u0151 mester a sz\u00e1szr\u00e9geni Diamanstein \/ Nautica Rt. asztalos m\u0171helyben (1932. szept. 1. \u2013 1940. szept. 5.), majd a r\u00e9szv\u00e9nyesek l\u00e9tes\u00edtette gy\u00e1rban (1935. okt. 20.), amely erd\u0151felv\u00e1s\u00e1rl\u00e1ssal \u00e9s kitermel\u00e9ssel, fafeldolgoz\u00e1ssal (h\u00e1ztart\u00e1si eszk\u00f6z\u00f6k, sportfelszerel\u00e9sek, j\u00e1t\u00e9kok, fah\u00e1zak, cs\u00f3nakok, t\u0171zifa el\u0151\u00e1ll\u00edt\u00e1ssal stb.) foglalkozott, h\u00e9ttag\u00fa vezet\u0151tan\u00e1csa, igazgat\u00f3ja Diamantstein Maximili\u00e1n, a gy\u00e1r egyik r\u00e9gebbi tulajdonosa volt. Wickhardt Mih\u00e1llyal, az MTK margitszigeti cs\u00f3nakh\u00e1z tervez\u0151j\u00e9vel \u00e9s m\u00e9g h\u00e1rom t\u00e1rs\u00e1val elkezdt\u00e9k a cs\u00f3nakgy\u00e1rt\u00e1st. A teleorm\u00e1ni Iliescu Br\u00e2nceni testv\u00e9rek megv\u00e1s\u00e1rolt\u00e1k a sz\u00e1szr\u00e9geni cs\u00f3nak\u00e9p\u00edt\u0151 m\u0171helyt \u00e9s Nautica Rt. n\u00e9ven folytatt\u00e1k a t\u00f6bbf\u00e9le cs\u00f3nakgy\u00e1rt\u00e1st (1932\u2013). A gy\u00e1rat Giurgiuba k\u00f6lt\u00f6ztett\u00e9k (1940\u2013). A Foresta deszkagy\u00e1rban dolgozott (1940\u201344). Besorozt\u00e1k katon\u00e1nak (1944\u2013), szovjet fogs\u00e1gba ker\u00fclt (1945. m\u00e1j. 10. \u2013 1945. szept.), s\u00falyos betegen k\u00fcldt\u00e9k vissza Rom\u00e1ni\u00e1ba. A 165 alkalmazottat foglalkoztat\u00f3 Reghinul Fafeldolgoz\u00f3 RT-ben kezdt\u00e9k \u00fajra a cs\u00f3nak\u00e9p\u00edt\u00e9st (1947. \u0151sz\u00e9n), \u00e1llamos\u00edt\u00e1sakor kinevezett igazgat\u00f3ja a gy\u00e1rnak (1948\u2013), majd hat h\u00f3nap ut\u00e1n, r\u00e9szleg vezet\u0151 (\u20131968). Heidel Leopold, Turcsics Ferenc r\u00e9gi \u00e9s \u00faj munkat\u00e1rsakkal siker\u00fclt megkezdeni\u00fck a t\u00fara- \u00e9s s\u00e9tacs\u00f3nakok mellett a vitorl\u00e1s sportcs\u00f3nakok, kajakok, skiffek \u00e9s kenuk \u00e9p\u00edt\u00e9s\u00e9t, gy\u00e1rt\u00e1s\u00e1t (1952\u201370). Az olimpi\u00e1kon (Helsinki, Melbourn, R\u00f3ma, Toki\u00f3) \u00e9s a balk\u00e1ni, eur\u00f3pai \u00e9s vil\u00e1gbajnoks\u00e1gokon arattak sikereket ezekkel. A melbournei olimpi\u00e1n 3 arany\u00e9rmet nyertek a sz\u00e1szr\u00e9geni kenuval: Leon Rottman, arany\u00e9rmet kapott ezer \u00e9s t\u00edzezer m\u00e9teren (1956), Simion Ismalciuc \u00e9s Dumitru Alexe szint\u00e9n t\u00edzezer m\u00e9teren nyert. A cs\u00f3nakgy\u00e1rt\u00e1ssal el\u00e9rt eredm\u00e9nyek\u00e9rt megkapta a Munka\u00e9rdemrend III. (1954) \u00e9s II. fokozat\u00e1val (1973). A cs\u00f3nak\u00e9p\u00edt\u0151k \u00e9s evez\u0151s\u00f6k eml\u00e9k\u00e9re avattak szobrot Sz\u00e1szr\u00e9genben, a Melbournei Olimpi\u00e1n el\u00e9rt siker 50. \u00e9vfordul\u00f3j\u00e1n (2006. nov.), ifj. Jorga Ferenc alkot\u00e1s\u00e1t. Post mortem a Sz\u00e1szr\u00e9gen v\u00e1ros d\u00edszpolg\u00e1ra lett (2006). <br \/><strong>\u2013 Irod.:<\/strong> Bartos Zolt\u00e1n; Bartos Zolt\u00e1n-Varga Istv\u00e1n: Ambarca\u0163iuni reghinene (Cl-N., 2013); B\u00edr\u00f3 Don\u00e1t; Varga L\u00e1szl\u00f3: \u00cdgy kezdt\u00fck&#8230;: A cs\u00f3nakgy\u00e1rt\u00e1s t\u00f6rt\u00e9net\u00e9b\u0151l (V. Z., 1969. aug. 19.); Vajda Ferenc: R\u00e9geni cs\u00f3nakgy\u00e1rt\u00e1s (\u00daj \u00c9let, 1979, 24. sz.).<\/br><\/p>\n","protected":false},"excerpt":{"rendered":"<p>Mv., 1908. j\u00fal. 26., \u2020 Sz\u00e1szr\u00e9gen, 1993. nov. 15.: asztalos, munk\u00e1sigazgat\u00f3, r\u00e9szlegvezet\u0151. \u2013 Feles\u00e9ge Nagy Ilona Julianna: Fiaik: V. L\u00e1szl\u00f3 (1939\u20132002) \u00e9s Istv\u00e1n (1942\u2013). A mv.-i K\u0151r\u00f6si Csoma S\u00e1ndor Fi\u00fa Gimn.-ban tanult, majd inas volt a Sz\u00e9kely\u2013R\u00e9ti, valamint a Bustya b\u00fatorgy\u00e1r m\u0171helyeiben. A rom\u00e1n katonai tenger\u00e9szetn\u00e9l teljes\u00edtette a katonas\u00e1got (1930\u201331). Cs\u00f3naktervez\u0151 \u00e9s \u00e9p\u00edt\u0151 mester a [&hellip;]<\/p>\n","protected":false},"featured_media":0,"comment_status":"open","ping_status":"closed","template":"","meta":[],"product_brand":[],"product_cat":[137],"product_tag":[],"class_list":{"0":"post-24170","1":"product","2":"type-product","3":"status-publish","5":"product_cat-maros-megyei-eletrajzi-lexikon","7":"first","8":"instock","9":"shipping-taxable","10":"product-type-simple"},"_links":{"self":[{"href":"https:\/\/uj.adatbank.ro\/lexikon\/wp-json\/wp\/v2\/product\/24170","targetHints":{"allow":["GET"]}}],"collection":[{"href":"https:\/\/uj.adatbank.ro\/lexikon\/wp-json\/wp\/v2\/product"}],"about":[{"href":"https:\/\/uj.adatbank.ro\/lexikon\/wp-json\/wp\/v2\/types\/product"}],"replies":[{"embeddable":true,"href":"https:\/\/uj.adatbank.ro\/lexikon\/wp-json\/wp\/v2\/comments?post=24170"}],"wp:attachment":[{"href":"https:\/\/uj.adatbank.ro\/lexikon\/wp-json\/wp\/v2\/media?parent=24170"}],"wp:term":[{"taxonomy":"product_brand","embeddable":true,"href":"https:\/\/uj.adatbank.ro\/lexikon\/wp-json\/wp\/v2\/product_brand?post=24170"},{"taxonomy":"product_cat","embeddable":true,"href":"https:\/\/uj.adatbank.ro\/lexikon\/wp-json\/wp\/v2\/product_cat?post=24170"},{"taxonomy":"product_tag","embeddable":true,"href":"https:\/\/uj.adatbank.ro\/lexikon\/wp-json\/wp\/v2\/product_tag?post=24170"}],"curies":[{"name":"wp","href":"https:\/\/api.w.org\/{rel}","templated":true}]}}

VARGA László, §

<p>Mv., 1908. júl. 26., † Szászrégen, 1993. nov. 15.: asztalos, munkásigazgató, részlegvezető. – Felesége Nagy Ilona Julianna: Fiaik: V. László (1939–2002) és István (1942–). A mv.-i Kőrösi Csoma Sándor Fiú Gimn.-ban tanult, majd inas volt a Székely–Réti, valamint a Bustya bútorgyár műhelyeiben. A román katonai tengerészetnél teljesítette a katonaságot (1930–31). Csónaktervező és építő mester a szászrégeni Diamanstein / Nautica Rt. asztalos műhelyben (1932. szept. 1. – 1940. szept. 5.), majd a részvényesek létesítette gyárban (1935. okt. 20.), amely erdőfelvásárlással és kitermeléssel, fafeldolgozással (háztartási eszközök, sportfelszerelések, játékok, faházak, csónakok, tűzifa előállítással stb.) foglalkozott, héttagú vezetőtanácsa, igazgatója Diamantstein Maximilián, a gyár egyik régebbi tulajdonosa volt. Wickhardt Mihállyal, az MTK margitszigeti csónakház tervezőjével és még három társával elkezdték a csónakgyártást. A teleormáni Iliescu Brânceni testvérek megvásárolták a szászrégeni csónaképítő műhelyt és Nautica Rt. néven folytatták a többféle csónakgyártást (1932–). A gyárat Giurgiuba költöztették (1940–). A Foresta deszkagyárban dolgozott (1940–44). Besorozták katonának (1944–), szovjet fogságba került (1945. máj. 10. – 1945. szept.), súlyos betegen küldték vissza Romániába. A 165 alkalmazottat foglalkoztató Reghinul Fafeldolgozó RT-ben kezdték újra a csónaképítést (1947. őszén), államosításakor kinevezett igazgatója a gyárnak (1948–), majd hat hónap után, részleg vezető (–1968). Heidel Leopold, Turcsics Ferenc régi és új munkatársakkal sikerült megkezdeniük a túra- és sétacsónakok mellett a vitorlás sportcsónakok, kajakok, skiffek és kenuk építését, gyártását (1952–70). Az olimpiákon (Helsinki, Melbourn, Róma, Tokió) és a balkáni, európai és világbajnokságokon arattak sikereket ezekkel. A melbournei olimpián 3 aranyérmet nyertek a szászrégeni kenuval: Leon Rottman, aranyérmet kapott ezer és tízezer méteren (1956), Simion Ismalciuc és Dumitru Alexe szintén tízezer méteren nyert. A csónakgyártással elért eredményekért megkapta a Munkaérdemrend III. (1954) és II. fokozatával (1973). A csónaképítők és evezősök emlékére avattak szobrot Szászrégenben, a Melbournei Olimpián elért siker 50. évfordulóján (2006. nov.), ifj. Jorga Ferenc alkotását. Post mortem a Szászrégen város díszpolgára lett (2006). <br /><strong>– Irod.:</strong> Bartos Zoltán; Bartos Zoltán-Varga István: Ambarcaţiuni reghinene (Cl-N., 2013); Bíró Donát; Varga László: Így kezdtük&#8230;: A csónakgyártás történetéből (V. Z., 1969. aug. 19.); Vajda Ferenc: Régeni csónakgyártás (Új Élet, 1979, 24. sz.).</br></p>

<p>Mv., 1908. júl. 26., † Szászrégen, 1993. nov. 15.: asztalos, munkásigazgató, részlegvezető. – Felesége Nagy Ilona Julianna: Fiaik: V. László (1939–2002) és István (1942–). A mv.-i Kőrösi Csoma Sándor Fiú Gimn.-ban tanult, majd inas volt a Székely–Réti, valamint a Bustya bútorgyár műhelyeiben. A román katonai tengerészetnél teljesítette a katonaságot (1930–31). Csónaktervező és építő mester a [&hellip;]</p>
