{"id":24171,"date":"2025-08-01T17:57:21","date_gmt":"2025-08-01T15:57:21","guid":{"rendered":"https:\/\/uj.adatbank.ro\/lexikon\/termek\/varga-mihaly\/"},"modified":"2025-08-01T17:57:21","modified_gmt":"2025-08-01T15:57:21","slug":"varga-mihaly","status":"publish","type":"product","link":"https:\/\/uj.adatbank.ro\/lexikon\/termek\/varga-mihaly\/","title":{"rendered":"VARGA Mih\u00e1ly"},"content":{"rendered":"<p>Maross\u00e1rpatak, 1923. j\u00fan 12.\u00a0?, \u2020\u00a0?: francia idegenl\u00e9gi\u00f3s. \u2013 Leventetanonck\u00e9nt vonult be \u00e9s vett r\u00e9szt a 2. vh-ban. A sz\u00f6vets\u00e9gesek fogs\u00e1g\u00e1ba esett (1945), majd be\u00e1llt a francia idegenl\u00e9gi\u00f3ba hogy az \u00e9hhal\u00e1lt elker\u00fclje. \u00d6t \u00e9vet \u00e9lt Afrik\u00e1ban, azt\u00e1n Magyaro.-on telepedett le. Lakatos \u00e9s heggeszt\u0151 volt, Feles\u00e9ge hal\u00e1la ut\u00e1n (2003) visszat\u00e9rt sz\u00fcl\u0151faluj\u00e1ba. <br \/><strong>\u2013 Irod.:<\/strong> Berekm\u00e9ri\u2013G\u00e1lfi.<\/br><\/p>\n","protected":false},"excerpt":{"rendered":"<p>Maross\u00e1rpatak, 1923. j\u00fan 12.\u00a0?, \u2020\u00a0?: francia idegenl\u00e9gi\u00f3s. \u2013 Leventetanonck\u00e9nt vonult be \u00e9s vett r\u00e9szt a 2. vh-ban. A sz\u00f6vets\u00e9gesek fogs\u00e1g\u00e1ba esett (1945), majd be\u00e1llt a francia idegenl\u00e9gi\u00f3ba hogy az \u00e9hhal\u00e1lt elker\u00fclje. \u00d6t \u00e9vet \u00e9lt Afrik\u00e1ban, azt\u00e1n Magyaro.-on telepedett le. Lakatos \u00e9s heggeszt\u0151 volt, Feles\u00e9ge hal\u00e1la ut\u00e1n (2003) visszat\u00e9rt sz\u00fcl\u0151faluj\u00e1ba. \u2013 Irod.: Berekm\u00e9ri\u2013G\u00e1lfi.<\/p>\n","protected":false},"featured_media":0,"comment_status":"open","ping_status":"closed","template":"","meta":[],"product_brand":[],"product_cat":[137],"product_tag":[],"class_list":{"0":"post-24171","1":"product","2":"type-product","3":"status-publish","5":"product_cat-maros-megyei-eletrajzi-lexikon","7":"first","8":"instock","9":"shipping-taxable","10":"product-type-simple"},"_links":{"self":[{"href":"https:\/\/uj.adatbank.ro\/lexikon\/wp-json\/wp\/v2\/product\/24171","targetHints":{"allow":["GET"]}}],"collection":[{"href":"https:\/\/uj.adatbank.ro\/lexikon\/wp-json\/wp\/v2\/product"}],"about":[{"href":"https:\/\/uj.adatbank.ro\/lexikon\/wp-json\/wp\/v2\/types\/product"}],"replies":[{"embeddable":true,"href":"https:\/\/uj.adatbank.ro\/lexikon\/wp-json\/wp\/v2\/comments?post=24171"}],"wp:attachment":[{"href":"https:\/\/uj.adatbank.ro\/lexikon\/wp-json\/wp\/v2\/media?parent=24171"}],"wp:term":[{"taxonomy":"product_brand","embeddable":true,"href":"https:\/\/uj.adatbank.ro\/lexikon\/wp-json\/wp\/v2\/product_brand?post=24171"},{"taxonomy":"product_cat","embeddable":true,"href":"https:\/\/uj.adatbank.ro\/lexikon\/wp-json\/wp\/v2\/product_cat?post=24171"},{"taxonomy":"product_tag","embeddable":true,"href":"https:\/\/uj.adatbank.ro\/lexikon\/wp-json\/wp\/v2\/product_tag?post=24171"}],"curies":[{"name":"wp","href":"https:\/\/api.w.org\/{rel}","templated":true}]}}

VARGA Mihály

<p>Marossárpatak, 1923. jún 12. ?, † ?: francia idegenlégiós. – Leventetanoncként vonult be és vett részt a 2. vh-ban. A szövetségesek fogságába esett (1945), majd beállt a francia idegenlégióba hogy az éhhalált elkerülje. Öt évet élt Afrikában, aztán Magyaro.-on telepedett le. Lakatos és heggesztő volt, Felesége halála után (2003) visszatért szülőfalujába. <br /><strong>– Irod.:</strong> Berekméri–Gálfi.</br></p>

<p>Marossárpatak, 1923. jún 12. ?, † ?: francia idegenlégiós. – Leventetanoncként vonult be és vett részt a 2. vh-ban. A szövetségesek fogságába esett (1945), majd beállt a francia idegenlégióba hogy az éhhalált elkerülje. Öt évet élt Afrikában, aztán Magyaro.-on telepedett le. Lakatos és heggesztő volt, Felesége halála után (2003) visszatért szülőfalujába. – Irod.: Berekméri–Gálfi.</p>
