{"id":24176,"date":"2025-08-01T17:57:33","date_gmt":"2025-08-01T15:57:33","guid":{"rendered":"https:\/\/uj.adatbank.ro\/lexikon\/termek\/varga-sandor-3\/"},"modified":"2025-08-01T17:57:33","modified_gmt":"2025-08-01T15:57:33","slug":"varga-sandor-3","status":"publish","type":"product","link":"https:\/\/uj.adatbank.ro\/lexikon\/termek\/varga-sandor-3\/","title":{"rendered":"VARGA S\u00e1ndor"},"content":{"rendered":"<p>Ny\u00e1r\u00e1dszentm\u00e1rton, 1891. m\u00e1rc. 18., \u2020 Ny\u00e1r\u00e1dszentm\u00e1rton, 1965. m\u00e1rc.: f\u00f6ldm\u0171ves. \u2013 Az I. vh.-ban tartal\u00e9kos \u0151rvezet\u0151, vit\u00e9zi avat\u00e1sa; 1942. j\u00fan. 18. <br \/><strong>\u2013 Irod.:<\/strong> Berekm\u00e9ri\u2013Nemes.<\/br><\/p>\n","protected":false},"excerpt":{"rendered":"<p>Ny\u00e1r\u00e1dszentm\u00e1rton, 1891. m\u00e1rc. 18., \u2020 Ny\u00e1r\u00e1dszentm\u00e1rton, 1965. m\u00e1rc.: f\u00f6ldm\u0171ves. \u2013 Az I. vh.-ban tartal\u00e9kos \u0151rvezet\u0151, vit\u00e9zi avat\u00e1sa; 1942. j\u00fan. 18. \u2013 Irod.: Berekm\u00e9ri\u2013Nemes.<\/p>\n","protected":false},"featured_media":0,"comment_status":"open","ping_status":"closed","template":"","meta":[],"product_brand":[],"product_cat":[137],"product_tag":[],"class_list":{"0":"post-24176","1":"product","2":"type-product","3":"status-publish","5":"product_cat-maros-megyei-eletrajzi-lexikon","7":"first","8":"instock","9":"shipping-taxable","10":"product-type-simple"},"_links":{"self":[{"href":"https:\/\/uj.adatbank.ro\/lexikon\/wp-json\/wp\/v2\/product\/24176","targetHints":{"allow":["GET"]}}],"collection":[{"href":"https:\/\/uj.adatbank.ro\/lexikon\/wp-json\/wp\/v2\/product"}],"about":[{"href":"https:\/\/uj.adatbank.ro\/lexikon\/wp-json\/wp\/v2\/types\/product"}],"replies":[{"embeddable":true,"href":"https:\/\/uj.adatbank.ro\/lexikon\/wp-json\/wp\/v2\/comments?post=24176"}],"wp:attachment":[{"href":"https:\/\/uj.adatbank.ro\/lexikon\/wp-json\/wp\/v2\/media?parent=24176"}],"wp:term":[{"taxonomy":"product_brand","embeddable":true,"href":"https:\/\/uj.adatbank.ro\/lexikon\/wp-json\/wp\/v2\/product_brand?post=24176"},{"taxonomy":"product_cat","embeddable":true,"href":"https:\/\/uj.adatbank.ro\/lexikon\/wp-json\/wp\/v2\/product_cat?post=24176"},{"taxonomy":"product_tag","embeddable":true,"href":"https:\/\/uj.adatbank.ro\/lexikon\/wp-json\/wp\/v2\/product_tag?post=24176"}],"curies":[{"name":"wp","href":"https:\/\/api.w.org\/{rel}","templated":true}]}}