{"id":24182,"date":"2025-08-01T17:57:47","date_gmt":"2025-08-01T15:57:47","guid":{"rendered":"https:\/\/uj.adatbank.ro\/lexikon\/termek\/vargancsik-agoston-gusztav\/"},"modified":"2025-08-01T17:57:47","modified_gmt":"2025-08-01T15:57:47","slug":"vargancsik-agoston-gusztav","status":"publish","type":"product","link":"https:\/\/uj.adatbank.ro\/lexikon\/termek\/vargancsik-agoston-gusztav\/","title":{"rendered":"VARGANCSIK \u00c1goston, Guszt\u00e1v"},"content":{"rendered":"<p>? 1897., ? \u2020\u00a0Mv., 1988. okt. 9.: a munk\u00e1smozgalom harcosa. \u2013 A RKP tagja (1921\u2013), fontos p\u00e1rtfeladatokat v\u00e9gzett. Forradalmi tev\u00e9kenys\u00e9ge miatt t\u00f6bbsz\u00f6r letart\u00f3ztatt\u00e1k \u00e9s el\u00edt\u00e9lt\u00e9k. Fontos \u00e1llami- \u00e9s p\u00e1rttiszts\u00e9geket t\u00f6lt\u00f6tt be (1945\u2013). Munk\u00e1ss\u00e1g\u00e1\u00e9rt a RSzK \u00e9rdemrendjeivel \u00e9s \u00e9rdem\u00e9rmeivel t\u00fcntett\u00e9k ki. <br \/><strong>\u2013 Irod.:<\/strong> N\u00e9h\u00e1nyan az RKP 1921\u201322-es Maros megyei tagjai k\u00f6z\u00fcl, akikkel egy\u00fctt \u00fcnnepelj\u00fck a nagy \u00e9vfordul\u00f3t (V.Z., 1971. m\u00e1j. 7.); [Nekrol\u00f3g](V. Z., 1988. okt. 11.; 1988. okt. 12.).<\/br><\/p>\n","protected":false},"excerpt":{"rendered":"<p>? 1897., ? \u2020\u00a0Mv., 1988. okt. 9.: a munk\u00e1smozgalom harcosa. \u2013 A RKP tagja (1921\u2013), fontos p\u00e1rtfeladatokat v\u00e9gzett. Forradalmi tev\u00e9kenys\u00e9ge miatt t\u00f6bbsz\u00f6r letart\u00f3ztatt\u00e1k \u00e9s el\u00edt\u00e9lt\u00e9k. Fontos \u00e1llami- \u00e9s p\u00e1rttiszts\u00e9geket t\u00f6lt\u00f6tt be (1945\u2013). Munk\u00e1ss\u00e1g\u00e1\u00e9rt a RSzK \u00e9rdemrendjeivel \u00e9s \u00e9rdem\u00e9rmeivel t\u00fcntett\u00e9k ki. \u2013 Irod.: N\u00e9h\u00e1nyan az RKP 1921\u201322-es Maros megyei tagjai k\u00f6z\u00fcl, akikkel egy\u00fctt \u00fcnnepelj\u00fck a nagy [&hellip;]<\/p>\n","protected":false},"featured_media":0,"comment_status":"open","ping_status":"closed","template":"","meta":[],"product_brand":[],"product_cat":[137],"product_tag":[],"class_list":{"0":"post-24182","1":"product","2":"type-product","3":"status-publish","5":"product_cat-maros-megyei-eletrajzi-lexikon","7":"first","8":"instock","9":"shipping-taxable","10":"product-type-simple"},"_links":{"self":[{"href":"https:\/\/uj.adatbank.ro\/lexikon\/wp-json\/wp\/v2\/product\/24182","targetHints":{"allow":["GET"]}}],"collection":[{"href":"https:\/\/uj.adatbank.ro\/lexikon\/wp-json\/wp\/v2\/product"}],"about":[{"href":"https:\/\/uj.adatbank.ro\/lexikon\/wp-json\/wp\/v2\/types\/product"}],"replies":[{"embeddable":true,"href":"https:\/\/uj.adatbank.ro\/lexikon\/wp-json\/wp\/v2\/comments?post=24182"}],"wp:attachment":[{"href":"https:\/\/uj.adatbank.ro\/lexikon\/wp-json\/wp\/v2\/media?parent=24182"}],"wp:term":[{"taxonomy":"product_brand","embeddable":true,"href":"https:\/\/uj.adatbank.ro\/lexikon\/wp-json\/wp\/v2\/product_brand?post=24182"},{"taxonomy":"product_cat","embeddable":true,"href":"https:\/\/uj.adatbank.ro\/lexikon\/wp-json\/wp\/v2\/product_cat?post=24182"},{"taxonomy":"product_tag","embeddable":true,"href":"https:\/\/uj.adatbank.ro\/lexikon\/wp-json\/wp\/v2\/product_tag?post=24182"}],"curies":[{"name":"wp","href":"https:\/\/api.w.org\/{rel}","templated":true}]}}

VARGANCSIK Ágoston, Gusztáv

<p>? 1897., ? † Mv., 1988. okt. 9.: a munkásmozgalom harcosa. – A RKP tagja (1921–), fontos pártfeladatokat végzett. Forradalmi tevékenysége miatt többször letartóztatták és elítélték. Fontos állami- és párttisztségeket töltött be (1945–). Munkásságáért a RSzK érdemrendjeivel és érdemérmeivel tüntették ki. <br /><strong>– Irod.:</strong> Néhányan az RKP 1921–22-es Maros megyei tagjai közül, akikkel együtt ünnepeljük a nagy évfordulót (V.Z., 1971. máj. 7.); [Nekrológ](V. Z., 1988. okt. 11.; 1988. okt. 12.).</br></p>

<p>? 1897., ? † Mv., 1988. okt. 9.: a munkásmozgalom harcosa. – A RKP tagja (1921–), fontos pártfeladatokat végzett. Forradalmi tevékenysége miatt többször letartóztatták és elítélték. Fontos állami- és párttisztségeket töltött be (1945–). Munkásságáért a RSzK érdemrendjeivel és érdemérmeivel tüntették ki. – Irod.: Néhányan az RKP 1921–22-es Maros megyei tagjai közül, akikkel együtt ünnepeljük a nagy [&hellip;]</p>
