{"id":24184,"date":"2025-08-01T17:57:52","date_gmt":"2025-08-01T15:57:52","guid":{"rendered":"https:\/\/uj.adatbank.ro\/lexikon\/termek\/vargancsik-lajos-%c2%a7\/"},"modified":"2025-08-01T17:57:52","modified_gmt":"2025-08-01T15:57:52","slug":"vargancsik-lajos-%c2%a7","status":"publish","type":"product","link":"https:\/\/uj.adatbank.ro\/lexikon\/termek\/vargancsik-lajos-%c2%a7\/","title":{"rendered":"VARGANCSIK Lajos, \u00a7"},"content":{"rendered":"<p>1916? \u2020\u00a0Mv., 2008. j\u00fal. 25: \u00e9p\u00edt\u00e9sz. \u2013 Az \u00c9p\u00edt\u00e9szeti Iskola igazgat\u00f3ja (1954\u201356). <br \/><strong>\u2013 Irod.:<\/strong> [Nekrol\u00f3g] (N\u00fa., 2008. j\u00fal. 26.); Szikszai.<\/br><\/p>\n","protected":false},"excerpt":{"rendered":"<p>1916? \u2020\u00a0Mv., 2008. j\u00fal. 25: \u00e9p\u00edt\u00e9sz. \u2013 Az \u00c9p\u00edt\u00e9szeti Iskola igazgat\u00f3ja (1954\u201356). \u2013 Irod.: [Nekrol\u00f3g] (N\u00fa., 2008. j\u00fal. 26.); Szikszai.<\/p>\n","protected":false},"featured_media":0,"comment_status":"open","ping_status":"closed","template":"","meta":[],"product_brand":[],"product_cat":[137],"product_tag":[],"class_list":{"0":"post-24184","1":"product","2":"type-product","3":"status-publish","5":"product_cat-maros-megyei-eletrajzi-lexikon","7":"first","8":"instock","9":"shipping-taxable","10":"product-type-simple"},"_links":{"self":[{"href":"https:\/\/uj.adatbank.ro\/lexikon\/wp-json\/wp\/v2\/product\/24184","targetHints":{"allow":["GET"]}}],"collection":[{"href":"https:\/\/uj.adatbank.ro\/lexikon\/wp-json\/wp\/v2\/product"}],"about":[{"href":"https:\/\/uj.adatbank.ro\/lexikon\/wp-json\/wp\/v2\/types\/product"}],"replies":[{"embeddable":true,"href":"https:\/\/uj.adatbank.ro\/lexikon\/wp-json\/wp\/v2\/comments?post=24184"}],"wp:attachment":[{"href":"https:\/\/uj.adatbank.ro\/lexikon\/wp-json\/wp\/v2\/media?parent=24184"}],"wp:term":[{"taxonomy":"product_brand","embeddable":true,"href":"https:\/\/uj.adatbank.ro\/lexikon\/wp-json\/wp\/v2\/product_brand?post=24184"},{"taxonomy":"product_cat","embeddable":true,"href":"https:\/\/uj.adatbank.ro\/lexikon\/wp-json\/wp\/v2\/product_cat?post=24184"},{"taxonomy":"product_tag","embeddable":true,"href":"https:\/\/uj.adatbank.ro\/lexikon\/wp-json\/wp\/v2\/product_tag?post=24184"}],"curies":[{"name":"wp","href":"https:\/\/api.w.org\/{rel}","templated":true}]}}