{"id":24187,"date":"2025-08-01T17:57:58","date_gmt":"2025-08-01T15:57:58","guid":{"rendered":"https:\/\/uj.adatbank.ro\/lexikon\/termek\/vargha-lajos\/"},"modified":"2025-08-01T17:57:58","modified_gmt":"2025-08-01T15:57:58","slug":"vargha-lajos","status":"publish","type":"product","link":"https:\/\/uj.adatbank.ro\/lexikon\/termek\/vargha-lajos\/","title":{"rendered":"VARGHA Lajos"},"content":{"rendered":"<p>? \u2020\u00a0?: dr. rend\u0151rf\u0151kapit\u00e1ny. \u2013 Mv.-en rend\u0151rf\u0151kapit\u00e1ny (1909). P\u00e1rbajozott P\u00e1ncz\u00e9l Imre lapszerkeszt\u0151vel, aki a Sz\u00e9kely ellenz\u00e9kben kiteregette kor\u00e1bbi kaposv\u00e1ri viselt dolgait (1910). Er\u0151sdy S\u00e1ndor h\u00edve volt Bern\u00e1dy ellen\u00e9ben. Felf\u00fcggesztett\u00e9k \u00e1ll\u00e1s\u00e1b\u00f3l mivel szab\u00e1lytalans\u00e1gokat fedeztek fel a rend\u0151rs\u00e9g m\u0171k\u00f6d\u00e9s\u00e9ben (1910). A bel\u00fcgyminiszt\u00e9rium visszahelyezte kor\u00e1bbi \u00e1ll\u00e1s\u00e1ba, elejtve a kor\u00e1bbi v\u00e1dakat. (1911). <br \/><strong>\u2013 Irod.:<\/strong> Id\u0151t\u00e1r 2.<\/br><\/p>\n","protected":false},"excerpt":{"rendered":"<p>? \u2020\u00a0?: dr. rend\u0151rf\u0151kapit\u00e1ny. \u2013 Mv.-en rend\u0151rf\u0151kapit\u00e1ny (1909). P\u00e1rbajozott P\u00e1ncz\u00e9l Imre lapszerkeszt\u0151vel, aki a Sz\u00e9kely ellenz\u00e9kben kiteregette kor\u00e1bbi kaposv\u00e1ri viselt dolgait (1910). Er\u0151sdy S\u00e1ndor h\u00edve volt Bern\u00e1dy ellen\u00e9ben. Felf\u00fcggesztett\u00e9k \u00e1ll\u00e1s\u00e1b\u00f3l mivel szab\u00e1lytalans\u00e1gokat fedeztek fel a rend\u0151rs\u00e9g m\u0171k\u00f6d\u00e9s\u00e9ben (1910). A bel\u00fcgyminiszt\u00e9rium visszahelyezte kor\u00e1bbi \u00e1ll\u00e1s\u00e1ba, elejtve a kor\u00e1bbi v\u00e1dakat. (1911). \u2013 Irod.: Id\u0151t\u00e1r 2.<\/p>\n","protected":false},"featured_media":0,"comment_status":"open","ping_status":"closed","template":"","meta":[],"product_brand":[],"product_cat":[137],"product_tag":[],"class_list":{"0":"post-24187","1":"product","2":"type-product","3":"status-publish","5":"product_cat-maros-megyei-eletrajzi-lexikon","7":"first","8":"instock","9":"shipping-taxable","10":"product-type-simple"},"_links":{"self":[{"href":"https:\/\/uj.adatbank.ro\/lexikon\/wp-json\/wp\/v2\/product\/24187","targetHints":{"allow":["GET"]}}],"collection":[{"href":"https:\/\/uj.adatbank.ro\/lexikon\/wp-json\/wp\/v2\/product"}],"about":[{"href":"https:\/\/uj.adatbank.ro\/lexikon\/wp-json\/wp\/v2\/types\/product"}],"replies":[{"embeddable":true,"href":"https:\/\/uj.adatbank.ro\/lexikon\/wp-json\/wp\/v2\/comments?post=24187"}],"wp:attachment":[{"href":"https:\/\/uj.adatbank.ro\/lexikon\/wp-json\/wp\/v2\/media?parent=24187"}],"wp:term":[{"taxonomy":"product_brand","embeddable":true,"href":"https:\/\/uj.adatbank.ro\/lexikon\/wp-json\/wp\/v2\/product_brand?post=24187"},{"taxonomy":"product_cat","embeddable":true,"href":"https:\/\/uj.adatbank.ro\/lexikon\/wp-json\/wp\/v2\/product_cat?post=24187"},{"taxonomy":"product_tag","embeddable":true,"href":"https:\/\/uj.adatbank.ro\/lexikon\/wp-json\/wp\/v2\/product_tag?post=24187"}],"curies":[{"name":"wp","href":"https:\/\/api.w.org\/{rel}","templated":true}]}}

<p>? † ?: dr. rendőrfőkapitány. – Mv.-en rendőrfőkapitány (1909). Párbajozott Pánczél Imre lapszerkesztővel, aki a Székely ellenzékben kiteregette korábbi kaposvári viselt dolgait (1910). Erősdy Sándor híve volt Bernády ellenében. Felfüggesztették állásából mivel szabálytalanságokat fedeztek fel a rendőrség működésében (1910). A belügyminisztérium visszahelyezte korábbi állásába, elejtve a korábbi vádakat. (1911). <br /><strong>– Irod.:</strong> Időtár 2.</br></p>

<p>? † ?: dr. rendőrfőkapitány. – Mv.-en rendőrfőkapitány (1909). Párbajozott Pánczél Imre lapszerkesztővel, aki a Székely ellenzékben kiteregette korábbi kaposvári viselt dolgait (1910). Erősdy Sándor híve volt Bernády ellenében. Felfüggesztették állásából mivel szabálytalanságokat fedeztek fel a rendőrség működésében (1910). A belügyminisztérium visszahelyezte korábbi állásába, elejtve a korábbi vádakat. (1911). – Irod.: Időtár 2.</p>
