{"id":24188,"date":"2025-08-01T17:58:00","date_gmt":"2025-08-01T15:58:00","guid":{"rendered":"https:\/\/uj.adatbank.ro\/lexikon\/termek\/vargha-lajos-2\/"},"modified":"2025-08-01T17:58:00","modified_gmt":"2025-08-01T15:58:00","slug":"vargha-lajos-2","status":"publish","type":"product","link":"https:\/\/uj.adatbank.ro\/lexikon\/termek\/vargha-lajos-2\/","title":{"rendered":"VARGHA Lajos"},"content":{"rendered":"<p>? \u2020\u00a0?: nagykeresked\u0151 Mv.-en. \u2013 Az MSE v\u00e1lasztm\u00e1nyi tagja, a Sz\u00e9kelyf\u00f6ldi Tenisz K\u00f6r el\u0151ad\u00f3ja. Sportolt (1920\u2013): tenisz, atl\u00e9tika \u00e9s \u00fasz\u00e1s. K\u00fcl\u00f6n\u00f6sen teniszben \u00e9rt el sikereket: megnyerte a sz\u00e9kelyf\u00f6ldi bajnoks\u00e1got., majd az orsz\u00e1gos megh\u00edv\u00e1sos versenyen f\u00e9rfi p\u00e1rosban lett els\u0151 (1940), feles\u00e9g\u00e9vel megnyerte a vegyes p\u00e1rost is; Kv.-on a KAC orsz\u00e1gos verseny\u00e9n \u00e9s sz\u00e1mos m\u00e1s nagyobb szab\u00e1s\u00fa versenyen \u00e9rt el els\u0151, ill. m\u00e1sodik helyez\u00e9st. Az MSE v\u00e1lasztm\u00e1nyi tagja (1937\u2013), a szakoszt\u00e1ly \u00fcgyvezet\u0151 eln\u00f6ke (1933\u2013). <br \/><strong>\u2013 Irod.:<\/strong> Pluh\u00e1r.<\/br><\/p>\n","protected":false},"excerpt":{"rendered":"<p>? \u2020\u00a0?: nagykeresked\u0151 Mv.-en. \u2013 Az MSE v\u00e1lasztm\u00e1nyi tagja, a Sz\u00e9kelyf\u00f6ldi Tenisz K\u00f6r el\u0151ad\u00f3ja. Sportolt (1920\u2013): tenisz, atl\u00e9tika \u00e9s \u00fasz\u00e1s. K\u00fcl\u00f6n\u00f6sen teniszben \u00e9rt el sikereket: megnyerte a sz\u00e9kelyf\u00f6ldi bajnoks\u00e1got., majd az orsz\u00e1gos megh\u00edv\u00e1sos versenyen f\u00e9rfi p\u00e1rosban lett els\u0151 (1940), feles\u00e9g\u00e9vel megnyerte a vegyes p\u00e1rost is; Kv.-on a KAC orsz\u00e1gos verseny\u00e9n \u00e9s sz\u00e1mos m\u00e1s nagyobb szab\u00e1s\u00fa [&hellip;]<\/p>\n","protected":false},"featured_media":0,"comment_status":"open","ping_status":"closed","template":"","meta":[],"product_brand":[],"product_cat":[137],"product_tag":[],"class_list":{"0":"post-24188","1":"product","2":"type-product","3":"status-publish","5":"product_cat-maros-megyei-eletrajzi-lexikon","7":"first","8":"instock","9":"shipping-taxable","10":"product-type-simple"},"_links":{"self":[{"href":"https:\/\/uj.adatbank.ro\/lexikon\/wp-json\/wp\/v2\/product\/24188","targetHints":{"allow":["GET"]}}],"collection":[{"href":"https:\/\/uj.adatbank.ro\/lexikon\/wp-json\/wp\/v2\/product"}],"about":[{"href":"https:\/\/uj.adatbank.ro\/lexikon\/wp-json\/wp\/v2\/types\/product"}],"replies":[{"embeddable":true,"href":"https:\/\/uj.adatbank.ro\/lexikon\/wp-json\/wp\/v2\/comments?post=24188"}],"wp:attachment":[{"href":"https:\/\/uj.adatbank.ro\/lexikon\/wp-json\/wp\/v2\/media?parent=24188"}],"wp:term":[{"taxonomy":"product_brand","embeddable":true,"href":"https:\/\/uj.adatbank.ro\/lexikon\/wp-json\/wp\/v2\/product_brand?post=24188"},{"taxonomy":"product_cat","embeddable":true,"href":"https:\/\/uj.adatbank.ro\/lexikon\/wp-json\/wp\/v2\/product_cat?post=24188"},{"taxonomy":"product_tag","embeddable":true,"href":"https:\/\/uj.adatbank.ro\/lexikon\/wp-json\/wp\/v2\/product_tag?post=24188"}],"curies":[{"name":"wp","href":"https:\/\/api.w.org\/{rel}","templated":true}]}}

<p>? † ?: nagykereskedő Mv.-en. – Az MSE választmányi tagja, a Székelyföldi Tenisz Kör előadója. Sportolt (1920–): tenisz, atlétika és úszás. Különösen teniszben ért el sikereket: megnyerte a székelyföldi bajnokságot., majd az országos meghívásos versenyen férfi párosban lett első (1940), feleségével megnyerte a vegyes párost is; Kv.-on a KAC országos versenyén és számos más nagyobb szabású versenyen ért el első, ill. második helyezést. Az MSE választmányi tagja (1937–), a szakosztály ügyvezető elnöke (1933–). <br /><strong>– Irod.:</strong> Pluhár.</br></p>

<p>? † ?: nagykereskedő Mv.-en. – Az MSE választmányi tagja, a Székelyföldi Tenisz Kör előadója. Sportolt (1920–): tenisz, atlétika és úszás. Különösen teniszben ért el sikereket: megnyerte a székelyföldi bajnokságot., majd az országos meghívásos versenyen férfi párosban lett első (1940), feleségével megnyerte a vegyes párost is; Kv.-on a KAC országos versenyén és számos más nagyobb szabású [&hellip;]</p>
