{"id":24198,"date":"2025-08-01T17:58:22","date_gmt":"2025-08-01T15:58:22","guid":{"rendered":"https:\/\/uj.adatbank.ro\/lexikon\/termek\/vari-marianna\/"},"modified":"2025-08-01T17:58:22","modified_gmt":"2025-08-01T15:58:22","slug":"vari-marianna","status":"publish","type":"product","link":"https:\/\/uj.adatbank.ro\/lexikon\/termek\/vari-marianna\/","title":{"rendered":"V\u00c1RI Marianna"},"content":{"rendered":"<p>? \u2020\u00a0?: r\u00e1di\u00f3szerkeszt\u0151. \u2013 A Mv.-i R\u00e1di\u00f3 munkat\u00e1rsa (1978\u2013). Szerkesztette A k\u00f6zv\u00e9lem\u00e9ny nev\u00e9ben c. rovatot, majd Kov\u00e1cs Istv\u00e1nnal a N\u00e9gyszemk\u00f6zt portr\u00e9m\u0171sort. A H\u00edroszt\u00e1ly vezet\u00e9se mellett rovatai voltak m\u00e9g: az S.O.S., Id\u0151sebbek hull\u00e1mhossz\u00e1n, Mindennapi f\u00e9lelmeink, A hallgat\u00f3 k\u00e9rdez. <br \/><strong>\u2013 Irod.:<\/strong> Negyven\u00e9ves a Mv.-i R\u00e1di\u00f3: Arcok a mikrofon m\u00f6g\u00fcl (N\u00fa., 1998. febr. 25.).<\/br><\/p>\n","protected":false},"excerpt":{"rendered":"<p>? \u2020\u00a0?: r\u00e1di\u00f3szerkeszt\u0151. \u2013 A Mv.-i R\u00e1di\u00f3 munkat\u00e1rsa (1978\u2013). Szerkesztette A k\u00f6zv\u00e9lem\u00e9ny nev\u00e9ben c. rovatot, majd Kov\u00e1cs Istv\u00e1nnal a N\u00e9gyszemk\u00f6zt portr\u00e9m\u0171sort. A H\u00edroszt\u00e1ly vezet\u00e9se mellett rovatai voltak m\u00e9g: az S.O.S., Id\u0151sebbek hull\u00e1mhossz\u00e1n, Mindennapi f\u00e9lelmeink, A hallgat\u00f3 k\u00e9rdez. \u2013 Irod.: Negyven\u00e9ves a Mv.-i R\u00e1di\u00f3: Arcok a mikrofon m\u00f6g\u00fcl (N\u00fa., 1998. febr. 25.).<\/p>\n","protected":false},"featured_media":0,"comment_status":"open","ping_status":"closed","template":"","meta":[],"product_brand":[],"product_cat":[137],"product_tag":[],"class_list":{"0":"post-24198","1":"product","2":"type-product","3":"status-publish","5":"product_cat-maros-megyei-eletrajzi-lexikon","7":"first","8":"instock","9":"shipping-taxable","10":"product-type-simple"},"_links":{"self":[{"href":"https:\/\/uj.adatbank.ro\/lexikon\/wp-json\/wp\/v2\/product\/24198","targetHints":{"allow":["GET"]}}],"collection":[{"href":"https:\/\/uj.adatbank.ro\/lexikon\/wp-json\/wp\/v2\/product"}],"about":[{"href":"https:\/\/uj.adatbank.ro\/lexikon\/wp-json\/wp\/v2\/types\/product"}],"replies":[{"embeddable":true,"href":"https:\/\/uj.adatbank.ro\/lexikon\/wp-json\/wp\/v2\/comments?post=24198"}],"wp:attachment":[{"href":"https:\/\/uj.adatbank.ro\/lexikon\/wp-json\/wp\/v2\/media?parent=24198"}],"wp:term":[{"taxonomy":"product_brand","embeddable":true,"href":"https:\/\/uj.adatbank.ro\/lexikon\/wp-json\/wp\/v2\/product_brand?post=24198"},{"taxonomy":"product_cat","embeddable":true,"href":"https:\/\/uj.adatbank.ro\/lexikon\/wp-json\/wp\/v2\/product_cat?post=24198"},{"taxonomy":"product_tag","embeddable":true,"href":"https:\/\/uj.adatbank.ro\/lexikon\/wp-json\/wp\/v2\/product_tag?post=24198"}],"curies":[{"name":"wp","href":"https:\/\/api.w.org\/{rel}","templated":true}]}}