{"id":24199,"date":"2025-08-01T17:58:23","date_gmt":"2025-08-01T15:58:23","guid":{"rendered":"https:\/\/uj.adatbank.ro\/lexikon\/termek\/vari-mihaly\/"},"modified":"2025-08-01T17:58:23","modified_gmt":"2025-08-01T15:58:23","slug":"vari-mihaly","status":"publish","type":"product","link":"https:\/\/uj.adatbank.ro\/lexikon\/termek\/vari-mihaly\/","title":{"rendered":"V\u00c1RI Mih\u00e1ly"},"content":{"rendered":"<p>? \u2020\u00a0Toldalag, 1765.: tan\u00edt\u00f3. \u2013 Mv.-en subscib\u00e1lt (1726). Magyarr\u00e9genben (1737\u201341, 1760\u201364), Vajdaszentiv\u00e1nyon (1743\u201345), Magyar\u00f3n (1746\u201359) \u00e9s Toldalagon volt mester hal\u00e1l\u00e1ig (1765). <br \/><strong>\u2013 Irod.:<\/strong> \u0150sz.<\/br><\/p>\n","protected":false},"excerpt":{"rendered":"<p>? \u2020\u00a0Toldalag, 1765.: tan\u00edt\u00f3. \u2013 Mv.-en subscib\u00e1lt (1726). Magyarr\u00e9genben (1737\u201341, 1760\u201364), Vajdaszentiv\u00e1nyon (1743\u201345), Magyar\u00f3n (1746\u201359) \u00e9s Toldalagon volt mester hal\u00e1l\u00e1ig (1765). \u2013 Irod.: \u0150sz.<\/p>\n","protected":false},"featured_media":0,"comment_status":"open","ping_status":"closed","template":"","meta":[],"product_brand":[],"product_cat":[137],"product_tag":[],"class_list":{"0":"post-24199","1":"product","2":"type-product","3":"status-publish","5":"product_cat-maros-megyei-eletrajzi-lexikon","7":"first","8":"instock","9":"shipping-taxable","10":"product-type-simple"},"_links":{"self":[{"href":"https:\/\/uj.adatbank.ro\/lexikon\/wp-json\/wp\/v2\/product\/24199","targetHints":{"allow":["GET"]}}],"collection":[{"href":"https:\/\/uj.adatbank.ro\/lexikon\/wp-json\/wp\/v2\/product"}],"about":[{"href":"https:\/\/uj.adatbank.ro\/lexikon\/wp-json\/wp\/v2\/types\/product"}],"replies":[{"embeddable":true,"href":"https:\/\/uj.adatbank.ro\/lexikon\/wp-json\/wp\/v2\/comments?post=24199"}],"wp:attachment":[{"href":"https:\/\/uj.adatbank.ro\/lexikon\/wp-json\/wp\/v2\/media?parent=24199"}],"wp:term":[{"taxonomy":"product_brand","embeddable":true,"href":"https:\/\/uj.adatbank.ro\/lexikon\/wp-json\/wp\/v2\/product_brand?post=24199"},{"taxonomy":"product_cat","embeddable":true,"href":"https:\/\/uj.adatbank.ro\/lexikon\/wp-json\/wp\/v2\/product_cat?post=24199"},{"taxonomy":"product_tag","embeddable":true,"href":"https:\/\/uj.adatbank.ro\/lexikon\/wp-json\/wp\/v2\/product_tag?post=24199"}],"curies":[{"name":"wp","href":"https:\/\/api.w.org\/{rel}","templated":true}]}}