{"id":24202,"date":"2025-08-01T17:58:29","date_gmt":"2025-08-01T15:58:29","guid":{"rendered":"https:\/\/uj.adatbank.ro\/lexikon\/termek\/varnay-gyozo\/"},"modified":"2025-08-01T17:58:29","modified_gmt":"2025-08-01T15:58:29","slug":"varnay-gyozo","status":"publish","type":"product","link":"https:\/\/uj.adatbank.ro\/lexikon\/termek\/varnay-gyozo\/","title":{"rendered":"V\u00c1RNAY Gy\u0151z\u0151"},"content":{"rendered":"<p>? \u2020\u00a0?: aut\u00f3kell\u00e9kkeresked\u0151. \u2013 Az I. vh.-ban mint \u00f6nk\u00e9ntes gyalogos szolg\u00e1lt a 62. gy. ezredben (1918. febr.- 18. nov.). V\u00e1rnai Gy\u0151z\u0151 \u00e9s Friedmann M\u00e1rkus c\u00e9g n\u00e9ven Mv.-en aut\u00f3szak\u00fczlet\u00fck volt, mely aut\u00f3k v\u00e9tel\u00e9vel \u00e9s elad\u00e1s\u00e1val, valamint azokhoz tartoz\u00f3 alkatr\u00e9szek elad\u00e1s\u00e1val foglalkozott. <br \/><strong>\u2013 Irod.:<\/strong> M. hadviselt zsid\u00f3k; Sz\u00e9kelyf\u00f6ld \u00ed. k.<\/br><\/p>\n","protected":false},"excerpt":{"rendered":"<p>? \u2020\u00a0?: aut\u00f3kell\u00e9kkeresked\u0151. \u2013 Az I. vh.-ban mint \u00f6nk\u00e9ntes gyalogos szolg\u00e1lt a 62. gy. ezredben (1918. febr.- 18. nov.). V\u00e1rnai Gy\u0151z\u0151 \u00e9s Friedmann M\u00e1rkus c\u00e9g n\u00e9ven Mv.-en aut\u00f3szak\u00fczlet\u00fck volt, mely aut\u00f3k v\u00e9tel\u00e9vel \u00e9s elad\u00e1s\u00e1val, valamint azokhoz tartoz\u00f3 alkatr\u00e9szek elad\u00e1s\u00e1val foglalkozott. \u2013 Irod.: M. hadviselt zsid\u00f3k; Sz\u00e9kelyf\u00f6ld \u00ed. k.<\/p>\n","protected":false},"featured_media":0,"comment_status":"open","ping_status":"closed","template":"","meta":[],"product_brand":[],"product_cat":[137],"product_tag":[],"class_list":{"0":"post-24202","1":"product","2":"type-product","3":"status-publish","5":"product_cat-maros-megyei-eletrajzi-lexikon","7":"first","8":"instock","9":"shipping-taxable","10":"product-type-simple"},"_links":{"self":[{"href":"https:\/\/uj.adatbank.ro\/lexikon\/wp-json\/wp\/v2\/product\/24202","targetHints":{"allow":["GET"]}}],"collection":[{"href":"https:\/\/uj.adatbank.ro\/lexikon\/wp-json\/wp\/v2\/product"}],"about":[{"href":"https:\/\/uj.adatbank.ro\/lexikon\/wp-json\/wp\/v2\/types\/product"}],"replies":[{"embeddable":true,"href":"https:\/\/uj.adatbank.ro\/lexikon\/wp-json\/wp\/v2\/comments?post=24202"}],"wp:attachment":[{"href":"https:\/\/uj.adatbank.ro\/lexikon\/wp-json\/wp\/v2\/media?parent=24202"}],"wp:term":[{"taxonomy":"product_brand","embeddable":true,"href":"https:\/\/uj.adatbank.ro\/lexikon\/wp-json\/wp\/v2\/product_brand?post=24202"},{"taxonomy":"product_cat","embeddable":true,"href":"https:\/\/uj.adatbank.ro\/lexikon\/wp-json\/wp\/v2\/product_cat?post=24202"},{"taxonomy":"product_tag","embeddable":true,"href":"https:\/\/uj.adatbank.ro\/lexikon\/wp-json\/wp\/v2\/product_tag?post=24202"}],"curies":[{"name":"wp","href":"https:\/\/api.w.org\/{rel}","templated":true}]}}