{"id":24203,"date":"2025-08-01T17:58:31","date_gmt":"2025-08-01T15:58:31","guid":{"rendered":"https:\/\/uj.adatbank.ro\/lexikon\/termek\/varo-gezane-csato-gabriella-jankafalvi\/"},"modified":"2025-08-01T17:58:31","modified_gmt":"2025-08-01T15:58:31","slug":"varo-gezane-csato-gabriella-jankafalvi","status":"publish","type":"product","link":"https:\/\/uj.adatbank.ro\/lexikon\/termek\/varo-gezane-csato-gabriella-jankafalvi\/","title":{"rendered":"V\u00c1R\u00d3 G\u00e9z\u00e1n\u00e9; Csat\u00f3 Gabriella, jankafalvi"},"content":{"rendered":"<p>Dics\u0151szentm\u00e1rton, ? \u2020\u00a0?: dr., tan\u00e1r, ref. tan\u00edt\u00f3k\u00e9pz\u0151 int. igazgat\u00f3. \u2013 Apja Csat\u00f3 G\u00e1bor Kisk\u00fck\u00fcll\u0151megye utols\u00f3 m. alisp\u00e1nja. Tanulm\u00e1nyait Dics\u0151szentm\u00e1rtonban, Sepsiszentgy\u00f6rgy\u00f6n a tan\u00e1rk\u00e9pz\u0151ben \u00e9s Bp.-en a b\u00f6lcs\u00e9szkaron v\u00e9gezte, ahol tan\u00e1ri diplom\u00e1t szerzett (1917). Bp.-en kezdte p\u00e1ly\u00e1j\u00e1t k\u00f6z\u00e9piskolai tan\u00e1rk\u00e9nt, majd hazat\u00e9rt Erd\u00e9lybe (1920\u2013): 3 \u00e9vig Dics\u0151szentm\u00e1rtonban a Ref. Kereskedelmi Iskol\u00e1ban tan\u00edtott, innen Nagyenyedre ker\u00fclt a ref. tan\u00edt\u00f3k\u00e9pz\u0151be, ahol 3 \u00e9vig volt, Brass\u00f3ban tan\u00edtott, majd a sz\u00e9kelyudvarhelyi ref. tan\u00edt\u00f3k\u00e9pz\u0151 tan\u00e1ra, ill. igazgat\u00f3ja lett (1927\u2013). A helyi N\u0151sz\u00f6vets\u00e9g v\u00e1l. tagja \u00e9s az iskola\u00fcgyi szakoszt\u00e1ly eln\u00f6ke, az Udvarhely v\u00e1rmegyei Ref. N\u0151sz\u00f6vets\u00e9g aleln\u00f6ke, az Egyh\u00e1zker\u00fcleti N\u0151sz\u00f6vets\u00e9g v\u00e1l. tagja. <br \/><strong>\u2013 Irod.:<\/strong> EM; Sz\u00e9kelyf\u00f6ld \u00ed. k.<\/br><\/p>\n","protected":false},"excerpt":{"rendered":"<p>Dics\u0151szentm\u00e1rton, ? \u2020\u00a0?: dr., tan\u00e1r, ref. tan\u00edt\u00f3k\u00e9pz\u0151 int. igazgat\u00f3. \u2013 Apja Csat\u00f3 G\u00e1bor Kisk\u00fck\u00fcll\u0151megye utols\u00f3 m. alisp\u00e1nja. Tanulm\u00e1nyait Dics\u0151szentm\u00e1rtonban, Sepsiszentgy\u00f6rgy\u00f6n a tan\u00e1rk\u00e9pz\u0151ben \u00e9s Bp.-en a b\u00f6lcs\u00e9szkaron v\u00e9gezte, ahol tan\u00e1ri diplom\u00e1t szerzett (1917). Bp.-en kezdte p\u00e1ly\u00e1j\u00e1t k\u00f6z\u00e9piskolai tan\u00e1rk\u00e9nt, majd hazat\u00e9rt Erd\u00e9lybe (1920\u2013): 3 \u00e9vig Dics\u0151szentm\u00e1rtonban a Ref. Kereskedelmi Iskol\u00e1ban tan\u00edtott, innen Nagyenyedre ker\u00fclt a ref. tan\u00edt\u00f3k\u00e9pz\u0151be, [&hellip;]<\/p>\n","protected":false},"featured_media":0,"comment_status":"open","ping_status":"closed","template":"","meta":[],"product_brand":[],"product_cat":[137],"product_tag":[],"class_list":{"0":"post-24203","1":"product","2":"type-product","3":"status-publish","5":"product_cat-maros-megyei-eletrajzi-lexikon","7":"first","8":"instock","9":"shipping-taxable","10":"product-type-simple"},"_links":{"self":[{"href":"https:\/\/uj.adatbank.ro\/lexikon\/wp-json\/wp\/v2\/product\/24203","targetHints":{"allow":["GET"]}}],"collection":[{"href":"https:\/\/uj.adatbank.ro\/lexikon\/wp-json\/wp\/v2\/product"}],"about":[{"href":"https:\/\/uj.adatbank.ro\/lexikon\/wp-json\/wp\/v2\/types\/product"}],"replies":[{"embeddable":true,"href":"https:\/\/uj.adatbank.ro\/lexikon\/wp-json\/wp\/v2\/comments?post=24203"}],"wp:attachment":[{"href":"https:\/\/uj.adatbank.ro\/lexikon\/wp-json\/wp\/v2\/media?parent=24203"}],"wp:term":[{"taxonomy":"product_brand","embeddable":true,"href":"https:\/\/uj.adatbank.ro\/lexikon\/wp-json\/wp\/v2\/product_brand?post=24203"},{"taxonomy":"product_cat","embeddable":true,"href":"https:\/\/uj.adatbank.ro\/lexikon\/wp-json\/wp\/v2\/product_cat?post=24203"},{"taxonomy":"product_tag","embeddable":true,"href":"https:\/\/uj.adatbank.ro\/lexikon\/wp-json\/wp\/v2\/product_tag?post=24203"}],"curies":[{"name":"wp","href":"https:\/\/api.w.org\/{rel}","templated":true}]}}

VÁRÓ Gézáné; Csató Gabriella, jankafalvi

<p>Dicsőszentmárton, ? † ?: dr., tanár, ref. tanítóképző int. igazgató. – Apja Csató Gábor Kisküküllőmegye utolsó m. alispánja. Tanulmányait Dicsőszentmártonban, Sepsiszentgyörgyön a tanárképzőben és Bp.-en a bölcsészkaron végezte, ahol tanári diplomát szerzett (1917). Bp.-en kezdte pályáját középiskolai tanárként, majd hazatért Erdélybe (1920–): 3 évig Dicsőszentmártonban a Ref. Kereskedelmi Iskolában tanított, innen Nagyenyedre került a ref. tanítóképzőbe, ahol 3 évig volt, Brassóban tanított, majd a székelyudvarhelyi ref. tanítóképző tanára, ill. igazgatója lett (1927–). A helyi Nőszövetség vál. tagja és az iskolaügyi szakosztály elnöke, az Udvarhely vármegyei Ref. Nőszövetség alelnöke, az Egyházkerületi Nőszövetség vál. tagja. <br /><strong>– Irod.:</strong> EM; Székelyföld í. k.</br></p>

<p>Dicsőszentmárton, ? † ?: dr., tanár, ref. tanítóképző int. igazgató. – Apja Csató Gábor Kisküküllőmegye utolsó m. alispánja. Tanulmányait Dicsőszentmártonban, Sepsiszentgyörgyön a tanárképzőben és Bp.-en a bölcsészkaron végezte, ahol tanári diplomát szerzett (1917). Bp.-en kezdte pályáját középiskolai tanárként, majd hazatért Erdélybe (1920–): 3 évig Dicsőszentmártonban a Ref. Kereskedelmi Iskolában tanított, innen Nagyenyedre került a ref. tanítóképzőbe, [&hellip;]</p>
