{"id":24205,"date":"2025-08-01T17:58:37","date_gmt":"2025-08-01T15:58:37","guid":{"rendered":"https:\/\/uj.adatbank.ro\/lexikon\/termek\/varo-vasile-%c2%a7\/"},"modified":"2025-08-01T17:58:37","modified_gmt":"2025-08-01T15:58:37","slug":"varo-vasile-%c2%a7","status":"publish","type":"product","link":"https:\/\/uj.adatbank.ro\/lexikon\/termek\/varo-vasile-%c2%a7\/","title":{"rendered":"VARO, Vasile, \u00a7"},"content":{"rendered":"<p>Marosszentgy\u00f6rgy, 1894. m\u00e1rc. 24. \u2020 Marosszentgy\u00f6rgy, 1980. dec. 23.: polg\u00e1rmester. \u2013 Elemi iskol\u00e1t a faluban, l\u00edc.-ot Mv.-en v\u00e9gzett. R\u00e9szt vett az I. vh.-ban, majd orosz fogs\u00e1gba ker\u00fclt. Bizalmi emberk\u00e9nt tagja volt a helyi k\u00f6zs\u00e9gi Rom\u00e1n Nemzeti Tan\u00e1csnak (1918. nov. 17.\u2013). Polg\u00e1rmester volt (1934; 1938, 1944). Tagja volt a Principele Carol M\u0171vel\u0151d\u00e9si Alap\u00edtv\u00e1nynak, \u00e9s mint ilyent bev\u00e1lasztott\u00e1k a K\u00f6zs\u00e9gi M\u0171vel\u0151d\u00e9si Tan\u00e1csba (1938. dec. 18). A m. hat\u00f3s\u00e1gok intern\u00e1l\u00f3 t\u00e1borba vitt\u00e9k (1940\u201342). Mv. felszabadul\u00e1sa ut\u00e1n, az els\u0151 polg\u00e1rmestere volt Marosszentgy\u00f6rgynek (1944.szept-okt.), \u00f6nk\u00e9nt \u00e1tadta a funkci\u00f3t Ioan Chelbezannak, mivel az vagy \u0151 j\u00f3l besz\u00e9lt oroszul. \u00c9vtizedeken kereszt\u00fcl f\u0151kur\u00e1tora volt a marosszentgy\u00f6rgyi g.-kat. egyh\u00e1z Egyh\u00e1zi Tan\u00e1cs\u00e1nak. <br \/><strong>\u2013 Irod.:<\/strong> S\u00e2ngeogiu de Mure\u015f; S\u00e2ngeorgiu de Mure\u015f: 1940\u20131944.<\/br><\/p>\n","protected":false},"excerpt":{"rendered":"<p>Marosszentgy\u00f6rgy, 1894. m\u00e1rc. 24. \u2020 Marosszentgy\u00f6rgy, 1980. dec. 23.: polg\u00e1rmester. \u2013 Elemi iskol\u00e1t a faluban, l\u00edc.-ot Mv.-en v\u00e9gzett. R\u00e9szt vett az I. vh.-ban, majd orosz fogs\u00e1gba ker\u00fclt. Bizalmi emberk\u00e9nt tagja volt a helyi k\u00f6zs\u00e9gi Rom\u00e1n Nemzeti Tan\u00e1csnak (1918. nov. 17.\u2013). Polg\u00e1rmester volt (1934; 1938, 1944). Tagja volt a Principele Carol M\u0171vel\u0151d\u00e9si Alap\u00edtv\u00e1nynak, \u00e9s mint ilyent [&hellip;]<\/p>\n","protected":false},"featured_media":0,"comment_status":"open","ping_status":"closed","template":"","meta":[],"product_brand":[],"product_cat":[137],"product_tag":[],"class_list":{"0":"post-24205","1":"product","2":"type-product","3":"status-publish","5":"product_cat-maros-megyei-eletrajzi-lexikon","7":"first","8":"instock","9":"shipping-taxable","10":"product-type-simple"},"_links":{"self":[{"href":"https:\/\/uj.adatbank.ro\/lexikon\/wp-json\/wp\/v2\/product\/24205","targetHints":{"allow":["GET"]}}],"collection":[{"href":"https:\/\/uj.adatbank.ro\/lexikon\/wp-json\/wp\/v2\/product"}],"about":[{"href":"https:\/\/uj.adatbank.ro\/lexikon\/wp-json\/wp\/v2\/types\/product"}],"replies":[{"embeddable":true,"href":"https:\/\/uj.adatbank.ro\/lexikon\/wp-json\/wp\/v2\/comments?post=24205"}],"wp:attachment":[{"href":"https:\/\/uj.adatbank.ro\/lexikon\/wp-json\/wp\/v2\/media?parent=24205"}],"wp:term":[{"taxonomy":"product_brand","embeddable":true,"href":"https:\/\/uj.adatbank.ro\/lexikon\/wp-json\/wp\/v2\/product_brand?post=24205"},{"taxonomy":"product_cat","embeddable":true,"href":"https:\/\/uj.adatbank.ro\/lexikon\/wp-json\/wp\/v2\/product_cat?post=24205"},{"taxonomy":"product_tag","embeddable":true,"href":"https:\/\/uj.adatbank.ro\/lexikon\/wp-json\/wp\/v2\/product_tag?post=24205"}],"curies":[{"name":"wp","href":"https:\/\/api.w.org\/{rel}","templated":true}]}}

<p>Marosszentgyörgy, 1894. márc. 24. † Marosszentgyörgy, 1980. dec. 23.: polgármester. – Elemi iskolát a faluban, líc.-ot Mv.-en végzett. Részt vett az I. vh.-ban, majd orosz fogságba került. Bizalmi emberként tagja volt a helyi községi Román Nemzeti Tanácsnak (1918. nov. 17.–). Polgármester volt (1934; 1938, 1944). Tagja volt a Principele Carol Művelődési Alapítványnak, és mint ilyent beválasztották a Községi Művelődési Tanácsba (1938. dec. 18). A m. hatóságok internáló táborba vitték (1940–42). Mv. felszabadulása után, az első polgármestere volt Marosszentgyörgynek (1944.szept-okt.), önként átadta a funkciót Ioan Chelbezannak, mivel az vagy ő jól beszélt oroszul. Évtizedeken keresztül főkurátora volt a marosszentgyörgyi g.-kat. egyház Egyházi Tanácsának. <br /><strong>– Irod.:</strong> Sângeogiu de Mureş; Sângeorgiu de Mureş: 1940–1944.</br></p>

<p>Marosszentgyörgy, 1894. márc. 24. † Marosszentgyörgy, 1980. dec. 23.: polgármester. – Elemi iskolát a faluban, líc.-ot Mv.-en végzett. Részt vett az I. vh.-ban, majd orosz fogságba került. Bizalmi emberként tagja volt a helyi községi Román Nemzeti Tanácsnak (1918. nov. 17.–). Polgármester volt (1934; 1938, 1944). Tagja volt a Principele Carol Művelődési Alapítványnak, és mint ilyent [&hellip;]</p>
