{"id":24209,"date":"2025-08-01T17:58:45","date_gmt":"2025-08-01T15:58:45","guid":{"rendered":"https:\/\/uj.adatbank.ro\/lexikon\/termek\/varro-andras\/"},"modified":"2025-08-01T17:58:45","modified_gmt":"2025-08-01T15:58:45","slug":"varro-andras","status":"publish","type":"product","link":"https:\/\/uj.adatbank.ro\/lexikon\/termek\/varro-andras\/","title":{"rendered":"VARR\u00d3 Andr\u00e1s"},"content":{"rendered":"<p>Buk., 1911. dec. 5., \u2020\u00a0Sz\u00e9kelyudvarhely, 1999. \u00e1pr. 7.: r. k. pap. \u2013 Papp\u00e1 szentelt\u00e9k (1934. j\u00fan. 29.). Szolg\u00e1lt Gelenc\u00e9n (1934), Lemh\u00e9nyben \u00e9s Gyergy\u00f3csomafalv\u00e1n, Mv.-en (1936\u201338), Kv.-on. Sz\u00e9kelyv\u00e9ck\u00e9re nevezt\u00e9k ki (1941\u201357), amikor templomjav\u00edt\u00e1si munk\u00e1latok folytak. Neh\u00e9z id\u0151kben kitartott, biztatta a h\u00edveit, a szomsz\u00e9dos, pap n\u00e9lk\u00fcl maradt falvakba is elj\u00e1rt mis\u00e9zni. Megjav\u00edttatta a Sz\u00e9kelysz\u00e1ll\u00e1si f\u00edlia templomot (1943), ami m\u00e9g a k\u00f6vetkez\u0151 \u00e9vekben is jav\u00edt\u00e1sra szorult, majd lefestett\u00e9k, a mennyezeti fresk\u00f3k Hargitai L\u00e1szl\u00f3 alkot\u00e1sa. Sz\u00e1rhegyen pl\u00e9b\u00e1nos nyugd\u00edjaz\u00e1s\u00e1ig (1957\u201387). <br \/><strong>\u2013 Irod.:<\/strong> Ferenczi S\u00e1ndor 2009; Maros-k\u00fck\u00fcll\u0151i f\u0151esp.<\/br><\/p>\n","protected":false},"excerpt":{"rendered":"<p>Buk., 1911. dec. 5., \u2020\u00a0Sz\u00e9kelyudvarhely, 1999. \u00e1pr. 7.: r. k. pap. \u2013 Papp\u00e1 szentelt\u00e9k (1934. j\u00fan. 29.). Szolg\u00e1lt Gelenc\u00e9n (1934), Lemh\u00e9nyben \u00e9s Gyergy\u00f3csomafalv\u00e1n, Mv.-en (1936\u201338), Kv.-on. Sz\u00e9kelyv\u00e9ck\u00e9re nevezt\u00e9k ki (1941\u201357), amikor templomjav\u00edt\u00e1si munk\u00e1latok folytak. Neh\u00e9z id\u0151kben kitartott, biztatta a h\u00edveit, a szomsz\u00e9dos, pap n\u00e9lk\u00fcl maradt falvakba is elj\u00e1rt mis\u00e9zni. Megjav\u00edttatta a Sz\u00e9kelysz\u00e1ll\u00e1si f\u00edlia templomot (1943), [&hellip;]<\/p>\n","protected":false},"featured_media":0,"comment_status":"open","ping_status":"closed","template":"","meta":[],"product_brand":[],"product_cat":[137],"product_tag":[],"class_list":{"0":"post-24209","1":"product","2":"type-product","3":"status-publish","5":"product_cat-maros-megyei-eletrajzi-lexikon","7":"first","8":"instock","9":"shipping-taxable","10":"product-type-simple"},"_links":{"self":[{"href":"https:\/\/uj.adatbank.ro\/lexikon\/wp-json\/wp\/v2\/product\/24209","targetHints":{"allow":["GET"]}}],"collection":[{"href":"https:\/\/uj.adatbank.ro\/lexikon\/wp-json\/wp\/v2\/product"}],"about":[{"href":"https:\/\/uj.adatbank.ro\/lexikon\/wp-json\/wp\/v2\/types\/product"}],"replies":[{"embeddable":true,"href":"https:\/\/uj.adatbank.ro\/lexikon\/wp-json\/wp\/v2\/comments?post=24209"}],"wp:attachment":[{"href":"https:\/\/uj.adatbank.ro\/lexikon\/wp-json\/wp\/v2\/media?parent=24209"}],"wp:term":[{"taxonomy":"product_brand","embeddable":true,"href":"https:\/\/uj.adatbank.ro\/lexikon\/wp-json\/wp\/v2\/product_brand?post=24209"},{"taxonomy":"product_cat","embeddable":true,"href":"https:\/\/uj.adatbank.ro\/lexikon\/wp-json\/wp\/v2\/product_cat?post=24209"},{"taxonomy":"product_tag","embeddable":true,"href":"https:\/\/uj.adatbank.ro\/lexikon\/wp-json\/wp\/v2\/product_tag?post=24209"}],"curies":[{"name":"wp","href":"https:\/\/api.w.org\/{rel}","templated":true}]}}

VARRÓ András

<p>Buk., 1911. dec. 5., † Székelyudvarhely, 1999. ápr. 7.: r. k. pap. – Pappá szentelték (1934. jún. 29.). Szolgált Gelencén (1934), Lemhényben és Gyergyócsomafalván, Mv.-en (1936–38), Kv.-on. Székelyvéckére nevezték ki (1941–57), amikor templomjavítási munkálatok folytak. Nehéz időkben kitartott, biztatta a híveit, a szomszédos, pap nélkül maradt falvakba is eljárt misézni. Megjavíttatta a Székelyszállási fília templomot (1943), ami még a következő években is javításra szorult, majd lefestették, a mennyezeti freskók Hargitai László alkotása. Szárhegyen plébános nyugdíjazásáig (1957–87). <br /><strong>– Irod.:</strong> Ferenczi Sándor 2009; Maros-küküllői főesp.</br></p>

<p>Buk., 1911. dec. 5., † Székelyudvarhely, 1999. ápr. 7.: r. k. pap. – Pappá szentelték (1934. jún. 29.). Szolgált Gelencén (1934), Lemhényben és Gyergyócsomafalván, Mv.-en (1936–38), Kv.-on. Székelyvéckére nevezték ki (1941–57), amikor templomjavítási munkálatok folytak. Nehéz időkben kitartott, biztatta a híveit, a szomszédos, pap nélkül maradt falvakba is eljárt misézni. Megjavíttatta a Székelyszállási fília templomot (1943), [&hellip;]</p>
