{"id":24213,"date":"2025-08-01T17:58:56","date_gmt":"2025-08-01T15:58:56","guid":{"rendered":"https:\/\/uj.adatbank.ro\/lexikon\/termek\/varro-jeno\/"},"modified":"2025-08-01T17:58:56","modified_gmt":"2025-08-01T15:58:56","slug":"varro-jeno","status":"publish","type":"product","link":"https:\/\/uj.adatbank.ro\/lexikon\/termek\/varro-jeno\/","title":{"rendered":"VARR\u00d3 Jen\u0151"},"content":{"rendered":"<p>1908., \u2020 Mv., 1940. jan. 25.: ? . \u2013 V. Imre \u00e9s Buk\u00f3 Emma fia. Testv\u00e9rei: V. Erzs\u00e9bet \u2013 Kulcs\u00e1r L\u00e1szl\u00f3n\u00e9; V. Ir\u00e9nke \u2013 Szab\u00f3 L\u00e1szl\u00f3n\u00e9; V. J\u00f3zsef; V. Margit \u2013 Stein Rudolfn\u00e9; V. Emmi \u2013 Barth S\u00e1ndorn\u00e9; V. Imre. Feles\u00e9ge: Theisz Juli\u00e1nna. Le\u00e1nyuk V. Ili. <br \/><strong>\u2013 Irod.:<\/strong> Gy\u00e1szjelent\u0151.<\/br><\/p>\n","protected":false},"excerpt":{"rendered":"<p>1908., \u2020 Mv., 1940. jan. 25.: ? . \u2013 V. Imre \u00e9s Buk\u00f3 Emma fia. Testv\u00e9rei: V. Erzs\u00e9bet \u2013 Kulcs\u00e1r L\u00e1szl\u00f3n\u00e9; V. Ir\u00e9nke \u2013 Szab\u00f3 L\u00e1szl\u00f3n\u00e9; V. J\u00f3zsef; V. Margit \u2013 Stein Rudolfn\u00e9; V. Emmi \u2013 Barth S\u00e1ndorn\u00e9; V. Imre. Feles\u00e9ge: Theisz Juli\u00e1nna. Le\u00e1nyuk V. Ili. \u2013 Irod.: Gy\u00e1szjelent\u0151.<\/p>\n","protected":false},"featured_media":0,"comment_status":"open","ping_status":"closed","template":"","meta":[],"product_brand":[],"product_cat":[137],"product_tag":[],"class_list":{"0":"post-24213","1":"product","2":"type-product","3":"status-publish","5":"product_cat-maros-megyei-eletrajzi-lexikon","7":"first","8":"instock","9":"shipping-taxable","10":"product-type-simple"},"_links":{"self":[{"href":"https:\/\/uj.adatbank.ro\/lexikon\/wp-json\/wp\/v2\/product\/24213","targetHints":{"allow":["GET"]}}],"collection":[{"href":"https:\/\/uj.adatbank.ro\/lexikon\/wp-json\/wp\/v2\/product"}],"about":[{"href":"https:\/\/uj.adatbank.ro\/lexikon\/wp-json\/wp\/v2\/types\/product"}],"replies":[{"embeddable":true,"href":"https:\/\/uj.adatbank.ro\/lexikon\/wp-json\/wp\/v2\/comments?post=24213"}],"wp:attachment":[{"href":"https:\/\/uj.adatbank.ro\/lexikon\/wp-json\/wp\/v2\/media?parent=24213"}],"wp:term":[{"taxonomy":"product_brand","embeddable":true,"href":"https:\/\/uj.adatbank.ro\/lexikon\/wp-json\/wp\/v2\/product_brand?post=24213"},{"taxonomy":"product_cat","embeddable":true,"href":"https:\/\/uj.adatbank.ro\/lexikon\/wp-json\/wp\/v2\/product_cat?post=24213"},{"taxonomy":"product_tag","embeddable":true,"href":"https:\/\/uj.adatbank.ro\/lexikon\/wp-json\/wp\/v2\/product_tag?post=24213"}],"curies":[{"name":"wp","href":"https:\/\/api.w.org\/{rel}","templated":true}]}}