{"id":24216,"date":"2025-08-01T17:59:02","date_gmt":"2025-08-01T15:59:02","guid":{"rendered":"https:\/\/uj.adatbank.ro\/lexikon\/termek\/varro-maria\/"},"modified":"2025-08-01T17:59:02","modified_gmt":"2025-08-01T15:59:02","slug":"varro-maria","status":"publish","type":"product","link":"https:\/\/uj.adatbank.ro\/lexikon\/termek\/varro-maria\/","title":{"rendered":"VARR\u00d3 M\u00e1ria"},"content":{"rendered":"<p>Szatm\u00e1rn\u00e9meti, 1931. m\u00e1j. 8., \u2020 Dics\u0151szentm\u00e1rton, 2004. dec. 31.: fest\u0151, grafikus \u2013 K\u00e9t\u00e9ves m\u0171v\u00e9szeti iskol\u00e1t v\u00e9gzett Buk.-ben Corneliu Baba prof. oszt\u00e1ly\u00e1ban. Dics\u0151szentm\u00e1rtonban telepedett le (1964). Monument\u00e1lis fest\u0151, meleg sz\u00edn\u0171 festm\u00e9nyei vannak, k\u00fcls\u0151 \u00e9s bels\u0151 dekor\u00e1ci\u00f3kat festett, sz\u00edndarabokhoz d\u00edszleteket k\u00e9sz\u00edtett \u00e9s hirdet\u0151 plak\u00e1tokat tervezett. <br \/><strong>\u2013 Irod.:<\/strong> Moldovan, Iuliu: Art\u0103 plastic\u0103 t\u00e2rn\u0103vean\u0103: repere culturale (Tg. M., 2008).<\/br><\/p>\n","protected":false},"excerpt":{"rendered":"<p>Szatm\u00e1rn\u00e9meti, 1931. m\u00e1j. 8., \u2020 Dics\u0151szentm\u00e1rton, 2004. dec. 31.: fest\u0151, grafikus \u2013 K\u00e9t\u00e9ves m\u0171v\u00e9szeti iskol\u00e1t v\u00e9gzett Buk.-ben Corneliu Baba prof. oszt\u00e1ly\u00e1ban. Dics\u0151szentm\u00e1rtonban telepedett le (1964). Monument\u00e1lis fest\u0151, meleg sz\u00edn\u0171 festm\u00e9nyei vannak, k\u00fcls\u0151 \u00e9s bels\u0151 dekor\u00e1ci\u00f3kat festett, sz\u00edndarabokhoz d\u00edszleteket k\u00e9sz\u00edtett \u00e9s hirdet\u0151 plak\u00e1tokat tervezett. \u2013 Irod.: Moldovan, Iuliu: Art\u0103 plastic\u0103 t\u00e2rn\u0103vean\u0103: repere culturale (Tg. M., 2008).<\/p>\n","protected":false},"featured_media":0,"comment_status":"open","ping_status":"closed","template":"","meta":[],"product_brand":[],"product_cat":[137],"product_tag":[],"class_list":{"0":"post-24216","1":"product","2":"type-product","3":"status-publish","5":"product_cat-maros-megyei-eletrajzi-lexikon","7":"first","8":"instock","9":"shipping-taxable","10":"product-type-simple"},"_links":{"self":[{"href":"https:\/\/uj.adatbank.ro\/lexikon\/wp-json\/wp\/v2\/product\/24216","targetHints":{"allow":["GET"]}}],"collection":[{"href":"https:\/\/uj.adatbank.ro\/lexikon\/wp-json\/wp\/v2\/product"}],"about":[{"href":"https:\/\/uj.adatbank.ro\/lexikon\/wp-json\/wp\/v2\/types\/product"}],"replies":[{"embeddable":true,"href":"https:\/\/uj.adatbank.ro\/lexikon\/wp-json\/wp\/v2\/comments?post=24216"}],"wp:attachment":[{"href":"https:\/\/uj.adatbank.ro\/lexikon\/wp-json\/wp\/v2\/media?parent=24216"}],"wp:term":[{"taxonomy":"product_brand","embeddable":true,"href":"https:\/\/uj.adatbank.ro\/lexikon\/wp-json\/wp\/v2\/product_brand?post=24216"},{"taxonomy":"product_cat","embeddable":true,"href":"https:\/\/uj.adatbank.ro\/lexikon\/wp-json\/wp\/v2\/product_cat?post=24216"},{"taxonomy":"product_tag","embeddable":true,"href":"https:\/\/uj.adatbank.ro\/lexikon\/wp-json\/wp\/v2\/product_tag?post=24216"}],"curies":[{"name":"wp","href":"https:\/\/api.w.org\/{rel}","templated":true}]}}

VARRÓ Mária

<p>Szatmárnémeti, 1931. máj. 8., † Dicsőszentmárton, 2004. dec. 31.: festő, grafikus – Kétéves művészeti iskolát végzett Buk.-ben Corneliu Baba prof. osztályában. Dicsőszentmártonban telepedett le (1964). Monumentális festő, meleg színű festményei vannak, külső és belső dekorációkat festett, színdarabokhoz díszleteket készített és hirdető plakátokat tervezett. <br /><strong>– Irod.:</strong> Moldovan, Iuliu: Artă plastică târnăveană: repere culturale (Tg. M., 2008).</br></p>

<p>Szatmárnémeti, 1931. máj. 8., † Dicsőszentmárton, 2004. dec. 31.: festő, grafikus – Kétéves művészeti iskolát végzett Buk.-ben Corneliu Baba prof. osztályában. Dicsőszentmártonban telepedett le (1964). Monumentális festő, meleg színű festményei vannak, külső és belső dekorációkat festett, színdarabokhoz díszleteket készített és hirdető plakátokat tervezett. – Irod.: Moldovan, Iuliu: Artă plastică târnăveană: repere culturale (Tg. M., 2008).</p>
