{"id":24217,"date":"2025-08-01T17:59:05","date_gmt":"2025-08-01T15:59:05","guid":{"rendered":"https:\/\/uj.adatbank.ro\/lexikon\/termek\/varteresz-antal\/"},"modified":"2025-08-01T17:59:05","modified_gmt":"2025-08-01T15:59:05","slug":"varteresz-antal","status":"publish","type":"product","link":"https:\/\/uj.adatbank.ro\/lexikon\/termek\/varteresz-antal\/","title":{"rendered":"V\u00c1RTER\u00c9SZ Antal"},"content":{"rendered":"<p>1874. j\u00fan. 11., \u2020 1908. m\u00e1rc. 23.: r. k. pap. \u2013 Papp\u00e1 szentelt\u00e9k (1899. j\u00fal. 6.). K\u00e1pl\u00e1n Gelenc\u00e9n, Mv.-en (1901\u20131903). Pl\u00e9b\u00e1nos Gyergy\u00f3alfaluban (1903\u201308). <br \/><strong>\u2013 Irod.:<\/strong> Ferenczi S\u00e1ndor 2009.<\/br><\/p>\n","protected":false},"excerpt":{"rendered":"<p>1874. j\u00fan. 11., \u2020 1908. m\u00e1rc. 23.: r. k. pap. \u2013 Papp\u00e1 szentelt\u00e9k (1899. j\u00fal. 6.). K\u00e1pl\u00e1n Gelenc\u00e9n, Mv.-en (1901\u20131903). Pl\u00e9b\u00e1nos Gyergy\u00f3alfaluban (1903\u201308). \u2013 Irod.: Ferenczi S\u00e1ndor 2009.<\/p>\n","protected":false},"featured_media":0,"comment_status":"open","ping_status":"closed","template":"","meta":[],"product_brand":[],"product_cat":[137],"product_tag":[],"class_list":{"0":"post-24217","1":"product","2":"type-product","3":"status-publish","5":"product_cat-maros-megyei-eletrajzi-lexikon","7":"first","8":"instock","9":"shipping-taxable","10":"product-type-simple"},"_links":{"self":[{"href":"https:\/\/uj.adatbank.ro\/lexikon\/wp-json\/wp\/v2\/product\/24217","targetHints":{"allow":["GET"]}}],"collection":[{"href":"https:\/\/uj.adatbank.ro\/lexikon\/wp-json\/wp\/v2\/product"}],"about":[{"href":"https:\/\/uj.adatbank.ro\/lexikon\/wp-json\/wp\/v2\/types\/product"}],"replies":[{"embeddable":true,"href":"https:\/\/uj.adatbank.ro\/lexikon\/wp-json\/wp\/v2\/comments?post=24217"}],"wp:attachment":[{"href":"https:\/\/uj.adatbank.ro\/lexikon\/wp-json\/wp\/v2\/media?parent=24217"}],"wp:term":[{"taxonomy":"product_brand","embeddable":true,"href":"https:\/\/uj.adatbank.ro\/lexikon\/wp-json\/wp\/v2\/product_brand?post=24217"},{"taxonomy":"product_cat","embeddable":true,"href":"https:\/\/uj.adatbank.ro\/lexikon\/wp-json\/wp\/v2\/product_cat?post=24217"},{"taxonomy":"product_tag","embeddable":true,"href":"https:\/\/uj.adatbank.ro\/lexikon\/wp-json\/wp\/v2\/product_tag?post=24217"}],"curies":[{"name":"wp","href":"https:\/\/api.w.org\/{rel}","templated":true}]}}