{"id":24218,"date":"2025-08-01T17:59:07","date_gmt":"2025-08-01T15:59:07","guid":{"rendered":"https:\/\/uj.adatbank.ro\/lexikon\/termek\/varteresz-istvan\/"},"modified":"2025-08-01T17:59:07","modified_gmt":"2025-08-01T15:59:07","slug":"varteresz-istvan","status":"publish","type":"product","link":"https:\/\/uj.adatbank.ro\/lexikon\/termek\/varteresz-istvan\/","title":{"rendered":"V\u00c1RTER\u00c9SZ Istv\u00e1n"},"content":{"rendered":"<p>Gyergy\u00f3remete, 1889., \u2020\u00a0Ny\u00e1r\u00e1dt\u0151, 1944.: k\u00f6rjegyz\u0151. \u2013 V. Antal \u00e9s Berecz Erzs\u00e9bet fia. Feles\u00e9ge: Szentp\u00e9teri Emma. H\u00e1rom gyermek\u00fck k\u00f6z\u00fcl Istv\u00e1n (1931\u20131984) gy\u00f3gyszer\u00e9sz. \u2013 K\u00f6z\u00e9piskol\u00e1it Sz\u00e9kelyudvarhelyen, a jegyz\u0151i tanfolyamot Mv.-en v\u00e9gezte. P\u00e1lyafut\u00e1s\u00e1t Magyarp\u00e9terlak\u00e1n kezdte, onnan K\u00f6rtv\u00e9lyf\u00e1j\u00e1ra ker\u00fclt. Az els\u0151 vh.-ban a 82. sz\u00e9kely gyalog ezredben az orosz fronton mint z\u00e1szl\u00f3s fogs\u00e1gba ker\u00fclt, ahol 5 \u00e9vet volt. Sok\u00e1ig nem tudott \u00e1ll\u00e1st kapni, majd Ny\u00e1r\u00e1dt\u0151n volt k\u00f6rjegyz\u0151 (1940\u2013). <br \/><strong>\u2013 Irod.:<\/strong> Sz\u00e1va 2012; Sz\u00e9kelyf\u00f6ld \u00ed. k.<\/br><\/p>\n","protected":false},"excerpt":{"rendered":"<p>Gyergy\u00f3remete, 1889., \u2020\u00a0Ny\u00e1r\u00e1dt\u0151, 1944.: k\u00f6rjegyz\u0151. \u2013 V. Antal \u00e9s Berecz Erzs\u00e9bet fia. Feles\u00e9ge: Szentp\u00e9teri Emma. H\u00e1rom gyermek\u00fck k\u00f6z\u00fcl Istv\u00e1n (1931\u20131984) gy\u00f3gyszer\u00e9sz. \u2013 K\u00f6z\u00e9piskol\u00e1it Sz\u00e9kelyudvarhelyen, a jegyz\u0151i tanfolyamot Mv.-en v\u00e9gezte. P\u00e1lyafut\u00e1s\u00e1t Magyarp\u00e9terlak\u00e1n kezdte, onnan K\u00f6rtv\u00e9lyf\u00e1j\u00e1ra ker\u00fclt. Az els\u0151 vh.-ban a 82. sz\u00e9kely gyalog ezredben az orosz fronton mint z\u00e1szl\u00f3s fogs\u00e1gba ker\u00fclt, ahol 5 \u00e9vet volt. Sok\u00e1ig [&hellip;]<\/p>\n","protected":false},"featured_media":0,"comment_status":"open","ping_status":"closed","template":"","meta":[],"product_brand":[],"product_cat":[137],"product_tag":[],"class_list":{"0":"post-24218","1":"product","2":"type-product","3":"status-publish","5":"product_cat-maros-megyei-eletrajzi-lexikon","7":"first","8":"instock","9":"shipping-taxable","10":"product-type-simple"},"_links":{"self":[{"href":"https:\/\/uj.adatbank.ro\/lexikon\/wp-json\/wp\/v2\/product\/24218","targetHints":{"allow":["GET"]}}],"collection":[{"href":"https:\/\/uj.adatbank.ro\/lexikon\/wp-json\/wp\/v2\/product"}],"about":[{"href":"https:\/\/uj.adatbank.ro\/lexikon\/wp-json\/wp\/v2\/types\/product"}],"replies":[{"embeddable":true,"href":"https:\/\/uj.adatbank.ro\/lexikon\/wp-json\/wp\/v2\/comments?post=24218"}],"wp:attachment":[{"href":"https:\/\/uj.adatbank.ro\/lexikon\/wp-json\/wp\/v2\/media?parent=24218"}],"wp:term":[{"taxonomy":"product_brand","embeddable":true,"href":"https:\/\/uj.adatbank.ro\/lexikon\/wp-json\/wp\/v2\/product_brand?post=24218"},{"taxonomy":"product_cat","embeddable":true,"href":"https:\/\/uj.adatbank.ro\/lexikon\/wp-json\/wp\/v2\/product_cat?post=24218"},{"taxonomy":"product_tag","embeddable":true,"href":"https:\/\/uj.adatbank.ro\/lexikon\/wp-json\/wp\/v2\/product_tag?post=24218"}],"curies":[{"name":"wp","href":"https:\/\/api.w.org\/{rel}","templated":true}]}}

VÁRTERÉSZ István

<p>Gyergyóremete, 1889., † Nyárádtő, 1944.: körjegyző. – V. Antal és Berecz Erzsébet fia. Felesége: Szentpéteri Emma. Három gyermekük közül István (1931–1984) gyógyszerész. – Középiskoláit Székelyudvarhelyen, a jegyzői tanfolyamot Mv.-en végezte. Pályafutását Magyarpéterlakán kezdte, onnan Körtvélyfájára került. Az első vh.-ban a 82. székely gyalog ezredben az orosz fronton mint zászlós fogságba került, ahol 5 évet volt. Sokáig nem tudott állást kapni, majd Nyárádtőn volt körjegyző (1940–). <br /><strong>– Irod.:</strong> Száva 2012; Székelyföld í. k.</br></p>

<p>Gyergyóremete, 1889., † Nyárádtő, 1944.: körjegyző. – V. Antal és Berecz Erzsébet fia. Felesége: Szentpéteri Emma. Három gyermekük közül István (1931–1984) gyógyszerész. – Középiskoláit Székelyudvarhelyen, a jegyzői tanfolyamot Mv.-en végezte. Pályafutását Magyarpéterlakán kezdte, onnan Körtvélyfájára került. Az első vh.-ban a 82. székely gyalog ezredben az orosz fronton mint zászlós fogságba került, ahol 5 évet volt. Sokáig [&hellip;]</p>
