{"id":24219,"date":"2025-08-01T17:59:09","date_gmt":"2025-08-01T15:59:09","guid":{"rendered":"https:\/\/uj.adatbank.ro\/lexikon\/termek\/varteresz-istvan-2\/"},"modified":"2025-08-01T17:59:09","modified_gmt":"2025-08-01T15:59:09","slug":"varteresz-istvan-2","status":"publish","type":"product","link":"https:\/\/uj.adatbank.ro\/lexikon\/termek\/varteresz-istvan-2\/","title":{"rendered":"V\u00c1RTER\u00c9SZ Istv\u00e1n"},"content":{"rendered":"<p>Meggyesfalva, 1931. \u00e1pr. 22., \u2020\u00a0Mv., 1984. okt. 9.: gy\u00f3gyszer\u00e9sz. \u2013 V. I jegyz\u0151 (\u20201944) \u00e9s Szentp\u00e9teri Emma fia. Feles\u00e9ge: Szombati Roz\u00e1lia tan\u00edt\u00f3n\u0151 (esk\u00fcv\u0151 1959), k\u00e9t le\u00e1nyuk sz\u00fcletett. \u2013 Iskol\u00e1it Lukafalv\u00e1n (ma D\u00f3zsa Gy\u00f6rgy) kezdte, a mv.-i R. K. gimn.-ban folytatta, majd a M. Fi\u00fal\u00edc.-ban fejezte be (1950). Egy \u00e9vet a kv.-i BTE m. nyelv \u00e9s irodalom szak\u00e1n v\u00e9gzett, egy \u00e9vet tisztvisel\u0151k\u00e9nt dolgozott, majd beiratkozott a MOGYI Gy\u00f3gyszer\u00e9szeti Kar\u00e1ra, ahol gy\u00f3gyszer\u00e9sz diplom\u00e1t szerzett (1957). Ny\u00e1r\u00e1dmagyar\u00f3son, Dics\u0151szentm\u00e1rtonban \u00e9s v\u00e9g\u00fcl Mv.-en gy\u00f3gyszer\u00e9sz, majd f\u0151gy\u00f3gyszer\u00e9sz. Szakdolgozataiban a gy\u00f3gyszer\u00e9szet gyakorlati k\u00e9rd\u00e9seivel foglalkozott. Tanulm\u00e1nyai megjelentek a Farmacia, Practica Farmaceutica, Gy\u00f3gyszer\u00e9szet, \u00c9rtes\u00edt\u0151, ill. Gy\u00f3gyszer\u00e9sz \u00c9rtes\u00edt\u0151-ben, a Rom\u00e1n Gy\u00f3gyszerk\u00f6nyvben. Orvosi vonatkoz\u00e1s\u00fa helyt\u00f6rt\u00e9neti cikkei jelentek meg pl. Mv. tudom\u00e1nyn\u00e9pszer\u0171s\u00edt\u0151 mozgalm\u00e1nak kialakul\u00e1s\u00e1r\u00f3l, a v\u00e1rosi k\u00f3rh\u00e1z t\u00f6rt\u00e9net\u00e9r\u0151l, neves orvosair\u00f3l (Kn\u00f6pfler Vilmos, Szotyori J\u00f3zsef munk\u00e1ss\u00e1g\u00e1r\u00f3l), a zeneiskol\u00e1r\u00f3l, Gecse D\u00e1nielr\u0151l Schmidt B\u00e9l\u00e1r\u00f3l. \u00cdr\u00e1sait k\u00f6z\u00f6lte a V.Z., \u00daj \u00c9let, Orvosi Szemle k\u00f6z\u00f6lte az \u00c9rtes\u00edt\u0151, ill. Gy\u00f3gyszer\u00e9sz \u00c9rtes\u00edt\u0151-ben, a Rom\u00e1n Gy\u00f3gyszerk\u00f6nyvben, a Gy\u00f3gyszer\u00e9szetben, a Practica Farmaceutica szaklapokban. T\u00f6bb szakmai el\u0151ad\u00e1st is tartott szimp\u00f3ziumokon. <br \/><strong>\u2013 Irod.:<\/strong> [Nekrol\u00f3g] (V. Z., 1984. okt. 11.); P\u00e9ter H. M; P\u00e9ter H. M. 2013; RMIL; Sz\u00e1va 2012.<\/br><\/p>\n","protected":false},"excerpt":{"rendered":"<p>Meggyesfalva, 1931. \u00e1pr. 22., \u2020\u00a0Mv., 1984. okt. 9.: gy\u00f3gyszer\u00e9sz. \u2013 V. I jegyz\u0151 (\u20201944) \u00e9s Szentp\u00e9teri Emma fia. Feles\u00e9ge: Szombati Roz\u00e1lia tan\u00edt\u00f3n\u0151 (esk\u00fcv\u0151 1959), k\u00e9t le\u00e1nyuk sz\u00fcletett. \u2013 Iskol\u00e1it Lukafalv\u00e1n (ma D\u00f3zsa Gy\u00f6rgy) kezdte, a mv.-i R. K. gimn.-ban folytatta, majd a M. Fi\u00fal\u00edc.-ban fejezte be (1950). Egy \u00e9vet a kv.-i BTE m. nyelv \u00e9s [&hellip;]<\/p>\n","protected":false},"featured_media":0,"comment_status":"open","ping_status":"closed","template":"","meta":[],"product_brand":[],"product_cat":[137],"product_tag":[],"class_list":{"0":"post-24219","1":"product","2":"type-product","3":"status-publish","5":"product_cat-maros-megyei-eletrajzi-lexikon","7":"first","8":"instock","9":"shipping-taxable","10":"product-type-simple"},"_links":{"self":[{"href":"https:\/\/uj.adatbank.ro\/lexikon\/wp-json\/wp\/v2\/product\/24219","targetHints":{"allow":["GET"]}}],"collection":[{"href":"https:\/\/uj.adatbank.ro\/lexikon\/wp-json\/wp\/v2\/product"}],"about":[{"href":"https:\/\/uj.adatbank.ro\/lexikon\/wp-json\/wp\/v2\/types\/product"}],"replies":[{"embeddable":true,"href":"https:\/\/uj.adatbank.ro\/lexikon\/wp-json\/wp\/v2\/comments?post=24219"}],"wp:attachment":[{"href":"https:\/\/uj.adatbank.ro\/lexikon\/wp-json\/wp\/v2\/media?parent=24219"}],"wp:term":[{"taxonomy":"product_brand","embeddable":true,"href":"https:\/\/uj.adatbank.ro\/lexikon\/wp-json\/wp\/v2\/product_brand?post=24219"},{"taxonomy":"product_cat","embeddable":true,"href":"https:\/\/uj.adatbank.ro\/lexikon\/wp-json\/wp\/v2\/product_cat?post=24219"},{"taxonomy":"product_tag","embeddable":true,"href":"https:\/\/uj.adatbank.ro\/lexikon\/wp-json\/wp\/v2\/product_tag?post=24219"}],"curies":[{"name":"wp","href":"https:\/\/api.w.org\/{rel}","templated":true}]}}

VÁRTERÉSZ István

<p>Meggyesfalva, 1931. ápr. 22., † Mv., 1984. okt. 9.: gyógyszerész. – V. I jegyző (†1944) és Szentpéteri Emma fia. Felesége: Szombati Rozália tanítónő (esküvő 1959), két leányuk született. – Iskoláit Lukafalván (ma Dózsa György) kezdte, a mv.-i R. K. gimn.-ban folytatta, majd a M. Fiúlíc.-ban fejezte be (1950). Egy évet a kv.-i BTE m. nyelv és irodalom szakán végzett, egy évet tisztviselőként dolgozott, majd beiratkozott a MOGYI Gyógyszerészeti Karára, ahol gyógyszerész diplomát szerzett (1957). Nyárádmagyaróson, Dicsőszentmártonban és végül Mv.-en gyógyszerész, majd főgyógyszerész. Szakdolgozataiban a gyógyszerészet gyakorlati kérdéseivel foglalkozott. Tanulmányai megjelentek a Farmacia, Practica Farmaceutica, Gyógyszerészet, Értesítő, ill. Gyógyszerész Értesítő-ben, a Román Gyógyszerkönyvben. Orvosi vonatkozású helytörténeti cikkei jelentek meg pl. Mv. tudománynépszerűsítő mozgalmának kialakulásáról, a városi kórház történetéről, neves orvosairól (Knöpfler Vilmos, Szotyori József munkásságáról), a zeneiskoláról, Gecse Dánielről Schmidt Béláról. Írásait közölte a V.Z., Új Élet, Orvosi Szemle közölte az Értesítő, ill. Gyógyszerész Értesítő-ben, a Román Gyógyszerkönyvben, a Gyógyszerészetben, a Practica Farmaceutica szaklapokban. Több szakmai előadást is tartott szimpóziumokon. <br /><strong>– Irod.:</strong> [Nekrológ] (V. Z., 1984. okt. 11.); Péter H. M; Péter H. M. 2013; RMIL; Száva 2012.</br></p>

<p>Meggyesfalva, 1931. ápr. 22., † Mv., 1984. okt. 9.: gyógyszerész. – V. I jegyző (†1944) és Szentpéteri Emma fia. Felesége: Szombati Rozália tanítónő (esküvő 1959), két leányuk született. – Iskoláit Lukafalván (ma Dózsa György) kezdte, a mv.-i R. K. gimn.-ban folytatta, majd a M. Fiúlíc.-ban fejezte be (1950). Egy évet a kv.-i BTE m. nyelv és [&hellip;]</p>
