{"id":24236,"date":"2025-08-01T17:59:50","date_gmt":"2025-08-01T15:59:50","guid":{"rendered":"https:\/\/uj.adatbank.ro\/lexikon\/termek\/vasarhellyi-andras\/"},"modified":"2025-08-01T17:59:50","modified_gmt":"2025-08-01T15:59:50","slug":"vasarhellyi-andras","status":"publish","type":"product","link":"https:\/\/uj.adatbank.ro\/lexikon\/termek\/vasarhellyi-andras\/","title":{"rendered":"V\u00c1S\u00c1RHELLYI Andr\u00e1s"},"content":{"rendered":"<p>1694, \u2020\u00a01695.: ref. lelk\u00e9sz. \u2013 L\u0151rincfalv\u00e1n ref. pap. <br \/><strong>\u2013 Irod.:<\/strong> Imreh B.<\/br><\/p>\n","protected":false},"excerpt":{"rendered":"<p>1694, \u2020\u00a01695.: ref. lelk\u00e9sz. \u2013 L\u0151rincfalv\u00e1n ref. pap. \u2013 Irod.: Imreh B.<\/p>\n","protected":false},"featured_media":0,"comment_status":"open","ping_status":"closed","template":"","meta":[],"product_brand":[],"product_cat":[137],"product_tag":[],"class_list":{"0":"post-24236","1":"product","2":"type-product","3":"status-publish","5":"product_cat-maros-megyei-eletrajzi-lexikon","7":"first","8":"instock","9":"shipping-taxable","10":"product-type-simple"},"_links":{"self":[{"href":"https:\/\/uj.adatbank.ro\/lexikon\/wp-json\/wp\/v2\/product\/24236","targetHints":{"allow":["GET"]}}],"collection":[{"href":"https:\/\/uj.adatbank.ro\/lexikon\/wp-json\/wp\/v2\/product"}],"about":[{"href":"https:\/\/uj.adatbank.ro\/lexikon\/wp-json\/wp\/v2\/types\/product"}],"replies":[{"embeddable":true,"href":"https:\/\/uj.adatbank.ro\/lexikon\/wp-json\/wp\/v2\/comments?post=24236"}],"wp:attachment":[{"href":"https:\/\/uj.adatbank.ro\/lexikon\/wp-json\/wp\/v2\/media?parent=24236"}],"wp:term":[{"taxonomy":"product_brand","embeddable":true,"href":"https:\/\/uj.adatbank.ro\/lexikon\/wp-json\/wp\/v2\/product_brand?post=24236"},{"taxonomy":"product_cat","embeddable":true,"href":"https:\/\/uj.adatbank.ro\/lexikon\/wp-json\/wp\/v2\/product_cat?post=24236"},{"taxonomy":"product_tag","embeddable":true,"href":"https:\/\/uj.adatbank.ro\/lexikon\/wp-json\/wp\/v2\/product_tag?post=24236"}],"curies":[{"name":"wp","href":"https:\/\/api.w.org\/{rel}","templated":true}]}}