{"id":24254,"date":"2025-08-01T18:00:32","date_gmt":"2025-08-01T16:00:32","guid":{"rendered":"https:\/\/uj.adatbank.ro\/lexikon\/termek\/vasarhelyi-janos\/"},"modified":"2025-08-01T18:00:32","modified_gmt":"2025-08-01T16:00:32","slug":"vasarhelyi-janos","status":"publish","type":"product","link":"https:\/\/uj.adatbank.ro\/lexikon\/termek\/vasarhelyi-janos\/","title":{"rendered":"V\u00c1S\u00c1RHELYI J\u00e1nos"},"content":{"rendered":"<p>Maroscs\u00facs (Feh\u00e9r) \u00e9s nem Mv., 1888. j\u00fan. 12., \u2020 Kv., 1960. dec. 11.: ref. lelk\u00e9sz, p\u00fcsp\u00f6k. \u2013 A k\u00f6z\u00e9piskol\u00e1t a mv.-i Ref. Koll.-ban, egyetemet Kv.-on v\u00e9gzett, majd tanulm\u00e1nyi utakat tett Berlinbe, J\u00e9n\u00e1ba, B\u00e1zelbe \u00e9s G\u00e9nu\u00e1ba. Lelk\u00e9sz Beszterc\u00e9n \u00e9s Kv.-on. d\u00e9k\u00e1n (1923\u201326), p\u00fcsp\u00f6ki vik\u00e1rius (1926\u201336), a ref. protest\u00e1ns egyh\u00e1z erd\u00e9lyi p\u00fcsp\u00f6ke (1936\u2013). 1942-ben negkapta a Magyar \u00c9rdemrend Nagykeresztj\u00e9t. Kiad\u00f3ja a Reform\u00e1tusok lapj\u00e1nak (1923\u20131926), a Reform\u00e1tus Szemle f\u0151szerkeszt\u0151je volt. \u2013  <strong>F. m..:<\/strong> Bizonys\u00e1gt\u00e9tel (Torda, 1925); Egyh\u00e1zunk \u00e9s a reverz\u00e1lisok (Kv., 1926); Megvigasztalva vigasztalni (Torda, 1926); Tudom, kinek hittem (Kv., 1927); Egym\u00e1s k\u00f6z\u00f6tt (1928); Az \u00e9letb\u0151l az \u00e9letnek (1929); A mi istentisztelet\u00fcnk (1929); \u00c1rva Bethlen Kata \u00f6r\u00f6me (1930); Jobban, ti\u00e9d Uram (1930); Reform\u00e1tus \u00e9let (1931); Hittem, az\u00e9rt szoltam (1933); H\u00f3st\u00e1ti lakodalom (1933); A mi hit\u00fcnk (1935); Az \u00c9let \u00fatja (1936); \u00cen slujba lui Isus Hristos (1937); Vas\u00e1rnapr\u00f3l vas\u00e1rnapra (1937); Meg ne feledkezz\u00e9l (s.a.); 2 mi\u00e9rt? 9 mert? (s.a.). A gyermek = \u00dcnnepi k\u00f6nyv. <br \/><strong>\u2013 Irod.:<\/strong> Ga\u00e1l Gy; Predescu RMIL; V. J.: A koll\u00e9giumi \u00e9let (\u00daj Kezdet, 2006. m\u00e1j., 5. sz.; 2006. j\u00fan.\u2013j\u00fal., 6\u20137. sz.); T\u0151k\u00e9s Istv\u00e1n.<\/br><\/p>\n","protected":false},"excerpt":{"rendered":"<p>Maroscs\u00facs (Feh\u00e9r) \u00e9s nem Mv., 1888. j\u00fan. 12., \u2020 Kv., 1960. dec. 11.: ref. lelk\u00e9sz, p\u00fcsp\u00f6k. \u2013 A k\u00f6z\u00e9piskol\u00e1t a mv.-i Ref. Koll.-ban, egyetemet Kv.-on v\u00e9gzett, majd tanulm\u00e1nyi utakat tett Berlinbe, J\u00e9n\u00e1ba, B\u00e1zelbe \u00e9s G\u00e9nu\u00e1ba. Lelk\u00e9sz Beszterc\u00e9n \u00e9s Kv.-on. d\u00e9k\u00e1n (1923\u201326), p\u00fcsp\u00f6ki vik\u00e1rius (1926\u201336), a ref. protest\u00e1ns egyh\u00e1z erd\u00e9lyi p\u00fcsp\u00f6ke (1936\u2013). 1942-ben negkapta a Magyar [&hellip;]<\/p>\n","protected":false},"featured_media":0,"comment_status":"open","ping_status":"closed","template":"","meta":[],"product_brand":[],"product_cat":[137],"product_tag":[],"class_list":{"0":"post-24254","1":"product","2":"type-product","3":"status-publish","5":"product_cat-maros-megyei-eletrajzi-lexikon","7":"first","8":"instock","9":"shipping-taxable","10":"product-type-simple"},"_links":{"self":[{"href":"https:\/\/uj.adatbank.ro\/lexikon\/wp-json\/wp\/v2\/product\/24254","targetHints":{"allow":["GET"]}}],"collection":[{"href":"https:\/\/uj.adatbank.ro\/lexikon\/wp-json\/wp\/v2\/product"}],"about":[{"href":"https:\/\/uj.adatbank.ro\/lexikon\/wp-json\/wp\/v2\/types\/product"}],"replies":[{"embeddable":true,"href":"https:\/\/uj.adatbank.ro\/lexikon\/wp-json\/wp\/v2\/comments?post=24254"}],"wp:attachment":[{"href":"https:\/\/uj.adatbank.ro\/lexikon\/wp-json\/wp\/v2\/media?parent=24254"}],"wp:term":[{"taxonomy":"product_brand","embeddable":true,"href":"https:\/\/uj.adatbank.ro\/lexikon\/wp-json\/wp\/v2\/product_brand?post=24254"},{"taxonomy":"product_cat","embeddable":true,"href":"https:\/\/uj.adatbank.ro\/lexikon\/wp-json\/wp\/v2\/product_cat?post=24254"},{"taxonomy":"product_tag","embeddable":true,"href":"https:\/\/uj.adatbank.ro\/lexikon\/wp-json\/wp\/v2\/product_tag?post=24254"}],"curies":[{"name":"wp","href":"https:\/\/api.w.org\/{rel}","templated":true}]}}

VÁSÁRHELYI János

<p>Maroscsúcs (Fehér) és nem Mv., 1888. jún. 12., † Kv., 1960. dec. 11.: ref. lelkész, püspök. – A középiskolát a mv.-i Ref. Koll.-ban, egyetemet Kv.-on végzett, majd tanulmányi utakat tett Berlinbe, Jénába, Bázelbe és Génuába. Lelkész Besztercén és Kv.-on. dékán (1923–26), püspöki vikárius (1926–36), a ref. protestáns egyház erdélyi püspöke (1936–). 1942-ben negkapta a Magyar Érdemrend Nagykeresztjét. Kiadója a Reformátusok lapjának (1923–1926), a Református Szemle főszerkesztője volt. –  <strong>F. m..:</strong> Bizonyságtétel (Torda, 1925); Egyházunk és a reverzálisok (Kv., 1926); Megvigasztalva vigasztalni (Torda, 1926); Tudom, kinek hittem (Kv., 1927); Egymás között (1928); Az életből az életnek (1929); A mi istentiszteletünk (1929); Árva Bethlen Kata öröme (1930); Jobban, tiéd Uram (1930); Református élet (1931); Hittem, azért szoltam (1933); Hóstáti lakodalom (1933); A mi hitünk (1935); Az Élet útja (1936); În slujba lui Isus Hristos (1937); Vasárnapról vasárnapra (1937); Meg ne feledkezzél (s.a.); 2 miért? 9 mert? (s.a.). A gyermek = Ünnepi könyv. <br /><strong>– Irod.:</strong> Gaál Gy; Predescu RMIL; V. J.: A kollégiumi élet (Új Kezdet, 2006. máj., 5. sz.; 2006. jún.–júl., 6–7. sz.); Tőkés István.</br></p>

<p>Maroscsúcs (Fehér) és nem Mv., 1888. jún. 12., † Kv., 1960. dec. 11.: ref. lelkész, püspök. – A középiskolát a mv.-i Ref. Koll.-ban, egyetemet Kv.-on végzett, majd tanulmányi utakat tett Berlinbe, Jénába, Bázelbe és Génuába. Lelkész Besztercén és Kv.-on. dékán (1923–26), püspöki vikárius (1926–36), a ref. protestáns egyház erdélyi püspöke (1936–). 1942-ben negkapta a Magyar [&hellip;]</p>
