{"id":24270,"date":"2025-08-01T18:01:07","date_gmt":"2025-08-01T16:01:07","guid":{"rendered":"https:\/\/uj.adatbank.ro\/lexikon\/termek\/vasarhelyi-pal\/"},"modified":"2025-08-01T18:01:07","modified_gmt":"2025-08-01T16:01:07","slug":"vasarhelyi-pal","status":"publish","type":"product","link":"https:\/\/uj.adatbank.ro\/lexikon\/termek\/vasarhelyi-pal\/","title":{"rendered":"V\u00c1S\u00c1RHELYI P\u00e1l"},"content":{"rendered":"<p>1795., \u2020\u00a01846.: m\u00e9rn\u00f6k. \u2013 Sz\u00e9chenyi Istv\u00e1n munkat\u00e1rsa. Elk\u00e9sz\u00edtette a Tisza \u00e9s a Vaskapu szab\u00e1lyoz\u00e1s\u00e1nak terv\u00e9t \u00e9s \u00e9p\u00edtette az aldunai m\u0171utat. <br \/><strong>\u2013 Irod.:<\/strong> Paget.<\/br><\/p>\n","protected":false},"excerpt":{"rendered":"<p>1795., \u2020\u00a01846.: m\u00e9rn\u00f6k. \u2013 Sz\u00e9chenyi Istv\u00e1n munkat\u00e1rsa. Elk\u00e9sz\u00edtette a Tisza \u00e9s a Vaskapu szab\u00e1lyoz\u00e1s\u00e1nak terv\u00e9t \u00e9s \u00e9p\u00edtette az aldunai m\u0171utat. \u2013 Irod.: Paget.<\/p>\n","protected":false},"featured_media":0,"comment_status":"open","ping_status":"closed","template":"","meta":[],"product_brand":[],"product_cat":[137],"product_tag":[],"class_list":{"0":"post-24270","1":"product","2":"type-product","3":"status-publish","5":"product_cat-maros-megyei-eletrajzi-lexikon","7":"first","8":"instock","9":"shipping-taxable","10":"product-type-simple"},"_links":{"self":[{"href":"https:\/\/uj.adatbank.ro\/lexikon\/wp-json\/wp\/v2\/product\/24270","targetHints":{"allow":["GET"]}}],"collection":[{"href":"https:\/\/uj.adatbank.ro\/lexikon\/wp-json\/wp\/v2\/product"}],"about":[{"href":"https:\/\/uj.adatbank.ro\/lexikon\/wp-json\/wp\/v2\/types\/product"}],"replies":[{"embeddable":true,"href":"https:\/\/uj.adatbank.ro\/lexikon\/wp-json\/wp\/v2\/comments?post=24270"}],"wp:attachment":[{"href":"https:\/\/uj.adatbank.ro\/lexikon\/wp-json\/wp\/v2\/media?parent=24270"}],"wp:term":[{"taxonomy":"product_brand","embeddable":true,"href":"https:\/\/uj.adatbank.ro\/lexikon\/wp-json\/wp\/v2\/product_brand?post=24270"},{"taxonomy":"product_cat","embeddable":true,"href":"https:\/\/uj.adatbank.ro\/lexikon\/wp-json\/wp\/v2\/product_cat?post=24270"},{"taxonomy":"product_tag","embeddable":true,"href":"https:\/\/uj.adatbank.ro\/lexikon\/wp-json\/wp\/v2\/product_tag?post=24270"}],"curies":[{"name":"wp","href":"https:\/\/api.w.org\/{rel}","templated":true}]}}