{"id":24271,"date":"2025-08-01T18:01:09","date_gmt":"2025-08-01T16:01:09","guid":{"rendered":"https:\/\/uj.adatbank.ro\/lexikon\/termek\/vasarhelyi-pal-deak\/"},"modified":"2025-08-01T18:01:09","modified_gmt":"2025-08-01T16:01:09","slug":"vasarhelyi-pal-deak","status":"publish","type":"product","link":"https:\/\/uj.adatbank.ro\/lexikon\/termek\/vasarhelyi-pal-deak\/","title":{"rendered":"V\u00c1S\u00c1RHELYI P\u00e1l, de\u00e1k"},"content":{"rendered":"<p>? \u2020\u00a0?: fia B\u00e1lint de\u00e1k tiltakozott, hogy Apaffi L\u00e9n\u00e1rt \u00e9s feles\u00e9ge Anna Dorottya a Szent Mikl\u00f3s templomban az \u00e1ltaluk alap\u00edtott Mindenszentek olt\u00e1r\u00e1t a maguk r\u00e9sz\u00e9re \u00f6nhatalm\u00falag lefoglalt\u00e1k (1508). <br \/><strong>\u2013 Irod.:<\/strong> P\u00e1l-Antal 2009.<\/br><\/p>\n","protected":false},"excerpt":{"rendered":"<p>? \u2020\u00a0?: fia B\u00e1lint de\u00e1k tiltakozott, hogy Apaffi L\u00e9n\u00e1rt \u00e9s feles\u00e9ge Anna Dorottya a Szent Mikl\u00f3s templomban az \u00e1ltaluk alap\u00edtott Mindenszentek olt\u00e1r\u00e1t a maguk r\u00e9sz\u00e9re \u00f6nhatalm\u00falag lefoglalt\u00e1k (1508). \u2013 Irod.: P\u00e1l-Antal 2009.<\/p>\n","protected":false},"featured_media":0,"comment_status":"open","ping_status":"closed","template":"","meta":[],"product_brand":[],"product_cat":[137],"product_tag":[],"class_list":{"0":"post-24271","1":"product","2":"type-product","3":"status-publish","5":"product_cat-maros-megyei-eletrajzi-lexikon","7":"first","8":"instock","9":"shipping-taxable","10":"product-type-simple"},"_links":{"self":[{"href":"https:\/\/uj.adatbank.ro\/lexikon\/wp-json\/wp\/v2\/product\/24271","targetHints":{"allow":["GET"]}}],"collection":[{"href":"https:\/\/uj.adatbank.ro\/lexikon\/wp-json\/wp\/v2\/product"}],"about":[{"href":"https:\/\/uj.adatbank.ro\/lexikon\/wp-json\/wp\/v2\/types\/product"}],"replies":[{"embeddable":true,"href":"https:\/\/uj.adatbank.ro\/lexikon\/wp-json\/wp\/v2\/comments?post=24271"}],"wp:attachment":[{"href":"https:\/\/uj.adatbank.ro\/lexikon\/wp-json\/wp\/v2\/media?parent=24271"}],"wp:term":[{"taxonomy":"product_brand","embeddable":true,"href":"https:\/\/uj.adatbank.ro\/lexikon\/wp-json\/wp\/v2\/product_brand?post=24271"},{"taxonomy":"product_cat","embeddable":true,"href":"https:\/\/uj.adatbank.ro\/lexikon\/wp-json\/wp\/v2\/product_cat?post=24271"},{"taxonomy":"product_tag","embeddable":true,"href":"https:\/\/uj.adatbank.ro\/lexikon\/wp-json\/wp\/v2\/product_tag?post=24271"}],"curies":[{"name":"wp","href":"https:\/\/api.w.org\/{rel}","templated":true}]}}

VÁSÁRHELYI Pál, deák

<p>? † ?: fia Bálint deák tiltakozott, hogy Apaffi Lénárt és felesége Anna Dorottya a Szent Miklós templomban az általuk alapított Mindenszentek oltárát a maguk részére önhatalmúlag lefoglalták (1508). <br /><strong>– Irod.:</strong> Pál-Antal 2009.</br></p>

<p>? † ?: fia Bálint deák tiltakozott, hogy Apaffi Lénárt és felesége Anna Dorottya a Szent Miklós templomban az általuk alapított Mindenszentek oltárát a maguk részére önhatalmúlag lefoglalták (1508). – Irod.: Pál-Antal 2009.</p>
