{"id":24272,"date":"2025-08-01T18:01:11","date_gmt":"2025-08-01T16:01:11","guid":{"rendered":"https:\/\/uj.adatbank.ro\/lexikon\/termek\/vasarhelyi-pal-kezdivasarhelyi\/"},"modified":"2025-08-01T18:01:11","modified_gmt":"2025-08-01T16:01:11","slug":"vasarhelyi-pal-kezdivasarhelyi","status":"publish","type":"product","link":"https:\/\/uj.adatbank.ro\/lexikon\/termek\/vasarhelyi-pal-kezdivasarhelyi\/","title":{"rendered":"V\u00c1S\u00c1RHELYI P\u00e1l, K\u00e9zdiv\u00e1s\u00e1rhelyi"},"content":{"rendered":"<p>? \u2020\u00a0?: ref. lelk\u00e9sz. \u2013 Feles\u00e9ge B\u00e9res Anna. \u2013 Lelk\u00e9sz volt Ebesfalv\u00e1n (1727\u201328), Harangl\u00e1bon (1729\u201341), B\u00faz\u00e1sbeseny\u0151ben (1741\u201346), Magyarherep\u00e9n (1746\u201352), Mikefalv\u00e1n (1752\u201354) \u00e9s G\u00f3g\u00e1nban (1755\u201367). <br \/><strong>\u2013 Irod.:<\/strong> K\u00fck\u00fcll\u0151i Ref. Egyh\u00e1zm. 1., 2., 3., 4.<\/br><\/p>\n","protected":false},"excerpt":{"rendered":"<p>? \u2020\u00a0?: ref. lelk\u00e9sz. \u2013 Feles\u00e9ge B\u00e9res Anna. \u2013 Lelk\u00e9sz volt Ebesfalv\u00e1n (1727\u201328), Harangl\u00e1bon (1729\u201341), B\u00faz\u00e1sbeseny\u0151ben (1741\u201346), Magyarherep\u00e9n (1746\u201352), Mikefalv\u00e1n (1752\u201354) \u00e9s G\u00f3g\u00e1nban (1755\u201367). \u2013 Irod.: K\u00fck\u00fcll\u0151i Ref. Egyh\u00e1zm. 1., 2., 3., 4.<\/p>\n","protected":false},"featured_media":0,"comment_status":"open","ping_status":"closed","template":"","meta":[],"product_brand":[],"product_cat":[137],"product_tag":[],"class_list":{"0":"post-24272","1":"product","2":"type-product","3":"status-publish","5":"product_cat-maros-megyei-eletrajzi-lexikon","7":"first","8":"instock","9":"shipping-taxable","10":"product-type-simple"},"_links":{"self":[{"href":"https:\/\/uj.adatbank.ro\/lexikon\/wp-json\/wp\/v2\/product\/24272","targetHints":{"allow":["GET"]}}],"collection":[{"href":"https:\/\/uj.adatbank.ro\/lexikon\/wp-json\/wp\/v2\/product"}],"about":[{"href":"https:\/\/uj.adatbank.ro\/lexikon\/wp-json\/wp\/v2\/types\/product"}],"replies":[{"embeddable":true,"href":"https:\/\/uj.adatbank.ro\/lexikon\/wp-json\/wp\/v2\/comments?post=24272"}],"wp:attachment":[{"href":"https:\/\/uj.adatbank.ro\/lexikon\/wp-json\/wp\/v2\/media?parent=24272"}],"wp:term":[{"taxonomy":"product_brand","embeddable":true,"href":"https:\/\/uj.adatbank.ro\/lexikon\/wp-json\/wp\/v2\/product_brand?post=24272"},{"taxonomy":"product_cat","embeddable":true,"href":"https:\/\/uj.adatbank.ro\/lexikon\/wp-json\/wp\/v2\/product_cat?post=24272"},{"taxonomy":"product_tag","embeddable":true,"href":"https:\/\/uj.adatbank.ro\/lexikon\/wp-json\/wp\/v2\/product_tag?post=24272"}],"curies":[{"name":"wp","href":"https:\/\/api.w.org\/{rel}","templated":true}]}}