{"id":24275,"date":"2025-08-01T18:01:18","date_gmt":"2025-08-01T16:01:18","guid":{"rendered":"https:\/\/uj.adatbank.ro\/lexikon\/termek\/vasarhelyi-szocs-janos\/"},"modified":"2025-08-01T18:01:18","modified_gmt":"2025-08-01T16:01:18","slug":"vasarhelyi-szocs-janos","status":"publish","type":"product","link":"https:\/\/uj.adatbank.ro\/lexikon\/termek\/vasarhelyi-szocs-janos\/","title":{"rendered":"V\u00c1S\u00c1RHELYI Sz\u0151cs J\u00e1nos"},"content":{"rendered":"<p>Mv., 1610\u00a0? \u2020\u00a0?: humanista pr\u00e9dik\u00e1tor, v\u00e1s\u00e1rhelyi b\u00edr\u00f3 fia. \u2013 Feltehet\u0151leg mv.-i sz\u00fclet\u00e9s\u0171. Idehaza \u00e9s Debrecenben tanult (1626\u2013), rektori hivatalt t\u00f6lt\u00f6tt be Zilahon (1631\u201332), ahonnan k\u00fclf\u00f6ldre is ell\u00e1togatv\u00e1n Leidenben (1634), Franekerben, ism\u00e9t Leidenben (1636), ahol disput\u00e1lt (1936), M\u0171v\u00e9t Kuti J\u00e1nosnak a particula rektor\u00e1nak ill. V\u00e1s\u00e1rhely b\u00edr\u00e1j\u00e1nak \u00e9s tan\u00e1cs\u00e1nak aj\u00e1nlotta. Angli\u00e1ban is j\u00e1rt (1638) \u00e9s ott Tolnai Dali J\u00e1nossal \u00e9s t\u00e1rsaival mag\u00e1\u00e9v\u00e1 tette a purit\u00e1nizmus eszm\u00e9j\u00e9t. \u00dcdv\u00f6zl\u0151 verset \u00edrt Nyikos J\u00e1noshoz (1638.). P\u00e1r alkalmi verset \u00edrt Bethlen Istv\u00e1nhoz. Szerepel a Bethlen Krisztina eml\u00e9k\u00e9re \u00f6ssze\u00e1ll\u00edtott Temet\u00e9si pompa c\u00edm\u0171 gy\u0171jtem\u00e9nyben egy hossz\u00fa, magyar nyelv\u0171 b\u00facs\u00faztat\u00f3 verssel, amely szint\u00e9n a leend\u0151 Mur\u00e1nyi V\u00e9nusz egyetlen magzat\u00e1t b\u00facs\u00faztatja Balassi-str\u00f3f\u00e1kban. Gy\u00e1szbesz\u00e9de mintegy alkalmat is szolg\u00e1ltatott a purit\u00e1nusok st\u00edlusegyszer\u0171s\u00edt\u0151 eszt\u00e9tikai elveinek meghirdet\u00e9s\u00e9re. \u2013  <strong>F. m..:<\/strong> B\u00facs\u00faztat\u00f3 versek = Temet\u00e9si pompa (Debrecen, 1632) gr. ikt\u00e1ri Bethlen Christina temet\u00e9se alkalm\u00e1val; Oratio funebris super obitum\u2026 Stephani Bethlen junioris (1632.) (Franeker, 1635.). <br \/><strong>\u2013 Irod.:<\/strong> Id\u0151t\u00e1r 1; Szinnyei; T\u00f3th Istv\u00e1n: A gyulafeh\u00e9rv\u00e1ri humanista k\u00f6lt\u00e9szet antol\u00f3gi\u00e1ja (Bp., 2001); T\u00f3th Istv\u00e1n: Mv. irodalmi m\u0171velts\u00e9g\u00e9r\u0151l 6. (N\u00fa., M\u00fazsa., 453 sz., 2000. aug. 5), Zov\u00e1nyi.<\/br><\/p>\n","protected":false},"excerpt":{"rendered":"<p>Mv., 1610\u00a0? \u2020\u00a0?: humanista pr\u00e9dik\u00e1tor, v\u00e1s\u00e1rhelyi b\u00edr\u00f3 fia. \u2013 Feltehet\u0151leg mv.-i sz\u00fclet\u00e9s\u0171. Idehaza \u00e9s Debrecenben tanult (1626\u2013), rektori hivatalt t\u00f6lt\u00f6tt be Zilahon (1631\u201332), ahonnan k\u00fclf\u00f6ldre is ell\u00e1togatv\u00e1n Leidenben (1634), Franekerben, ism\u00e9t Leidenben (1636), ahol disput\u00e1lt (1936), M\u0171v\u00e9t Kuti J\u00e1nosnak a particula rektor\u00e1nak ill. V\u00e1s\u00e1rhely b\u00edr\u00e1j\u00e1nak \u00e9s tan\u00e1cs\u00e1nak aj\u00e1nlotta. Angli\u00e1ban is j\u00e1rt (1638) \u00e9s ott Tolnai [&hellip;]<\/p>\n","protected":false},"featured_media":0,"comment_status":"open","ping_status":"closed","template":"","meta":[],"product_brand":[],"product_cat":[137],"product_tag":[],"class_list":{"0":"post-24275","1":"product","2":"type-product","3":"status-publish","5":"product_cat-maros-megyei-eletrajzi-lexikon","7":"first","8":"instock","9":"shipping-taxable","10":"product-type-simple"},"_links":{"self":[{"href":"https:\/\/uj.adatbank.ro\/lexikon\/wp-json\/wp\/v2\/product\/24275","targetHints":{"allow":["GET"]}}],"collection":[{"href":"https:\/\/uj.adatbank.ro\/lexikon\/wp-json\/wp\/v2\/product"}],"about":[{"href":"https:\/\/uj.adatbank.ro\/lexikon\/wp-json\/wp\/v2\/types\/product"}],"replies":[{"embeddable":true,"href":"https:\/\/uj.adatbank.ro\/lexikon\/wp-json\/wp\/v2\/comments?post=24275"}],"wp:attachment":[{"href":"https:\/\/uj.adatbank.ro\/lexikon\/wp-json\/wp\/v2\/media?parent=24275"}],"wp:term":[{"taxonomy":"product_brand","embeddable":true,"href":"https:\/\/uj.adatbank.ro\/lexikon\/wp-json\/wp\/v2\/product_brand?post=24275"},{"taxonomy":"product_cat","embeddable":true,"href":"https:\/\/uj.adatbank.ro\/lexikon\/wp-json\/wp\/v2\/product_cat?post=24275"},{"taxonomy":"product_tag","embeddable":true,"href":"https:\/\/uj.adatbank.ro\/lexikon\/wp-json\/wp\/v2\/product_tag?post=24275"}],"curies":[{"name":"wp","href":"https:\/\/api.w.org\/{rel}","templated":true}]}}

VÁSÁRHELYI Szőcs János

<p>Mv., 1610 ? † ?: humanista prédikátor, vásárhelyi bíró fia. – Feltehetőleg mv.-i születésű. Idehaza és Debrecenben tanult (1626–), rektori hivatalt töltött be Zilahon (1631–32), ahonnan külföldre is ellátogatván Leidenben (1634), Franekerben, ismét Leidenben (1636), ahol disputált (1936), Művét Kuti Jánosnak a particula rektorának ill. Vásárhely bírájának és tanácsának ajánlotta. Angliában is járt (1638) és ott Tolnai Dali Jánossal és társaival magáévá tette a puritánizmus eszméjét. Üdvözlő verset írt Nyikos Jánoshoz (1638.). Pár alkalmi verset írt Bethlen Istvánhoz. Szerepel a Bethlen Krisztina emlékére összeállított Temetési pompa című gyűjteményben egy hosszú, magyar nyelvű búcsúztató verssel, amely szintén a leendő Murányi Vénusz egyetlen magzatát búcsúztatja Balassi-strófákban. Gyászbeszéde mintegy alkalmat is szolgáltatott a puritánusok stílusegyszerűsítő esztétikai elveinek meghirdetésére. –  <strong>F. m..:</strong> Búcsúztató versek = Temetési pompa (Debrecen, 1632) gr. iktári Bethlen Christina temetése alkalmával; Oratio funebris super obitum… Stephani Bethlen junioris (1632.) (Franeker, 1635.). <br /><strong>– Irod.:</strong> Időtár 1; Szinnyei; Tóth István: A gyulafehérvári humanista költészet antológiája (Bp., 2001); Tóth István: Mv. irodalmi műveltségéről 6. (Nú., Múzsa., 453 sz., 2000. aug. 5), Zoványi.</br></p>

<p>Mv., 1610 ? † ?: humanista prédikátor, vásárhelyi bíró fia. – Feltehetőleg mv.-i születésű. Idehaza és Debrecenben tanult (1626–), rektori hivatalt töltött be Zilahon (1631–32), ahonnan külföldre is ellátogatván Leidenben (1634), Franekerben, ismét Leidenben (1636), ahol disputált (1936), Művét Kuti Jánosnak a particula rektorának ill. Vásárhely bírájának és tanácsának ajánlotta. Angliában is járt (1638) és ott Tolnai [&hellip;]</p>
