{"id":24277,"date":"2025-08-01T18:01:22","date_gmt":"2025-08-01T16:01:22","guid":{"rendered":"https:\/\/uj.adatbank.ro\/lexikon\/termek\/vasarhelyi-toke-istvan-marosvasarhelyi-id\/"},"modified":"2025-08-01T18:01:22","modified_gmt":"2025-08-01T16:01:22","slug":"vasarhelyi-toke-istvan-marosvasarhelyi-id","status":"publish","type":"product","link":"https:\/\/uj.adatbank.ro\/lexikon\/termek\/vasarhelyi-toke-istvan-marosvasarhelyi-id\/","title":{"rendered":"V\u00c1S\u00c1RHELYI T\u0150KE Istv\u00e1n, Marosv\u00e1s\u00e1rhelyi, id."},"content":{"rendered":"<p>Mv? \u2020 kb. 1717: ref. lelk\u00e9sz, tan\u00e1r. \u2013 Mv.-en legal\u00e1bb egy ideig bizony\u00e1ra tanult is. K\u00fclf\u00f6ldre menv\u00e9n, Franekerben iratkozott be az egyetemre (1689. okt.). Innen 1692-ben hazat\u00e9rv\u00e9n, rektor volt Sz\u00e9kelyudvarhelyen (1695\u2013), 1711-t\u0151l pedig pap Sz\u00e9ken. \u2013  <strong>F. m..:<\/strong> De signis praeambulis regni Christi gloriosi\u2026 (Franeker, 1692.); De regno Christi glorioso\u2026 (Az el\u0151bbinek II. r\u00e9sze). (Franeker, 1692.). <br \/><strong>\u2013 Irod.:<\/strong> Zov\u00e1nyi.<\/br><\/p>\n","protected":false},"excerpt":{"rendered":"<p>Mv? \u2020 kb. 1717: ref. lelk\u00e9sz, tan\u00e1r. \u2013 Mv.-en legal\u00e1bb egy ideig bizony\u00e1ra tanult is. K\u00fclf\u00f6ldre menv\u00e9n, Franekerben iratkozott be az egyetemre (1689. okt.). Innen 1692-ben hazat\u00e9rv\u00e9n, rektor volt Sz\u00e9kelyudvarhelyen (1695\u2013), 1711-t\u0151l pedig pap Sz\u00e9ken. \u2013 F. m..: De signis praeambulis regni Christi gloriosi\u2026 (Franeker, 1692.); De regno Christi glorioso\u2026 (Az el\u0151bbinek II. r\u00e9sze). (Franeker, [&hellip;]<\/p>\n","protected":false},"featured_media":0,"comment_status":"open","ping_status":"closed","template":"","meta":[],"product_brand":[],"product_cat":[137],"product_tag":[],"class_list":{"0":"post-24277","1":"product","2":"type-product","3":"status-publish","5":"product_cat-maros-megyei-eletrajzi-lexikon","7":"first","8":"instock","9":"shipping-taxable","10":"product-type-simple"},"_links":{"self":[{"href":"https:\/\/uj.adatbank.ro\/lexikon\/wp-json\/wp\/v2\/product\/24277","targetHints":{"allow":["GET"]}}],"collection":[{"href":"https:\/\/uj.adatbank.ro\/lexikon\/wp-json\/wp\/v2\/product"}],"about":[{"href":"https:\/\/uj.adatbank.ro\/lexikon\/wp-json\/wp\/v2\/types\/product"}],"replies":[{"embeddable":true,"href":"https:\/\/uj.adatbank.ro\/lexikon\/wp-json\/wp\/v2\/comments?post=24277"}],"wp:attachment":[{"href":"https:\/\/uj.adatbank.ro\/lexikon\/wp-json\/wp\/v2\/media?parent=24277"}],"wp:term":[{"taxonomy":"product_brand","embeddable":true,"href":"https:\/\/uj.adatbank.ro\/lexikon\/wp-json\/wp\/v2\/product_brand?post=24277"},{"taxonomy":"product_cat","embeddable":true,"href":"https:\/\/uj.adatbank.ro\/lexikon\/wp-json\/wp\/v2\/product_cat?post=24277"},{"taxonomy":"product_tag","embeddable":true,"href":"https:\/\/uj.adatbank.ro\/lexikon\/wp-json\/wp\/v2\/product_tag?post=24277"}],"curies":[{"name":"wp","href":"https:\/\/api.w.org\/{rel}","templated":true}]}}

VÁSÁRHELYI TŐKE István, Marosvásárhelyi, id.

<p>Mv? † kb. 1717: ref. lelkész, tanár. – Mv.-en legalább egy ideig bizonyára tanult is. Külföldre menvén, Franekerben iratkozott be az egyetemre (1689. okt.). Innen 1692-ben hazatérvén, rektor volt Székelyudvarhelyen (1695–), 1711-től pedig pap Széken. –  <strong>F. m..:</strong> De signis praeambulis regni Christi gloriosi… (Franeker, 1692.); De regno Christi glorioso… (Az előbbinek II. része). (Franeker, 1692.). <br /><strong>– Irod.:</strong> Zoványi.</br></p>

<p>Mv? † kb. 1717: ref. lelkész, tanár. – Mv.-en legalább egy ideig bizonyára tanult is. Külföldre menvén, Franekerben iratkozott be az egyetemre (1689. okt.). Innen 1692-ben hazatérvén, rektor volt Székelyudvarhelyen (1695–), 1711-től pedig pap Széken. – F. m..: De signis praeambulis regni Christi gloriosi… (Franeker, 1692.); De regno Christi glorioso… (Az előbbinek II. része). (Franeker, [&hellip;]</p>
