{"id":24284,"date":"2025-08-01T18:01:37","date_gmt":"2025-08-01T16:01:37","guid":{"rendered":"https:\/\/uj.adatbank.ro\/lexikon\/termek\/vasies-simion-%c2%a7\/"},"modified":"2025-08-01T18:01:37","modified_gmt":"2025-08-01T16:01:37","slug":"vasies-simion-%c2%a7","status":"publish","type":"product","link":"https:\/\/uj.adatbank.ro\/lexikon\/termek\/vasies-simion-%c2%a7\/","title":{"rendered":"V\u0102SIE\u015e, Simion, \u00a7"},"content":{"rendered":"<p>Szamosmak\u00f3d (Beszterce), 1931. nov. 22. \u2020\u00a0Mv., 1996. m\u00e1rc. 20.: tan\u00e1r. \u2013 A l\u00edc.-ot Nasz\u00f3don, a kv.-i egyetemen geol\u00f3gia-f\u00f6ldrajz szakot v\u00e9gzett (1955\u201361). Gal\u00f3c\u00e1son \u00e9s Marosh\u00e9v\u00edzen tan\u00e1r (1961). Mv.-en az Al. Papiu Ilarian Lic. tan\u00e1ra (1968\u20139, majd igazgat\u00f3ja (1961. szept. 1.\u201378. szept. 1.). Minden tan\u00fcgyi fokozatot megszerzett. R\u00e9szt vett a Salva-Vis\u00f3i vas\u00fat meg\u00e9p\u00edt\u00e9s\u00e9ben; a Nyugati-havasokban \u00e9s a Par\u00e2ng-hegys\u00e9gben f\u00f6ldrajzi kutat\u00e1sokat v\u00e9gzett. \u00c1llami alapokb\u00f3l renov\u00e1ltatta a Papiu L\u00edc. teljes \u00e9p\u00fclet\u00e9t, visszaadva annak eredeti arculat\u00e1t (1969). Eln\u00f6ke volt a Maros megyei F\u00f6ldrajz T\u00e1rsas\u00e1gnak; vezette a f\u00f6ldrajztan\u00e1rok pedag\u00f3giai k\u00f6r\u00e9t a megy\u00e9ben. Nyugalomba vonult (1994). T\u00f6bb kit\u00fcntet\u00e9sben r\u00e9szes\u00fclt: \u00c9lenj\u00e1r\u00f3 tan\u00e1r (Profesor Frunta\u015f, 1966); Munka \u00c9rdemrend III. fokozat (1969). <br \/><strong>\u2013 Irod.:<\/strong> Bui\u2013Borda\u2013Opri\u015f; Dasc\u0103li mure\u015feni, 1.; Papiu.<\/br><\/p>\n","protected":false},"excerpt":{"rendered":"<p>Szamosmak\u00f3d (Beszterce), 1931. nov. 22. \u2020\u00a0Mv., 1996. m\u00e1rc. 20.: tan\u00e1r. \u2013 A l\u00edc.-ot Nasz\u00f3don, a kv.-i egyetemen geol\u00f3gia-f\u00f6ldrajz szakot v\u00e9gzett (1955\u201361). Gal\u00f3c\u00e1son \u00e9s Marosh\u00e9v\u00edzen tan\u00e1r (1961). Mv.-en az Al. Papiu Ilarian Lic. tan\u00e1ra (1968\u20139, majd igazgat\u00f3ja (1961. szept. 1.\u201378. szept. 1.). Minden tan\u00fcgyi fokozatot megszerzett. R\u00e9szt vett a Salva-Vis\u00f3i vas\u00fat meg\u00e9p\u00edt\u00e9s\u00e9ben; a Nyugati-havasokban \u00e9s a [&hellip;]<\/p>\n","protected":false},"featured_media":0,"comment_status":"open","ping_status":"closed","template":"","meta":[],"product_brand":[],"product_cat":[137],"product_tag":[],"class_list":{"0":"post-24284","1":"product","2":"type-product","3":"status-publish","5":"product_cat-maros-megyei-eletrajzi-lexikon","7":"first","8":"instock","9":"shipping-taxable","10":"product-type-simple"},"_links":{"self":[{"href":"https:\/\/uj.adatbank.ro\/lexikon\/wp-json\/wp\/v2\/product\/24284","targetHints":{"allow":["GET"]}}],"collection":[{"href":"https:\/\/uj.adatbank.ro\/lexikon\/wp-json\/wp\/v2\/product"}],"about":[{"href":"https:\/\/uj.adatbank.ro\/lexikon\/wp-json\/wp\/v2\/types\/product"}],"replies":[{"embeddable":true,"href":"https:\/\/uj.adatbank.ro\/lexikon\/wp-json\/wp\/v2\/comments?post=24284"}],"wp:attachment":[{"href":"https:\/\/uj.adatbank.ro\/lexikon\/wp-json\/wp\/v2\/media?parent=24284"}],"wp:term":[{"taxonomy":"product_brand","embeddable":true,"href":"https:\/\/uj.adatbank.ro\/lexikon\/wp-json\/wp\/v2\/product_brand?post=24284"},{"taxonomy":"product_cat","embeddable":true,"href":"https:\/\/uj.adatbank.ro\/lexikon\/wp-json\/wp\/v2\/product_cat?post=24284"},{"taxonomy":"product_tag","embeddable":true,"href":"https:\/\/uj.adatbank.ro\/lexikon\/wp-json\/wp\/v2\/product_tag?post=24284"}],"curies":[{"name":"wp","href":"https:\/\/api.w.org\/{rel}","templated":true}]}}

VĂSIEŞ, Simion, §

<p>Szamosmakód (Beszterce), 1931. nov. 22. † Mv., 1996. márc. 20.: tanár. – A líc.-ot Naszódon, a kv.-i egyetemen geológia-földrajz szakot végzett (1955–61). Galócáson és Maroshévízen tanár (1961). Mv.-en az Al. Papiu Ilarian Lic. tanára (1968–9, majd igazgatója (1961. szept. 1.–78. szept. 1.). Minden tanügyi fokozatot megszerzett. Részt vett a Salva-Visói vasút megépítésében; a Nyugati-havasokban és a Parâng-hegységben földrajzi kutatásokat végzett. Állami alapokból renováltatta a Papiu Líc. teljes épületét, visszaadva annak eredeti arculatát (1969). Elnöke volt a Maros megyei Földrajz Társaságnak; vezette a földrajztanárok pedagógiai körét a megyében. Nyugalomba vonult (1994). Több kitüntetésben részesült: Élenjáró tanár (Profesor Fruntaş, 1966); Munka Érdemrend III. fokozat (1969). <br /><strong>– Irod.:</strong> Bui–Borda–Opriş; Dascăli mureşeni, 1.; Papiu.</br></p>

<p>Szamosmakód (Beszterce), 1931. nov. 22. † Mv., 1996. márc. 20.: tanár. – A líc.-ot Naszódon, a kv.-i egyetemen geológia-földrajz szakot végzett (1955–61). Galócáson és Maroshévízen tanár (1961). Mv.-en az Al. Papiu Ilarian Lic. tanára (1968–9, majd igazgatója (1961. szept. 1.–78. szept. 1.). Minden tanügyi fokozatot megszerzett. Részt vett a Salva-Visói vasút megépítésében; a Nyugati-havasokban és a [&hellip;]</p>
