{"id":24285,"date":"2025-08-01T18:01:40","date_gmt":"2025-08-01T16:01:40","guid":{"rendered":"https:\/\/uj.adatbank.ro\/lexikon\/termek\/vasilescu-gheorghe\/"},"modified":"2025-08-01T18:01:40","modified_gmt":"2025-08-01T16:01:40","slug":"vasilescu-gheorghe","status":"publish","type":"product","link":"https:\/\/uj.adatbank.ro\/lexikon\/termek\/vasilescu-gheorghe\/","title":{"rendered":"VASILESCU, Gheorghe"},"content":{"rendered":"<p>Oie\u015fti (Arg.), 1933. jan. 21., \u2020 Mv., 1999. dec. 10.: orvos. \u2013 Az egyetemet Kv.-on v\u00e9gezte (1961). Mint k\u00f6rzeti orvos dolgozott Asz\u00f3irt\u00e1son(Bihar); gyakornok, tan\u00e1rseg\u00e9d, adjunktus, egyetemi el\u0151ad\u00f3tan\u00e1r, prof. a MOGYI-n (1964) az Endokrinol\u00f3giai Tansz\u00e9ken, ugyanakkor az Endokrinol\u00f3giai Klinika vezet\u0151je 18 \u00e9ven \u00e1t. \u2013  <strong>F. m..:<\/strong>  <strong>t\u00e1rssz.:<\/strong> Endokrinol\u00f3gia: Neuroendokrin k\u00f3rk\u00e9pek (Mv., 1976); Sexualitate uman\u0103 (Tg. M., 1996); Bolile tiroidei la adult \u015fi copii (Tg. M., 1993). <br \/><strong>\u2013 Irod.:<\/strong> C.l. (1999. dec. 11); P\u00e9ter.<\/br><\/p>\n","protected":false},"excerpt":{"rendered":"<p>Oie\u015fti (Arg.), 1933. jan. 21., \u2020 Mv., 1999. dec. 10.: orvos. \u2013 Az egyetemet Kv.-on v\u00e9gezte (1961). Mint k\u00f6rzeti orvos dolgozott Asz\u00f3irt\u00e1son(Bihar); gyakornok, tan\u00e1rseg\u00e9d, adjunktus, egyetemi el\u0151ad\u00f3tan\u00e1r, prof. a MOGYI-n (1964) az Endokrinol\u00f3giai Tansz\u00e9ken, ugyanakkor az Endokrinol\u00f3giai Klinika vezet\u0151je 18 \u00e9ven \u00e1t. \u2013 F. m..: t\u00e1rssz.: Endokrinol\u00f3gia: Neuroendokrin k\u00f3rk\u00e9pek (Mv., 1976); Sexualitate uman\u0103 (Tg. M., [&hellip;]<\/p>\n","protected":false},"featured_media":0,"comment_status":"open","ping_status":"closed","template":"","meta":[],"product_brand":[],"product_cat":[137],"product_tag":[],"class_list":{"0":"post-24285","1":"product","2":"type-product","3":"status-publish","5":"product_cat-maros-megyei-eletrajzi-lexikon","7":"first","8":"instock","9":"shipping-taxable","10":"product-type-simple"},"_links":{"self":[{"href":"https:\/\/uj.adatbank.ro\/lexikon\/wp-json\/wp\/v2\/product\/24285","targetHints":{"allow":["GET"]}}],"collection":[{"href":"https:\/\/uj.adatbank.ro\/lexikon\/wp-json\/wp\/v2\/product"}],"about":[{"href":"https:\/\/uj.adatbank.ro\/lexikon\/wp-json\/wp\/v2\/types\/product"}],"replies":[{"embeddable":true,"href":"https:\/\/uj.adatbank.ro\/lexikon\/wp-json\/wp\/v2\/comments?post=24285"}],"wp:attachment":[{"href":"https:\/\/uj.adatbank.ro\/lexikon\/wp-json\/wp\/v2\/media?parent=24285"}],"wp:term":[{"taxonomy":"product_brand","embeddable":true,"href":"https:\/\/uj.adatbank.ro\/lexikon\/wp-json\/wp\/v2\/product_brand?post=24285"},{"taxonomy":"product_cat","embeddable":true,"href":"https:\/\/uj.adatbank.ro\/lexikon\/wp-json\/wp\/v2\/product_cat?post=24285"},{"taxonomy":"product_tag","embeddable":true,"href":"https:\/\/uj.adatbank.ro\/lexikon\/wp-json\/wp\/v2\/product_tag?post=24285"}],"curies":[{"name":"wp","href":"https:\/\/api.w.org\/{rel}","templated":true}]}}