{"id":24297,"date":"2025-08-01T18:02:07","date_gmt":"2025-08-01T16:02:07","guid":{"rendered":"https:\/\/uj.adatbank.ro\/lexikon\/termek\/vass-aron-%c2%a7-vas-aron\/"},"modified":"2025-08-01T18:02:07","modified_gmt":"2025-08-01T16:02:07","slug":"vass-aron-%c2%a7-vas-aron","status":"publish","type":"product","link":"https:\/\/uj.adatbank.ro\/lexikon\/termek\/vass-aron-%c2%a7-vas-aron\/","title":{"rendered":"VASS \u00c1ron, \u00a7 Vas \u00c1ron"},"content":{"rendered":"<p>Makfalva, 1891 jan. 19., \u2020\u00a0Makfalva, 1979. okt. 24.: naiv szobr\u00e1sz. \u2013 Hat elemit v\u00e9gzett. Apja fazekas volt Makfalv\u00e1n. 14 \u00e9ves kor\u00e1t\u00f3l szobr\u00e1szkodott, szerette az \u00e1llatokat \u00e9s megmint\u00e1zta azokat. Minden darabot k\u00fcl\u00f6n-k\u00fcl\u00f6n k\u00e9sz\u00edtett, \u00f6nt\u00e9shez, negat\u00edv k\u00e9sz\u00edt\u00e9s\u00e9hez nem \u00e9rtett. Kv.-on az els\u0151 n\u00e9pm\u0171v\u00e9szeti ki\u00e1ll\u00edt\u00e1son t\u0171nt fel (1921), majd Buk.-ben is bemutatkozott. Saj\u00e1tos \u00edz\u0171, a n\u00e9p\u00e9let jellegzetes figur\u00e1it megeleven\u00edt\u0151 szobraival (k\u00fcl\u00f6n\u00f6sen \u00e1llatszobraival) nemzetk\u00f6zi h\u00edrn\u00e9vre tett szert. \u00c1llatszobrai bej\u00e1rt\u00e1k a vil\u00e1got: Buk., Bp., Ausztr\u00e1li\u00e1ban, Argent\u00edn\u00e1ban is megtekinthett\u00e9k m\u0171veit. A makfalvi k\u00f6zs\u00e9gi n\u00e9prajzi m\u00fazeumban t\u00f6bb alkot\u00e1sa l\u00e1that\u00f3. T\u00f6bb munk\u00e1ja a sz\u00e9kelyudvarhelyi \u00e9s a mv.-i m\u00fazeumban van. M\u00e1r fiatalon arany\u00e9remmel jutalmazt\u00e1k orsz\u00e1gos mintav\u00e1s\u00e1ron (1921), majd az \u00e9vek sor\u00e1n sokszor kapott kit\u00fcntet\u00e9seket, orsz\u00e1gos d\u00edjakat, diplom\u00e1kat. \u2013  <strong>F. m..:<\/strong> Sz\u00e1nt\u00f3 sz\u00e9kely bivalyokkal; J\u00e1romfarag\u00f3 sz\u00e9kely; Nagyap\u00f3 mes\u00e9l az unok\u00e1knak, Arat\u00f3 asszony, T\u0171zcsihol\u00f3 sz\u00e9kely paraszt, Falatoz\u00f3 fav\u00e1g\u00f3. \u2013  <strong>F. ki\u00e1ll.:<\/strong> Kv. (1924, 32, 34); Mv. (1931, 1934); Sepsiszentgy\u00f6rgy (1933); Szatm\u00e1r (1934). <br \/><strong>\u2013 Irod.:<\/strong> Adamovits S\u00e1ndor: V. S. eml\u00e9kezete (N\u00fa., M\u00fazsa, 1995. m\u00e1rc. 24., 189. sz.); Banner 1995; Bartis Ferenc: Meghalt V. \u00c1. (\u00daj \u00c9let, 1979, 23. sz.); B\u00f6z\u00f6di Gy\u00f6rgy: A D\u00f3zs\u00e1k faluja (Erd\u00e9lyi Figyel\u0151, 1993, 3. sz.); D\u00e9zsi \u00d6d\u00f6n: V. \u00c1. n\u00e9pm\u0171v\u00e9sz eml\u00e9k\u00e9re (V. Z., 1979. okt. 27.); Egykori mesterek ut\u00f3dai (V. Z., 1958. j\u00fal. 10.); Katona Szab\u00f3 Istv\u00e1n: Az \u00daj \u00c9let Lexikona, 161. (\u00daj \u00c9let, 1977, 7. sz.); L\u00e1togat\u00e1s V. \u00c1.-n\u00e1l (V. Z., 1968. dec. 27.); Moln\u00e1r; Mur\u00e1din Jen\u0151: Vass \u00c1ron a makfalvi \u00e1llatszobr\u00e1sz (Kv., 2000); Podhorszky-P\u00e1lfi S\u00e1ndor: Erd\u00e9lyi n\u00e9pm\u0171v\u00e9szetek albuma (Kv., 1927); Sz. G.: D\u00f3zsa Gy\u00f6rgy\u00f6t is megmint\u00e1zta V. \u00c1. a h\u00edres makfalvi agyagszobr\u00e1sz (Szabad Sz\u00f3, 1946. m\u00e1rc. 2.).<\/br><\/p>\n","protected":false},"excerpt":{"rendered":"<p>Makfalva, 1891 jan. 19., \u2020\u00a0Makfalva, 1979. okt. 24.: naiv szobr\u00e1sz. \u2013 Hat elemit v\u00e9gzett. Apja fazekas volt Makfalv\u00e1n. 14 \u00e9ves kor\u00e1t\u00f3l szobr\u00e1szkodott, szerette az \u00e1llatokat \u00e9s megmint\u00e1zta azokat. Minden darabot k\u00fcl\u00f6n-k\u00fcl\u00f6n k\u00e9sz\u00edtett, \u00f6nt\u00e9shez, negat\u00edv k\u00e9sz\u00edt\u00e9s\u00e9hez nem \u00e9rtett. Kv.-on az els\u0151 n\u00e9pm\u0171v\u00e9szeti ki\u00e1ll\u00edt\u00e1son t\u0171nt fel (1921), majd Buk.-ben is bemutatkozott. Saj\u00e1tos \u00edz\u0171, a n\u00e9p\u00e9let jellegzetes figur\u00e1it [&hellip;]<\/p>\n","protected":false},"featured_media":0,"comment_status":"open","ping_status":"closed","template":"","meta":[],"product_brand":[],"product_cat":[137],"product_tag":[],"class_list":{"0":"post-24297","1":"product","2":"type-product","3":"status-publish","5":"product_cat-maros-megyei-eletrajzi-lexikon","7":"first","8":"instock","9":"shipping-taxable","10":"product-type-simple"},"_links":{"self":[{"href":"https:\/\/uj.adatbank.ro\/lexikon\/wp-json\/wp\/v2\/product\/24297","targetHints":{"allow":["GET"]}}],"collection":[{"href":"https:\/\/uj.adatbank.ro\/lexikon\/wp-json\/wp\/v2\/product"}],"about":[{"href":"https:\/\/uj.adatbank.ro\/lexikon\/wp-json\/wp\/v2\/types\/product"}],"replies":[{"embeddable":true,"href":"https:\/\/uj.adatbank.ro\/lexikon\/wp-json\/wp\/v2\/comments?post=24297"}],"wp:attachment":[{"href":"https:\/\/uj.adatbank.ro\/lexikon\/wp-json\/wp\/v2\/media?parent=24297"}],"wp:term":[{"taxonomy":"product_brand","embeddable":true,"href":"https:\/\/uj.adatbank.ro\/lexikon\/wp-json\/wp\/v2\/product_brand?post=24297"},{"taxonomy":"product_cat","embeddable":true,"href":"https:\/\/uj.adatbank.ro\/lexikon\/wp-json\/wp\/v2\/product_cat?post=24297"},{"taxonomy":"product_tag","embeddable":true,"href":"https:\/\/uj.adatbank.ro\/lexikon\/wp-json\/wp\/v2\/product_tag?post=24297"}],"curies":[{"name":"wp","href":"https:\/\/api.w.org\/{rel}","templated":true}]}}

VASS Áron, § Vas Áron

<p>Makfalva, 1891 jan. 19., † Makfalva, 1979. okt. 24.: naiv szobrász. – Hat elemit végzett. Apja fazekas volt Makfalván. 14 éves korától szobrászkodott, szerette az állatokat és megmintázta azokat. Minden darabot külön-külön készített, öntéshez, negatív készítéséhez nem értett. Kv.-on az első népművészeti kiállításon tűnt fel (1921), majd Buk.-ben is bemutatkozott. Sajátos ízű, a népélet jellegzetes figuráit megelevenítő szobraival (különösen állatszobraival) nemzetközi hírnévre tett szert. Állatszobrai bejárták a világot: Buk., Bp., Ausztráliában, Argentínában is megtekinthették műveit. A makfalvi községi néprajzi múzeumban több alkotása látható. Több munkája a székelyudvarhelyi és a mv.-i múzeumban van. Már fiatalon aranyéremmel jutalmazták országos mintavásáron (1921), majd az évek során sokszor kapott kitüntetéseket, országos díjakat, diplomákat. –  <strong>F. m..:</strong> Szántó székely bivalyokkal; Járomfaragó székely; Nagyapó mesél az unokáknak, Arató asszony, Tűzcsiholó székely paraszt, Falatozó favágó. –  <strong>F. kiáll.:</strong> Kv. (1924, 32, 34); Mv. (1931, 1934); Sepsiszentgyörgy (1933); Szatmár (1934). <br /><strong>– Irod.:</strong> Adamovits Sándor: V. S. emlékezete (Nú., Múzsa, 1995. márc. 24., 189. sz.); Banner 1995; Bartis Ferenc: Meghalt V. Á. (Új Élet, 1979, 23. sz.); Bözödi György: A Dózsák faluja (Erdélyi Figyelő, 1993, 3. sz.); Dézsi Ödön: V. Á. népművész emlékére (V. Z., 1979. okt. 27.); Egykori mesterek utódai (V. Z., 1958. júl. 10.); Katona Szabó István: Az Új Élet Lexikona, 161. (Új Élet, 1977, 7. sz.); Látogatás V. Á.-nál (V. Z., 1968. dec. 27.); Molnár; Murádin Jenő: Vass Áron a makfalvi állatszobrász (Kv., 2000); Podhorszky-Pálfi Sándor: Erdélyi népművészetek albuma (Kv., 1927); Sz. G.: Dózsa Györgyöt is megmintázta V. Á. a híres makfalvi agyagszobrász (Szabad Szó, 1946. márc. 2.).</br></p>

<p>Makfalva, 1891 jan. 19., † Makfalva, 1979. okt. 24.: naiv szobrász. – Hat elemit végzett. Apja fazekas volt Makfalván. 14 éves korától szobrászkodott, szerette az állatokat és megmintázta azokat. Minden darabot külön-külön készített, öntéshez, negatív készítéséhez nem értett. Kv.-on az első népművészeti kiállításon tűnt fel (1921), majd Buk.-ben is bemutatkozott. Sajátos ízű, a népélet jellegzetes figuráit [&hellip;]</p>
