{"id":24299,"date":"2025-08-01T18:02:10","date_gmt":"2025-08-01T16:02:10","guid":{"rendered":"https:\/\/uj.adatbank.ro\/lexikon\/termek\/vass-arpad-2\/"},"modified":"2025-08-01T18:02:10","modified_gmt":"2025-08-01T16:02:10","slug":"vass-arpad-2","status":"publish","type":"product","link":"https:\/\/uj.adatbank.ro\/lexikon\/termek\/vass-arpad-2\/","title":{"rendered":"VASS \u00c1rp\u00e1d"},"content":{"rendered":"<p>? 1912 \u2020 ?: szobafest\u0151, a RMP tagja. \u2013 Az erd\u0151szentgy\u00f6rgyi Csizmadia \u00e9s T\u00e1rsai Malom RT (alap\u00edt\u00e1si \u00e9ve 1928, tulajdonosa Csizmadia S\u00e1ndor \u00e9s t\u00e1rsai: Csizmadia Andr\u00e1s, Vajda Gy\u00f6rgy Erd\u0151szentgy\u00f6rgyr\u0151l, Cs\u00edki D\u00e9nes \u00e9s J\u00f3zsef Marosszentgy\u00f6rgyr\u0151l \u00e9s Zajzon Gyula Madarasr\u00f3l) \u00e1llamos\u00edt\u00e1sakor kinevezett \u00fcgyvezet\u0151je (1948. j\u00fan. 18). A malom az erd\u0151szentgy\u00f6rgyi K\u00f6zs\u00e9gh\u00e1za tulajdon\u00e1ba, k\u00e9s\u0151bb Maros megye birtok\u00e1ba ment \u00e1t. (1948. nov. 20.). A h\u00e9t alkalmazottat foglalkoztat\u00f3 malom napi teljes\u00edtm\u00e9nye egy 65 l\u00f3er\u0151s motorral 1,5 vagon gabona meg\u0151rl\u00e9se; saj\u00e1t \u00e1ramfejleszt\u0151vel is rendelkezett, amely Szab\u00f3 L\u00e1szl\u00f3 helybeli lakos tulajdona volt. Mivel a kinevezett \u00fcgyvezet\u0151 nem felelt meg a k\u00f6vetelm\u00e9nyeknek, lev\u00e1ltott\u00e1k \u00e9s hely\u00e9be Veress S\u00e1ndor asztalost, a RMP tagj\u00e1t nevezt\u00e9k ki (1948. j\u00fal. 8.\u2013). A MMIB hat\u00e1rozata alapj\u00e1n, a malmot \u00f6sszevont\u00e1k a ny\u00e1r\u00e1dszeredai V\u00f6r\u00f6s Lobog\u00f3 V\u00e1llalattal (1950. j\u00fal. 1\u2013). <br \/><strong>\u2013 Irod.:<\/strong> Bartos Zolt\u00e1n.<\/br><\/p>\n","protected":false},"excerpt":{"rendered":"<p>? 1912 \u2020 ?: szobafest\u0151, a RMP tagja. \u2013 Az erd\u0151szentgy\u00f6rgyi Csizmadia \u00e9s T\u00e1rsai Malom RT (alap\u00edt\u00e1si \u00e9ve 1928, tulajdonosa Csizmadia S\u00e1ndor \u00e9s t\u00e1rsai: Csizmadia Andr\u00e1s, Vajda Gy\u00f6rgy Erd\u0151szentgy\u00f6rgyr\u0151l, Cs\u00edki D\u00e9nes \u00e9s J\u00f3zsef Marosszentgy\u00f6rgyr\u0151l \u00e9s Zajzon Gyula Madarasr\u00f3l) \u00e1llamos\u00edt\u00e1sakor kinevezett \u00fcgyvezet\u0151je (1948. j\u00fan. 18). A malom az erd\u0151szentgy\u00f6rgyi K\u00f6zs\u00e9gh\u00e1za tulajdon\u00e1ba, k\u00e9s\u0151bb Maros megye birtok\u00e1ba ment [&hellip;]<\/p>\n","protected":false},"featured_media":0,"comment_status":"open","ping_status":"closed","template":"","meta":[],"product_brand":[],"product_cat":[137],"product_tag":[],"class_list":{"0":"post-24299","1":"product","2":"type-product","3":"status-publish","5":"product_cat-maros-megyei-eletrajzi-lexikon","7":"first","8":"instock","9":"shipping-taxable","10":"product-type-simple"},"_links":{"self":[{"href":"https:\/\/uj.adatbank.ro\/lexikon\/wp-json\/wp\/v2\/product\/24299","targetHints":{"allow":["GET"]}}],"collection":[{"href":"https:\/\/uj.adatbank.ro\/lexikon\/wp-json\/wp\/v2\/product"}],"about":[{"href":"https:\/\/uj.adatbank.ro\/lexikon\/wp-json\/wp\/v2\/types\/product"}],"replies":[{"embeddable":true,"href":"https:\/\/uj.adatbank.ro\/lexikon\/wp-json\/wp\/v2\/comments?post=24299"}],"wp:attachment":[{"href":"https:\/\/uj.adatbank.ro\/lexikon\/wp-json\/wp\/v2\/media?parent=24299"}],"wp:term":[{"taxonomy":"product_brand","embeddable":true,"href":"https:\/\/uj.adatbank.ro\/lexikon\/wp-json\/wp\/v2\/product_brand?post=24299"},{"taxonomy":"product_cat","embeddable":true,"href":"https:\/\/uj.adatbank.ro\/lexikon\/wp-json\/wp\/v2\/product_cat?post=24299"},{"taxonomy":"product_tag","embeddable":true,"href":"https:\/\/uj.adatbank.ro\/lexikon\/wp-json\/wp\/v2\/product_tag?post=24299"}],"curies":[{"name":"wp","href":"https:\/\/api.w.org\/{rel}","templated":true}]}}

VASS Árpád

<p>? 1912 † ?: szobafestő, a RMP tagja. – Az erdőszentgyörgyi Csizmadia és Társai Malom RT (alapítási éve 1928, tulajdonosa Csizmadia Sándor és társai: Csizmadia András, Vajda György Erdőszentgyörgyről, Csíki Dénes és József Marosszentgyörgyről és Zajzon Gyula Madarasról) államosításakor kinevezett ügyvezetője (1948. jún. 18). A malom az erdőszentgyörgyi Községháza tulajdonába, később Maros megye birtokába ment át. (1948. nov. 20.). A hét alkalmazottat foglalkoztató malom napi teljesítménye egy 65 lóerős motorral 1,5 vagon gabona megőrlése; saját áramfejlesztővel is rendelkezett, amely Szabó László helybeli lakos tulajdona volt. Mivel a kinevezett ügyvezető nem felelt meg a követelményeknek, leváltották és helyébe Veress Sándor asztalost, a RMP tagját nevezték ki (1948. júl. 8.–). A MMIB határozata alapján, a malmot összevonták a nyárádszeredai Vörös Lobogó Vállalattal (1950. júl. 1–). <br /><strong>– Irod.:</strong> Bartos Zoltán.</br></p>

<p>? 1912 † ?: szobafestő, a RMP tagja. – Az erdőszentgyörgyi Csizmadia és Társai Malom RT (alapítási éve 1928, tulajdonosa Csizmadia Sándor és társai: Csizmadia András, Vajda György Erdőszentgyörgyről, Csíki Dénes és József Marosszentgyörgyről és Zajzon Gyula Madarasról) államosításakor kinevezett ügyvezetője (1948. jún. 18). A malom az erdőszentgyörgyi Községháza tulajdonába, később Maros megye birtokába ment [&hellip;]</p>
