{"id":24320,"date":"2025-08-01T18:02:57","date_gmt":"2025-08-01T16:02:57","guid":{"rendered":"https:\/\/uj.adatbank.ro\/lexikon\/termek\/vass-marton\/"},"modified":"2025-08-01T18:02:57","modified_gmt":"2025-08-01T16:02:57","slug":"vass-marton","status":"publish","type":"product","link":"https:\/\/uj.adatbank.ro\/lexikon\/termek\/vass-marton\/","title":{"rendered":"VASS M\u00e1rton"},"content":{"rendered":"<p>? \u2020\u00a0?: g\u00e9p\u00e9sz. \u2013 S\u00f3v\u00e1radi sz\u00e1rmaz\u00e1s\u00fa. Kitanult minden g\u00e9p\u00e9sz \u2013mesters\u00e9get, a Diesel-motorokhoz is \u00e9rtett. Cs\u00e9pl\u0151g\u00e9ppel kereste a kenyer\u00e9t. 1945-ben rem\u00e9nykedve az \u00faj vil\u00e1g \u00edg\u00e9ret\u00e9ben politiz\u00e1lni kezdett. Betelep\u00edtett\u00e9k a Sebesty\u00e9n\u00e9kt\u0151l elvett 2 szob\u00e1ba (1951). Az EMGE eln\u00f6ke lett, Kv.-on az egyes\u00fclet Maj\u00e1lis utcai sz\u00e9kh\u00e1z\u00e1ban laktak Kacs\u00f3 S\u00e1ndor\u00e9kkal egy\u00fctt. Mikor a p\u00e1rt beolvasztotta az EMGE-t igazgat\u00f3i \u00e1ll\u00e1st aj\u00e1nlottak neki, csak ideiglenesen v\u00e1llalta. Azut\u00e1n a helyi cukorgy\u00e1rba ment dolgozni a szakm\u00e1j\u00e1ban. Feles\u00e9ge Csisz\u00e9r Zolt\u00e1n v\u00e9d\u0151n\u0151 l\u00e9\u00e1nytestv\u00e9re, Magda. N\u00e9gy gyermek\u00fck van: Magda, eg\u00e9szs\u00e9g\u00fcgyi asszisztens, M\u00e1rton, orvos, Judit orvos \u00e9s Andr\u00e1s a sz\u00edniakad\u00e9mi\u00e1t v\u00e9gezte Mv.-en, P\u00e1rizsban t\u00e1ncos \u00e9s sz\u00edn\u00e9sz, majd Amerik\u00e1ba ment \u00e9s ott is sz\u00edn\u00e9sz. <br \/><strong>\u2013 Irod.:<\/strong> Sipos.<\/br><\/p>\n","protected":false},"excerpt":{"rendered":"<p>? \u2020\u00a0?: g\u00e9p\u00e9sz. \u2013 S\u00f3v\u00e1radi sz\u00e1rmaz\u00e1s\u00fa. Kitanult minden g\u00e9p\u00e9sz \u2013mesters\u00e9get, a Diesel-motorokhoz is \u00e9rtett. Cs\u00e9pl\u0151g\u00e9ppel kereste a kenyer\u00e9t. 1945-ben rem\u00e9nykedve az \u00faj vil\u00e1g \u00edg\u00e9ret\u00e9ben politiz\u00e1lni kezdett. Betelep\u00edtett\u00e9k a Sebesty\u00e9n\u00e9kt\u0151l elvett 2 szob\u00e1ba (1951). Az EMGE eln\u00f6ke lett, Kv.-on az egyes\u00fclet Maj\u00e1lis utcai sz\u00e9kh\u00e1z\u00e1ban laktak Kacs\u00f3 S\u00e1ndor\u00e9kkal egy\u00fctt. Mikor a p\u00e1rt beolvasztotta az EMGE-t igazgat\u00f3i \u00e1ll\u00e1st [&hellip;]<\/p>\n","protected":false},"featured_media":0,"comment_status":"open","ping_status":"closed","template":"","meta":[],"product_brand":[],"product_cat":[137],"product_tag":[],"class_list":{"0":"post-24320","1":"product","2":"type-product","3":"status-publish","5":"product_cat-maros-megyei-eletrajzi-lexikon","7":"first","8":"instock","9":"shipping-taxable","10":"product-type-simple"},"_links":{"self":[{"href":"https:\/\/uj.adatbank.ro\/lexikon\/wp-json\/wp\/v2\/product\/24320","targetHints":{"allow":["GET"]}}],"collection":[{"href":"https:\/\/uj.adatbank.ro\/lexikon\/wp-json\/wp\/v2\/product"}],"about":[{"href":"https:\/\/uj.adatbank.ro\/lexikon\/wp-json\/wp\/v2\/types\/product"}],"replies":[{"embeddable":true,"href":"https:\/\/uj.adatbank.ro\/lexikon\/wp-json\/wp\/v2\/comments?post=24320"}],"wp:attachment":[{"href":"https:\/\/uj.adatbank.ro\/lexikon\/wp-json\/wp\/v2\/media?parent=24320"}],"wp:term":[{"taxonomy":"product_brand","embeddable":true,"href":"https:\/\/uj.adatbank.ro\/lexikon\/wp-json\/wp\/v2\/product_brand?post=24320"},{"taxonomy":"product_cat","embeddable":true,"href":"https:\/\/uj.adatbank.ro\/lexikon\/wp-json\/wp\/v2\/product_cat?post=24320"},{"taxonomy":"product_tag","embeddable":true,"href":"https:\/\/uj.adatbank.ro\/lexikon\/wp-json\/wp\/v2\/product_tag?post=24320"}],"curies":[{"name":"wp","href":"https:\/\/api.w.org\/{rel}","templated":true}]}}

VASS Márton

<p>? † ?: gépész. – Sóváradi származású. Kitanult minden gépész –mesterséget, a Diesel-motorokhoz is értett. Cséplőgéppel kereste a kenyerét. 1945-ben reménykedve az új világ ígéretében politizálni kezdett. Betelepítették a Sebestyénéktől elvett 2 szobába (1951). Az EMGE elnöke lett, Kv.-on az egyesület Majális utcai székházában laktak Kacsó Sándorékkal együtt. Mikor a párt beolvasztotta az EMGE-t igazgatói állást ajánlottak neki, csak ideiglenesen vállalta. Azután a helyi cukorgyárba ment dolgozni a szakmájában. Felesége Csiszér Zoltán védőnő léánytestvére, Magda. Négy gyermekük van: Magda, egészségügyi asszisztens, Márton, orvos, Judit orvos és András a színiakadémiát végezte Mv.-en, Párizsban táncos és színész, majd Amerikába ment és ott is színész. <br /><strong>– Irod.:</strong> Sipos.</br></p>

<p>? † ?: gépész. – Sóváradi származású. Kitanult minden gépész –mesterséget, a Diesel-motorokhoz is értett. Cséplőgéppel kereste a kenyerét. 1945-ben reménykedve az új világ ígéretében politizálni kezdett. Betelepítették a Sebestyénéktől elvett 2 szobába (1951). Az EMGE elnöke lett, Kv.-on az egyesület Majális utcai székházában laktak Kacsó Sándorékkal együtt. Mikor a párt beolvasztotta az EMGE-t igazgatói állást [&hellip;]</p>
