{"id":24324,"date":"2025-08-01T18:03:07","date_gmt":"2025-08-01T16:03:07","guid":{"rendered":"https:\/\/uj.adatbank.ro\/lexikon\/termek\/vass-tamas-%c2%a7-dalyai-vas-tamas-alnevei-oczeani-dalyai-lassu-marton-vig-deak\/"},"modified":"2025-08-01T18:03:07","modified_gmt":"2025-08-01T16:03:07","slug":"vass-tamas-%c2%a7-dalyai-vas-tamas-alnevei-oczeani-dalyai-lassu-marton-vig-deak","status":"publish","type":"product","link":"https:\/\/uj.adatbank.ro\/lexikon\/termek\/vass-tamas-%c2%a7-dalyai-vas-tamas-alnevei-oczeani-dalyai-lassu-marton-vig-deak\/","title":{"rendered":"VASS Tam\u00e1s, \u00a7 d\u00e1lyai, Vas Tam\u00e1s; \u00c1lnevei: Ocze\u00e1ni, D\u00e1lyai, Lass\u00fa M\u00e1rton, V\u00edg De\u00e1k"},"content":{"rendered":"<p>G\u00f6cs, 1839. jan. 16., \u2020 Mv., 1899. j\u00fal. 9.: ref. lelk\u00e9sz, iskolasz\u00e9ki eln\u00f6k, egyh\u00e1zker\u00fcleti k\u00e9pvisel\u0151, k\u00f6lt\u0151. \u2013 Feles\u00e9ge: L\u00e9n\u00e1rt Lilla (\u2020 Mv., 1902. szept. 1.). Fia: V. Tam\u00e1s. \u2013 Tanult a mv.-i Ref. Koll.-ban (1847\u201358) \u00e9s a kv.-i teol\u00f3giai szemin\u00e1riumban (1859\u201362). K\u00f6ztan\u00edt\u00f3 volt Kv.-on (1863), a sepsiszentgy\u00f6rgyi Sz\u00e9kely-Mik\u00f3 koll.-ban (1864\u201365). K\u00fclf\u00f6ld\u00f6n tanult a t\u00fcbingeni \u00e9s marburgi egyetemen (1865\u201366). Pap lett Mez\u0151b\u00e1ndon (1867\u201373), Mv.-en (1873. dec. 14.\u201399); egyh\u00e1zker\u00fcleti k\u00e9pvisel\u0151 (1872\u201383), az egyh\u00e1zmegye f\u0151jegyz\u0151je (1883\u2013), a ref. iskolasz\u00e9k eln\u00f6ke (1882\u2013), a mv.-i Ref. Koll.-ban tan\u00edtott (1895\u201399). A MT megyei \u00c1ltal\u00e1nos Tan\u00edt\u00f3test\u00fclet aleln\u00f6ke (1878). A KZST tagja (1877\u2013), majd aleln\u00f6ke. Tolnai Lajossal visz\u00e1lykodott (1884). Az EMKE mv.-i v\u00e1rosi v\u00e1lasztm\u00e1ny\u00e1nak alap\u00edt\u00f3tagja (1885); a K. M. Term\u00e9szettudom\u00e1nyi T\u00e1rsulat tagja (1877). A Mv.-i Kaszin\u00f3 v\u00e1lasztm\u00e1nyi tagja (1883). Kriza J\u00e1nos egyik gy\u0171jt\u0151 munkat\u00e1rsa volt. K\u00f6ltem\u00e9nyeket \u00e9s cikkeket \u00edrt h\u00edrlapokba, foly\u00f3iratokba \u00e9s \u00e9vk\u00f6nyvekbe: H\u00f6lgyfut\u00e1r, Kor\u00e1ny c. zsebk\u00f6nyv, Kolozsv\u00e1ri Album, Napkelet, Csal\u00e1di K\u00f6r, Sz\u00e9kely N\u00e9plap, Kolozsv\u00e1ri Nagy Napt\u00e1r, Erd\u00e9ly, Sz\u00e9kelyegyleti K\u00e9pes Napt\u00e1r, Erd\u00e9lyi \u00c9rtes\u00edt\u0151, Marosvid\u00e9k, Figyel\u0151; Magyar polg\u00e1r, Korunk, Kolozsv\u00e1ri K\u00f6zl\u00f6ny, Prot. Egyh. \u00e9s Isk. Lap, Pr\u00e9dik\u00e1tori T\u00e1r, Csal\u00e1di K\u00f6r, Marosv\u00e1s\u00e1rhely, Mv.-i F\u00fczetek (1897. Bolyai utols\u00f3 napja). Munkat\u00e1rsa volt a Korunk \u00e9s Magyar Polg\u00e1r c. politikai lapoknak (1864\u201368.). \u2013  <strong>F. m..:<\/strong> Eml\u00e9kek: K\u00f6ltem\u00e9nyek. (Mv., 1896.) (a szerz\u0151 \u00e9letraj\u00e1val.);  <strong>t\u00e1rssz.:<\/strong> Zwingli Ulrik eml\u00e9kezete. Ima, eml\u00e9kbesz\u00e9d, \u00e9let- \u00e9s jellemrajz&#8230; (R\u00e1kosi Lajossal \u00e9s Tavaszy J\u00f3zseffel, Mv., 1884); <strong>antol\u00f3g.:<\/strong> Kor\u00e1ny zsebk\u00f6nyv (Kv., 1861); Versekben t\u00fcnd\u00f6kl\u0151 Erd\u00e9ly (Kv., 1941). <br \/><strong>\u2013 Irod.:<\/strong> Bi\u00e1s Istv\u00e1n; Cs\u00e1ky; Eml\u00e9kk\u00f6nyv, F\u00fcl\u00f6p\u2013Ferencz; Gy\u00e1szjelent\u0151; Id\u0151t\u00e1r 2; A K. M. Term\u00e9szettudom\u00e1nyi T\u00e1rsulat tagjainak n\u00e9vjegyz\u00e9ke 1877. febr. 22 (Bp., 1877); Jakabovits; Kriza 2; Kriza levelez\u00e9s; Marosi-KZST; A Mo-i Ev. Ref Egyh\u00e1z 1891 dec. 5. megnyilt egyetemes zsinat\u00e1nak napl\u00f3ja (Bp., 1892); Mur\u00e1din: metsz\u0151m\u0171v.; Mv. t\u00f6rt. 2.; Olosz Katalin: A magyar n\u00e9pk\u00f6lt\u00e9szet egy elfelejtett gy\u0171jt\u0151je = Olosz Katalin 2003; \u00d6kr\u00f6s; P\u00e1lmay J\u00f3zsef, Rugonfalvi Kiss; S\u00e1ndor; Szab\u00f3\u2013K\u00e1llai; Szinnyei; V. T. mv.-i ref. lelk\u00e9sz eml\u00e9kezete (Mv., 1899); V\u00e1rtemplomi lelk\u00e9szek n\u00e9vsora, 1571\u20132000 (\u00daj Kezdet, 2000, 2. sz.); V. T. (1838\u20131899) [Nekrol\u00f3g] (Sz\u00e9kely Lapok, 1899. j\u00fal. 16.).<\/br><\/p>\n","protected":false},"excerpt":{"rendered":"<p>G\u00f6cs, 1839. jan. 16., \u2020 Mv., 1899. j\u00fal. 9.: ref. lelk\u00e9sz, iskolasz\u00e9ki eln\u00f6k, egyh\u00e1zker\u00fcleti k\u00e9pvisel\u0151, k\u00f6lt\u0151. \u2013 Feles\u00e9ge: L\u00e9n\u00e1rt Lilla (\u2020 Mv., 1902. szept. 1.). Fia: V. Tam\u00e1s. \u2013 Tanult a mv.-i Ref. Koll.-ban (1847\u201358) \u00e9s a kv.-i teol\u00f3giai szemin\u00e1riumban (1859\u201362). K\u00f6ztan\u00edt\u00f3 volt Kv.-on (1863), a sepsiszentgy\u00f6rgyi Sz\u00e9kely-Mik\u00f3 koll.-ban (1864\u201365). K\u00fclf\u00f6ld\u00f6n tanult a t\u00fcbingeni \u00e9s [&hellip;]<\/p>\n","protected":false},"featured_media":0,"comment_status":"open","ping_status":"closed","template":"","meta":[],"product_brand":[],"product_cat":[137],"product_tag":[],"class_list":{"0":"post-24324","1":"product","2":"type-product","3":"status-publish","5":"product_cat-maros-megyei-eletrajzi-lexikon","7":"first","8":"instock","9":"shipping-taxable","10":"product-type-simple"},"_links":{"self":[{"href":"https:\/\/uj.adatbank.ro\/lexikon\/wp-json\/wp\/v2\/product\/24324","targetHints":{"allow":["GET"]}}],"collection":[{"href":"https:\/\/uj.adatbank.ro\/lexikon\/wp-json\/wp\/v2\/product"}],"about":[{"href":"https:\/\/uj.adatbank.ro\/lexikon\/wp-json\/wp\/v2\/types\/product"}],"replies":[{"embeddable":true,"href":"https:\/\/uj.adatbank.ro\/lexikon\/wp-json\/wp\/v2\/comments?post=24324"}],"wp:attachment":[{"href":"https:\/\/uj.adatbank.ro\/lexikon\/wp-json\/wp\/v2\/media?parent=24324"}],"wp:term":[{"taxonomy":"product_brand","embeddable":true,"href":"https:\/\/uj.adatbank.ro\/lexikon\/wp-json\/wp\/v2\/product_brand?post=24324"},{"taxonomy":"product_cat","embeddable":true,"href":"https:\/\/uj.adatbank.ro\/lexikon\/wp-json\/wp\/v2\/product_cat?post=24324"},{"taxonomy":"product_tag","embeddable":true,"href":"https:\/\/uj.adatbank.ro\/lexikon\/wp-json\/wp\/v2\/product_tag?post=24324"}],"curies":[{"name":"wp","href":"https:\/\/api.w.org\/{rel}","templated":true}]}}

VASS Tamás, § dályai, Vas Tamás; Álnevei: Oczeáni, Dályai, Lassú Márton, Víg Deák

<p>Göcs, 1839. jan. 16., † Mv., 1899. júl. 9.: ref. lelkész, iskolaszéki elnök, egyházkerületi képviselő, költő. – Felesége: Lénárt Lilla († Mv., 1902. szept. 1.). Fia: V. Tamás. – Tanult a mv.-i Ref. Koll.-ban (1847–58) és a kv.-i teológiai szemináriumban (1859–62). Köztanító volt Kv.-on (1863), a sepsiszentgyörgyi Székely-Mikó koll.-ban (1864–65). Külföldön tanult a tübingeni és marburgi egyetemen (1865–66). Pap lett Mezőbándon (1867–73), Mv.-en (1873. dec. 14.–99); egyházkerületi képviselő (1872–83), az egyházmegye főjegyzője (1883–), a ref. iskolaszék elnöke (1882–), a mv.-i Ref. Koll.-ban tanított (1895–99). A MT megyei Általános Tanítótestület alelnöke (1878). A KZST tagja (1877–), majd alelnöke. Tolnai Lajossal viszálykodott (1884). Az EMKE mv.-i városi választmányának alapítótagja (1885); a K. M. Természettudományi Társulat tagja (1877). A Mv.-i Kaszinó választmányi tagja (1883). Kriza János egyik gyűjtő munkatársa volt. Költeményeket és cikkeket írt hírlapokba, folyóiratokba és évkönyvekbe: Hölgyfutár, Korány c. zsebkönyv, Kolozsvári Album, Napkelet, Családi Kör, Székely Néplap, Kolozsvári Nagy Naptár, Erdély, Székelyegyleti Képes Naptár, Erdélyi Értesítő, Marosvidék, Figyelő; Magyar polgár, Korunk, Kolozsvári Közlöny, Prot. Egyh. és Isk. Lap, Prédikátori Tár, Családi Kör, Marosvásárhely, Mv.-i Füzetek (1897. Bolyai utolsó napja). Munkatársa volt a Korunk és Magyar Polgár c. politikai lapoknak (1864–68.). –  <strong>F. m..:</strong> Emlékek: Költemények. (Mv., 1896.) (a szerző életrajával.);  <strong>társsz.:</strong> Zwingli Ulrik emlékezete. Ima, emlékbeszéd, élet- és jellemrajz&#8230; (Rákosi Lajossal és Tavaszy Józseffel, Mv., 1884); <strong>antológ.:</strong> Korány zsebkönyv (Kv., 1861); Versekben tündöklő Erdély (Kv., 1941). <br /><strong>– Irod.:</strong> Biás István; Csáky; Emlékkönyv, Fülöp–Ferencz; Gyászjelentő; Időtár 2; A K. M. Természettudományi Társulat tagjainak névjegyzéke 1877. febr. 22 (Bp., 1877); Jakabovits; Kriza 2; Kriza levelezés; Marosi-KZST; A Mo-i Ev. Ref Egyház 1891 dec. 5. megnyilt egyetemes zsinatának naplója (Bp., 1892); Murádin: metszőműv.; Mv. tört. 2.; Olosz Katalin: A magyar népköltészet egy elfelejtett gyűjtője = Olosz Katalin 2003; Ökrös; Pálmay József, Rugonfalvi Kiss; Sándor; Szabó–Kállai; Szinnyei; V. T. mv.-i ref. lelkész emlékezete (Mv., 1899); Vártemplomi lelkészek névsora, 1571–2000 (Új Kezdet, 2000, 2. sz.); V. T. (1838–1899) [Nekrológ] (Székely Lapok, 1899. júl. 16.).</br></p>

<p>Göcs, 1839. jan. 16., † Mv., 1899. júl. 9.: ref. lelkész, iskolaszéki elnök, egyházkerületi képviselő, költő. – Felesége: Lénárt Lilla († Mv., 1902. szept. 1.). Fia: V. Tamás. – Tanult a mv.-i Ref. Koll.-ban (1847–58) és a kv.-i teológiai szemináriumban (1859–62). Köztanító volt Kv.-on (1863), a sepsiszentgyörgyi Székely-Mikó koll.-ban (1864–65). Külföldön tanult a tübingeni és [&hellip;]</p>
