{"id":24325,"date":"2025-08-01T18:03:08","date_gmt":"2025-08-01T16:03:08","guid":{"rendered":"https:\/\/uj.adatbank.ro\/lexikon\/termek\/vass-tamas-%c2%a7\/"},"modified":"2025-08-01T18:03:08","modified_gmt":"2025-08-01T16:03:08","slug":"vass-tamas-%c2%a7","status":"publish","type":"product","link":"https:\/\/uj.adatbank.ro\/lexikon\/termek\/vass-tamas-%c2%a7\/","title":{"rendered":"VASS Tam\u00e1s, \u00a7"},"content":{"rendered":"<p>Mv., 1942. dec. 15., \u2020 Mv., 1988. m\u00e1rc. 28.: grafikusm\u0171v\u00e9sz. \u2013 Vass Tam\u00e1s ezredes \u00e9s Sz\u0151ll\u0151si Ilona fia. \u2013 A mv-i M\u0171v\u00e9szeti L\u00edc.-ban \u00e9retts\u00e9gizett (1963), tan\u00e1rai Barab\u00e1s Istv\u00e1n, Nagy P\u00e1l; a kv-i Ion Andreescu K\u00e9pz\u0151m\u0171v\u00e9szeti F\u0151iskol\u00e1n a grafika szakon szerzett diplom\u00e1t (1963\u201369) Feszt L\u00e1szl\u00f3 n\u00f6vend\u00e9kek\u00e9nt. M\u00e1r di\u00e1kkor\u00e1t\u00f3l grafik\u00e1it k\u00f6z\u00f6lte a Napsug\u00e1r, majd az \u00daj \u00c9let, Igaz Sz\u00f3, Helikon. Grafikai munkat\u00e1rsa volt a Dacia, Ifj\u00fas\u00e1gi K\u00f6nyvkiad\u00f3 \u00e9s a Kriterion kiad\u00f3nak. Mv.-en \u00e9lt, kirakatrendez\u0151, volt, majd betegnyugd\u00edjas (1981\u2013). El\u0151sz\u00f6r Mv.-en szerepelt a megyei t\u00e1rlaton (1969), azut\u00e1n r\u00e9szt vett sz\u00e1mos ki\u00e1ll\u00edt\u00e1son Mv.-en \u00e9s orsz\u00e1gos grafikai t\u00e1rlatokon, Szabadka \/Subotic\u00e1n \u00e9s New Yorkban is szerepelt. Alkot\u00e1saiban az ember elidegened\u00e9se, a hatalommal \u00e9s \u00f6nk\u00e9nnyel szembeni mag\u00e1nyos ellen\u00e1ll\u00e1sa t\u00e9m\u00e1ira teremtett egy\u00e9rtelm\u0171 szimb\u00f3lumokat \u00e9s metafor\u00e1kat. K\u00e9sz\u00edtett tusrajzokat, lin\u00f3leummetszeteket, k\u0151nyomatokat, dolgozott r\u00e9zkarccal \u00e9s rokontechnik\u00e1ival. \u00d6nem\u00e9szt\u0151 \u00e9letm\u00f3dj\u00e1hoz, korai hal\u00e1l\u00e1hoz hozz\u00e1j\u00e1rult az a k\u00f6r\u00fclm\u00e9ny, hogy a diktat\u00fara \u00e9veiben munk\u00e1inak javar\u00e9sz\u00e9t kizs\u0171rizt\u00e9k, a ki\u00e1ll\u00edt\u00f3termekb\u0151l kitiltott\u00e1k. D\u00edjai: A f\u0151iskol\u00e1sok Orsz\u00e1gos K\u00e9pz\u0151m\u0171v\u00e9szeti T\u00e1rlat 3. d\u00edj \u00e9s k\u00fcl\u00f6nd\u00edj; Prim\u0103vara studen\u0163easc\u0103 = Di\u00e1ktavasz plak\u00e1tm\u0171v\u00e9szeti verseny els\u0151 d\u00edj (1967 \u00e9s 1968); Orsz\u00e1gos grafikai d\u00edj (Buk., 1981). \u2013  <strong>F. m..:<\/strong> A harmadik birodalom, Hal\u00e1lt\u00e1nc, Kezdetben volt a k\u0151, Lapok a t\u00f6rt\u00e9nelemb\u0151l, L\u00e9pcs\u0151ink, Dics\u0151s\u00e9g lapjai, Fortissimo I-II, Hajnal, K\u0151r\u00f6sf\u0151i l\u00e1nyok, Fegyveres felkel\u00e9s, \u00dajj\u00e1\u00e9p\u00edt\u00e9s. \u2013  <strong>F. ki\u00e1ll.:<\/strong>  <strong>egy\u00e9ni:<\/strong> Kv. (1987); Suceava; Mv. a Nemzeti Sz\u00ednh\u00e1zban; Szov\u00e1ta; \u00c1llami M. Sz\u00ednh\u00e1z el\u0151csarnoka (1978, 79), Kv. (1987); Sepsiszentgy\u00f6rgy (1988); Mv. Bern\u00e1dy h\u00e1z: eml\u00e9kki\u00e1ll\u00edt\u00e1s (2004. m\u00e1rc.10\u2013); csoportos ki\u00e1ll.: Szabadka (1971); New York (1975). \u2013  <strong>F. m..:<\/strong> ill.: M\u00e9hes Gy\u00f6rgy: Gy\u0151zelmes G\u00e1briel (Buk., 1967); Vitorla\u00e9nek (graf. m\u00e1sokkal; Buk., 1967); M\u00e9hes Gy\u00f6rgy: A k\u00edgy\u00f3 sz\u00edn\u0171 toll. Elbesz\u00e9l\u00e9sek (Buk., 1969), M\u0103rgineanu, Nicolae: Rom\u00e2nul care ucide (1970); Saroiu, Ionel \u2013 Andrei, Iuliu: Crim\u0103 \u015fi adev\u0103r (1970); F\u0103rc\u0103\u015fan, Sergiu: A gonoszs\u00e1girt\u00f3 g\u00e9p (1970); Kozma M\u00e1ria: Festett k\u00e1posztalepke (Buk., 1971); Domokos S\u00e1muel: Octavian Goga, a k\u00f6lt\u0151 \u00e9s m\u0171ford\u00edt\u00f3 (Buk., 1971); Bellow Saul: Herzog (Buk., 1971); K\u00f6vi P\u00e1l: Erd\u00e9lyi lakoma (Buk., 1981), Mik\u00f3 Istv\u00e1n: Vad\u00e1szk\u00f6nyv (\u00e1br\u00e1k Moln\u00e1r D\u00e9nessel; Buk., 1984). <br \/><strong>\u2013 Irod.:<\/strong> 100 \u00e9v; Banner; Csekme; Ecce homo (N\u00fa., M\u00fazsa, 1992. dec. 11., 85. sz.); Gal\u00e9ria a Bern\u00e1dy H\u00e1zban; Helikon; Henter Gy\u00f6rgy: V. T. a V\u00e1rtemplomban (2007. jan., 1. sz.); Katona Szab\u00f3 Istv\u00e1n: Az \u00daj \u00c9let lexikona, 168. (\u00daj \u00c9let, 1977., 14. sz.); Koch M\u00e1ria: Egyetemes eszmei k\u00f6zl\u00e9sre t\u00f6rekszem&#8230; (V. Z., 1979. nov. 3.); L\u00e1z\u00e1r L\u00e1szl\u00f3: Az \u00e9let mint ide\u00e1l: V. T. grafik\u00e1ir\u00f3l (V. Z., 1981. okt. 3.); L\u00e1z\u00e1r L\u00e1szl\u00f3: Keresetlen szavak egy posztumusz ki\u00e1ll\u00edt\u00e1s el\u00e9 (N\u00fa., M\u00fazsa, 1993. jan. 14., 88. sz.); Marosi Ildik\u00f3: El\u00e9g ha \u00e9rtenek (\u00daj \u00c9let, 1986, 14. sz.); Moln\u00e1r; Moln\u00e1r D\u00e9nes: Vallom\u00e1sok a l\u00e9tr\u0151l (V. Z., 1987. m\u00e1rc. 21.); Mur\u00e1din 2004; [Nekrol\u00f3g] (V. Z., 1988. m\u00e1rc. 30.); N\u00fa. (2002. dec. 14); Portik Bl\u00e9nessy \u00c1gota: V. T., egy elfeledett marosv\u00e1s\u00e1rhelyi grafikusr\u00f3l = T\u00e1gul\u00f3 horizont; RepM; Simon Endre: E sz\u00e1munk k\u00e9pz\u0151m\u0171v\u00e9sz vend\u00e9ge: V. T. (\u00daj \u00c9let, 1986, 21. sz.); Szab\u00f3\u2013K\u00e1llai; Vass Tam\u00e1s (1942\u20131988) fekete-feh\u00e9r l\u00e1tom\u00e1sai az Erd\u00e9lyi M\u0171v\u00e9szeti K\u00f6zpontban (N\u00fa, M\u00fazsa, 2024. febr. 17., 1621. sz.).<\/br><\/p>\n","protected":false},"excerpt":{"rendered":"<p>Mv., 1942. dec. 15., \u2020 Mv., 1988. m\u00e1rc. 28.: grafikusm\u0171v\u00e9sz. \u2013 Vass Tam\u00e1s ezredes \u00e9s Sz\u0151ll\u0151si Ilona fia. \u2013 A mv-i M\u0171v\u00e9szeti L\u00edc.-ban \u00e9retts\u00e9gizett (1963), tan\u00e1rai Barab\u00e1s Istv\u00e1n, Nagy P\u00e1l; a kv-i Ion Andreescu K\u00e9pz\u0151m\u0171v\u00e9szeti F\u0151iskol\u00e1n a grafika szakon szerzett diplom\u00e1t (1963\u201369) Feszt L\u00e1szl\u00f3 n\u00f6vend\u00e9kek\u00e9nt. M\u00e1r di\u00e1kkor\u00e1t\u00f3l grafik\u00e1it k\u00f6z\u00f6lte a Napsug\u00e1r, majd az \u00daj \u00c9let, [&hellip;]<\/p>\n","protected":false},"featured_media":0,"comment_status":"open","ping_status":"closed","template":"","meta":[],"product_brand":[],"product_cat":[137],"product_tag":[],"class_list":{"0":"post-24325","1":"product","2":"type-product","3":"status-publish","5":"product_cat-maros-megyei-eletrajzi-lexikon","7":"first","8":"instock","9":"shipping-taxable","10":"product-type-simple"},"_links":{"self":[{"href":"https:\/\/uj.adatbank.ro\/lexikon\/wp-json\/wp\/v2\/product\/24325","targetHints":{"allow":["GET"]}}],"collection":[{"href":"https:\/\/uj.adatbank.ro\/lexikon\/wp-json\/wp\/v2\/product"}],"about":[{"href":"https:\/\/uj.adatbank.ro\/lexikon\/wp-json\/wp\/v2\/types\/product"}],"replies":[{"embeddable":true,"href":"https:\/\/uj.adatbank.ro\/lexikon\/wp-json\/wp\/v2\/comments?post=24325"}],"wp:attachment":[{"href":"https:\/\/uj.adatbank.ro\/lexikon\/wp-json\/wp\/v2\/media?parent=24325"}],"wp:term":[{"taxonomy":"product_brand","embeddable":true,"href":"https:\/\/uj.adatbank.ro\/lexikon\/wp-json\/wp\/v2\/product_brand?post=24325"},{"taxonomy":"product_cat","embeddable":true,"href":"https:\/\/uj.adatbank.ro\/lexikon\/wp-json\/wp\/v2\/product_cat?post=24325"},{"taxonomy":"product_tag","embeddable":true,"href":"https:\/\/uj.adatbank.ro\/lexikon\/wp-json\/wp\/v2\/product_tag?post=24325"}],"curies":[{"name":"wp","href":"https:\/\/api.w.org\/{rel}","templated":true}]}}

VASS Tamás, §

<p>Mv., 1942. dec. 15., † Mv., 1988. márc. 28.: grafikusművész. – Vass Tamás ezredes és Szőllősi Ilona fia. – A mv-i Művészeti Líc.-ban érettségizett (1963), tanárai Barabás István, Nagy Pál; a kv-i Ion Andreescu Képzőművészeti Főiskolán a grafika szakon szerzett diplomát (1963–69) Feszt László növendékeként. Már diákkorától grafikáit közölte a Napsugár, majd az Új Élet, Igaz Szó, Helikon. Grafikai munkatársa volt a Dacia, Ifjúsági Könyvkiadó és a Kriterion kiadónak. Mv.-en élt, kirakatrendező, volt, majd betegnyugdíjas (1981–). Először Mv.-en szerepelt a megyei tárlaton (1969), azután részt vett számos kiállításon Mv.-en és országos grafikai tárlatokon, Szabadka /Suboticán és New Yorkban is szerepelt. Alkotásaiban az ember elidegenedése, a hatalommal és önkénnyel szembeni magányos ellenállása témáira teremtett egyértelmű szimbólumokat és metaforákat. Készített tusrajzokat, linóleummetszeteket, kőnyomatokat, dolgozott rézkarccal és rokontechnikáival. Önemésztő életmódjához, korai halálához hozzájárult az a körülmény, hogy a diktatúra éveiben munkáinak javarészét kizsűrizték, a kiállítótermekből kitiltották. Díjai: A főiskolások Országos Képzőművészeti Tárlat 3. díj és különdíj; Primăvara studenţească = Diáktavasz plakátművészeti verseny első díj (1967 és 1968); Országos grafikai díj (Buk., 1981). –  <strong>F. m..:</strong> A harmadik birodalom, Haláltánc, Kezdetben volt a kő, Lapok a történelemből, Lépcsőink, Dicsőség lapjai, Fortissimo I-II, Hajnal, Kőrösfői lányok, Fegyveres felkelés, Újjáépítés. –  <strong>F. kiáll.:</strong>  <strong>egyéni:</strong> Kv. (1987); Suceava; Mv. a Nemzeti Színházban; Szováta; Állami M. Színház előcsarnoka (1978, 79), Kv. (1987); Sepsiszentgyörgy (1988); Mv. Bernády ház: emlékkiállítás (2004. márc.10–); csoportos kiáll.: Szabadka (1971); New York (1975). –  <strong>F. m..:</strong> ill.: Méhes György: Győzelmes Gábriel (Buk., 1967); Vitorlaének (graf. másokkal; Buk., 1967); Méhes György: A kígyó színű toll. Elbeszélések (Buk., 1969), Mărgineanu, Nicolae: Românul care ucide (1970); Saroiu, Ionel – Andrei, Iuliu: Crimă şi adevăr (1970); Fărcăşan, Sergiu: A gonoszságirtó gép (1970); Kozma Mária: Festett káposztalepke (Buk., 1971); Domokos Sámuel: Octavian Goga, a költő és műfordító (Buk., 1971); Bellow Saul: Herzog (Buk., 1971); Kövi Pál: Erdélyi lakoma (Buk., 1981), Mikó István: Vadászkönyv (ábrák Molnár Dénessel; Buk., 1984). <br /><strong>– Irod.:</strong> 100 év; Banner; Csekme; Ecce homo (Nú., Múzsa, 1992. dec. 11., 85. sz.); Galéria a Bernády Házban; Helikon; Henter György: V. T. a Vártemplomban (2007. jan., 1. sz.); Katona Szabó István: Az Új Élet lexikona, 168. (Új Élet, 1977., 14. sz.); Koch Mária: Egyetemes eszmei közlésre törekszem&#8230; (V. Z., 1979. nov. 3.); Lázár László: Az élet mint ideál: V. T. grafikáiról (V. Z., 1981. okt. 3.); Lázár László: Keresetlen szavak egy posztumusz kiállítás elé (Nú., Múzsa, 1993. jan. 14., 88. sz.); Marosi Ildikó: Elég ha értenek (Új Élet, 1986, 14. sz.); Molnár; Molnár Dénes: Vallomások a létről (V. Z., 1987. márc. 21.); Murádin 2004; [Nekrológ] (V. Z., 1988. márc. 30.); Nú. (2002. dec. 14); Portik Blénessy Ágota: V. T., egy elfeledett marosvásárhelyi grafikusról = Táguló horizont; RepM; Simon Endre: E számunk képzőművész vendége: V. T. (Új Élet, 1986, 21. sz.); Szabó–Kállai; Vass Tamás (1942–1988) fekete-fehér látomásai az Erdélyi Művészeti Központban (Nú, Múzsa, 2024. febr. 17., 1621. sz.).</br></p>

<p>Mv., 1942. dec. 15., † Mv., 1988. márc. 28.: grafikusművész. – Vass Tamás ezredes és Szőllősi Ilona fia. – A mv-i Művészeti Líc.-ban érettségizett (1963), tanárai Barabás István, Nagy Pál; a kv-i Ion Andreescu Képzőművészeti Főiskolán a grafika szakon szerzett diplomát (1963–69) Feszt László növendékeként. Már diákkorától grafikáit közölte a Napsugár, majd az Új Élet, [&hellip;]</p>
