{"id":24327,"date":"2025-08-01T18:03:12","date_gmt":"2025-08-01T16:03:12","guid":{"rendered":"https:\/\/uj.adatbank.ro\/lexikon\/termek\/vass-zsigmond-szantoi\/"},"modified":"2025-08-01T18:03:12","modified_gmt":"2025-08-01T16:03:12","slug":"vass-zsigmond-szantoi","status":"publish","type":"product","link":"https:\/\/uj.adatbank.ro\/lexikon\/termek\/vass-zsigmond-szantoi\/","title":{"rendered":"VASS Zsigmond, sz\u00e1nt\u00f3i"},"content":{"rendered":"<p>Mv., 1875., \u2020\u00a0?: m\u00e9sz\u00e1ros. \u2013 Iskol\u00e1i elv\u00e9gz\u00e9se ut\u00e1n a h\u00fasipart tanulta, \u00f6n\u00e1ll\u00f3 lett Meggyesfalv\u00e1n (1902). Az els\u0151 vh.-ban mint husz\u00e1r\u0151rmester teljes\u00edtett szolg\u00e1latot t\u00f6bbsz\u00f6r sebes\u00fclt, a bronz v. \u00e9. \u00e9s a K\u00e1roly-csapatkereszttel t\u00fcntett\u00e9k ki.. <br \/><strong>\u2013 Irod.:<\/strong> Sz\u00e9kelyf\u00f6ld \u00ed. k.<\/br><\/p>\n","protected":false},"excerpt":{"rendered":"<p>Mv., 1875., \u2020\u00a0?: m\u00e9sz\u00e1ros. \u2013 Iskol\u00e1i elv\u00e9gz\u00e9se ut\u00e1n a h\u00fasipart tanulta, \u00f6n\u00e1ll\u00f3 lett Meggyesfalv\u00e1n (1902). Az els\u0151 vh.-ban mint husz\u00e1r\u0151rmester teljes\u00edtett szolg\u00e1latot t\u00f6bbsz\u00f6r sebes\u00fclt, a bronz v. \u00e9. \u00e9s a K\u00e1roly-csapatkereszttel t\u00fcntett\u00e9k ki.. \u2013 Irod.: Sz\u00e9kelyf\u00f6ld \u00ed. k.<\/p>\n","protected":false},"featured_media":0,"comment_status":"open","ping_status":"closed","template":"","meta":[],"product_brand":[],"product_cat":[137],"product_tag":[],"class_list":{"0":"post-24327","1":"product","2":"type-product","3":"status-publish","5":"product_cat-maros-megyei-eletrajzi-lexikon","7":"first","8":"instock","9":"shipping-taxable","10":"product-type-simple"},"_links":{"self":[{"href":"https:\/\/uj.adatbank.ro\/lexikon\/wp-json\/wp\/v2\/product\/24327","targetHints":{"allow":["GET"]}}],"collection":[{"href":"https:\/\/uj.adatbank.ro\/lexikon\/wp-json\/wp\/v2\/product"}],"about":[{"href":"https:\/\/uj.adatbank.ro\/lexikon\/wp-json\/wp\/v2\/types\/product"}],"replies":[{"embeddable":true,"href":"https:\/\/uj.adatbank.ro\/lexikon\/wp-json\/wp\/v2\/comments?post=24327"}],"wp:attachment":[{"href":"https:\/\/uj.adatbank.ro\/lexikon\/wp-json\/wp\/v2\/media?parent=24327"}],"wp:term":[{"taxonomy":"product_brand","embeddable":true,"href":"https:\/\/uj.adatbank.ro\/lexikon\/wp-json\/wp\/v2\/product_brand?post=24327"},{"taxonomy":"product_cat","embeddable":true,"href":"https:\/\/uj.adatbank.ro\/lexikon\/wp-json\/wp\/v2\/product_cat?post=24327"},{"taxonomy":"product_tag","embeddable":true,"href":"https:\/\/uj.adatbank.ro\/lexikon\/wp-json\/wp\/v2\/product_tag?post=24327"}],"curies":[{"name":"wp","href":"https:\/\/api.w.org\/{rel}","templated":true}]}}