{"id":24337,"date":"2025-08-01T18:03:37","date_gmt":"2025-08-01T16:03:37","guid":{"rendered":"https:\/\/uj.adatbank.ro\/lexikon\/termek\/vay-anna-vajai-br-hallerkoi-gr-haller-janosne\/"},"modified":"2025-08-01T18:03:37","modified_gmt":"2025-08-01T16:03:37","slug":"vay-anna-vajai-br-hallerkoi-gr-haller-janosne","status":"publish","type":"product","link":"https:\/\/uj.adatbank.ro\/lexikon\/termek\/vay-anna-vajai-br-hallerkoi-gr-haller-janosne\/","title":{"rendered":"VAY Anna, vajai br., hallerk\u0151i gr. Haller J\u00e1nosn\u00e9"},"content":{"rendered":"<p>Homor\u00f3d-H\u00e9v\u00edz, ma Olth\u00e9v\u00edz, 1856. aug. 18., \u2020\u00a0?: sz\u00e9ki Teleki Domokos gr. unok\u00e1ja. Gyermekeik: J\u00f3zsef (Sz\u00e9kelykereszt\u00far, 1876, okt. 4.), Jen\u0151 (H\u00e9v\u00edz, 1878. j\u00fan. 9.), P\u00e1l (H\u00e9v\u00edz, 1881. aug. 2.), J\u00e1nos (H\u00e9v\u00edz, 1883. dec. 15.), Anna (H\u00e9v\u00edz, 1886. szept. 6.), Zs\u00f3fia (H\u00e9v\u00edz, 1893. jan. 27.). <br \/><strong>\u2013 Irod.:<\/strong> Chalupka Rezs\u0151: Hallerk\u0151i id. Gr. Haller J\u00e1nos (Sz\u00e9kelyudvarhely, 1911).<\/br><\/p>\n","protected":false},"excerpt":{"rendered":"<p>Homor\u00f3d-H\u00e9v\u00edz, ma Olth\u00e9v\u00edz, 1856. aug. 18., \u2020\u00a0?: sz\u00e9ki Teleki Domokos gr. unok\u00e1ja. Gyermekeik: J\u00f3zsef (Sz\u00e9kelykereszt\u00far, 1876, okt. 4.), Jen\u0151 (H\u00e9v\u00edz, 1878. j\u00fan. 9.), P\u00e1l (H\u00e9v\u00edz, 1881. aug. 2.), J\u00e1nos (H\u00e9v\u00edz, 1883. dec. 15.), Anna (H\u00e9v\u00edz, 1886. szept. 6.), Zs\u00f3fia (H\u00e9v\u00edz, 1893. jan. 27.). \u2013 Irod.: Chalupka Rezs\u0151: Hallerk\u0151i id. Gr. Haller J\u00e1nos (Sz\u00e9kelyudvarhely, 1911).<\/p>\n","protected":false},"featured_media":0,"comment_status":"open","ping_status":"closed","template":"","meta":[],"product_brand":[],"product_cat":[137],"product_tag":[],"class_list":{"0":"post-24337","1":"product","2":"type-product","3":"status-publish","5":"product_cat-maros-megyei-eletrajzi-lexikon","7":"first","8":"instock","9":"shipping-taxable","10":"product-type-simple"},"_links":{"self":[{"href":"https:\/\/uj.adatbank.ro\/lexikon\/wp-json\/wp\/v2\/product\/24337","targetHints":{"allow":["GET"]}}],"collection":[{"href":"https:\/\/uj.adatbank.ro\/lexikon\/wp-json\/wp\/v2\/product"}],"about":[{"href":"https:\/\/uj.adatbank.ro\/lexikon\/wp-json\/wp\/v2\/types\/product"}],"replies":[{"embeddable":true,"href":"https:\/\/uj.adatbank.ro\/lexikon\/wp-json\/wp\/v2\/comments?post=24337"}],"wp:attachment":[{"href":"https:\/\/uj.adatbank.ro\/lexikon\/wp-json\/wp\/v2\/media?parent=24337"}],"wp:term":[{"taxonomy":"product_brand","embeddable":true,"href":"https:\/\/uj.adatbank.ro\/lexikon\/wp-json\/wp\/v2\/product_brand?post=24337"},{"taxonomy":"product_cat","embeddable":true,"href":"https:\/\/uj.adatbank.ro\/lexikon\/wp-json\/wp\/v2\/product_cat?post=24337"},{"taxonomy":"product_tag","embeddable":true,"href":"https:\/\/uj.adatbank.ro\/lexikon\/wp-json\/wp\/v2\/product_tag?post=24337"}],"curies":[{"name":"wp","href":"https:\/\/api.w.org\/{rel}","templated":true}]}}